NOAA-Style Climate Reports


Report for 2019 January
                  MONTHLY CLIMATOLOGICAL SUMMARY FOR 1/2019
                                        HEAT  COOL        
     MEAN                               DEG   DEG       WIND SPEED       DOM MEAN  MEAN
DAY  TEMP  HIGH   TIME     LOW   TIME   DAYS  DAYS RAIN AVG  HI  TIME    DIR BAROM HUM
---------------------------------------------------------------------------------------
1    34.4  40.0   1:08pm  31.2  12:15am   31    0  0.00   0   0  12:00am   N 30.41   95
2    37.7  44.7   7:23pm  30.7   3:07am   27    0  0.01   0   6   6:23pm  SE 30.15   93
3    47.4  52.9  10:01pm  41.5  12:01am   18    0  1.13   1  18   9:48pm  SE 29.83   93
4    46.1  49.9  10:34am  41.6  10:16pm   18    0  0.09   1  14  12:47am  SE 29.80   92
5    43.5  49.8   9:32pm  38.5   8:18am   22    0  0.00   0  11   8:51pm  SE 29.45   91
6    41.3  46.7  12:35pm  33.4  10:08pm   23    0  0.13   1  25   2:08am  SE 29.51   88
7    35.6  40.9   1:38pm  30.9  11:55pm   28    0  0.00   0   6   3:21am  SE 29.95   94
8    37.2  43.7  12:39pm  30.6  12:28am   28    0  0.15   0  10   8:52am SSE 29.96   94
9    43.3  45.5  12:36pm  39.7  12:00am   22    0  0.39   1  13  12:22pm  SE 29.74   95
10   46.2  49.5   2:44pm  42.3  11:09pm   18    0  0.26   0   8   2:36am  SE 30.05   95
11   43.6  50.6  12:39pm  39.1   4:54am   21    0  0.00   0   7   8:09pm SSE 29.97   95
12   42.9  55.7   2:18pm  34.7   8:25am   22    0  0.00   0  12   1:18pm  SE 30.00   84
13   37.5  49.3   2:14pm  31.1   7:55am   27    0  0.00   0   4  12:10am  NW 30.14   89
14   34.6  45.6   2:08pm  28.8   7:58am   30    0  0.00   0   4   6:34pm WNW 30.02   92
15   40.5  49.1   2:43pm  30.9  12:43am   24    0  0.00   0  10   9:29am  SE 29.85   70
16   40.8  52.6   1:25pm  31.3   6:23am   24    0  0.00   0  10   1:47pm SSE 29.71   77
17   45.9  49.6   2:16pm  41.8   7:57am   19    0  0.13   1  13   9:32pm  SE 29.58   85
18   47.6  47.8  12:00am  47.2   2:03am    2    0  0.00   2  13  12:48am  SE 29.95   85
---------------------------------------------------------------------------------------
TOT  41.1  55.7  1/12/19  28.8  1/14/19  404    0  2.29   0  25   1/6/19  SE 29.89   90

HEAT BASE: 65.0
COOL BASE: 65.0