NOAA-Style Climate Reports


Report for 2019 May
                  MONTHLY CLIMATOLOGICAL SUMMARY FOR 5/2019
                                        HEAT  COOL        
     MEAN                               DEG   DEG       WIND SPEED       DOM MEAN  MEAN
DAY  TEMP  HIGH   TIME     LOW   TIME   DAYS  DAYS RAIN AVG  HI  TIME    DIR BAROM HUM
---------------------------------------------------------------------------------------
1    50.9  67.6   2:26pm  36.4   6:25am   14    0  0.00   0   8  11:58am WNW 30.04   63
2    51.3  61.8   2:56pm  44.7   3:44am   13    0  0.00   0   8  11:43am  SE 30.13   68
3    51.2  62.9   2:55pm  43.7   2:38am   14    0  0.00   0   5  11:43am WNW 30.11   79
4    53.6  70.3   1:49pm  40.2   6:07am   12    0  0.00   0   7   4:09pm WNW 29.98   75
5    55.8  71.7   2:27pm  43.1   6:15am   10    1  0.00   0   6  11:46am WNW 29.89   75
6    58.7  77.1   2:42pm  43.9   6:19am    9    2  0.00   0   7   3:59pm WNW 29.96   73
7    58.9  75.7   2:34pm  44.7   5:55am    8    2  0.00   0   6   1:46pm WNW 30.06   71
8    59.8  77.9   2:34pm  46.2   6:03am    7    2  0.00   0   5   1:04pm WNW 30.14   72
9    63.3  85.4   1:20pm  46.8   6:09am    6    5  0.00   0   6   2:05pm WNW 30.01   64
10   65.3  86.6   2:32pm  47.9   6:01am    6    6  0.00   0   6   1:17pm WNW 29.88   61
11   66.8  89.1   2:29pm  50.7   5:39am    5    6  0.00   0   7   2:23pm WNW 29.85   62
12   56.4  66.7   1:52pm  50.1   3:39am    9    0  0.00   0   6  12:20pm  SE 29.93   78
13   53.8  63.7   3:59pm  45.2   6:29am   11    0  0.00   0   6   1:12pm  SE 29.95   77
14   53.9  59.0   3:44pm  48.4   1:08am   11    0  0.04   0   9   1:10pm  SE 29.94   86
15   58.2  75.2   1:50pm  49.3   6:11am    8    1  0.05   0   6  12:56am WNW 29.77   82
16   56.3  61.9   1:30pm  51.9   2:14am    9    0  1.02   0   4   8:02am  SE 29.57   92
17   54.2  62.7   1:51pm  50.1   8:29am   11    0  0.82   0  10   1:30pm  SE 29.84   83
18   59.5  76.0   2:20pm  49.6   6:19am    7    2  0.00   0   8  11:50am  SE 29.77   68
19   58.9  72.7   2:02pm  50.2   2:31am    7    1  0.00   0   5   1:54pm WNW 29.71   76
20   53.0  55.8   1:44pm  48.4  11:55pm   12    0  0.23   0   7  11:44am  SE 29.76   92
21   48.3  48.5  12:00am  48.1  12:40am    3    0  0.04   0   0  12:00am   N 29.70   93
---------------------------------------------------------------------------------------
TOT  56.9  89.1  5/11/19  36.4   5/1/19  190   28  2.20   0   9  5/14/19 WNW 29.91   75

HEAT BASE: 65.0
COOL BASE: 65.0