NOAA-Style Climate Reports
Select a Year or Month report
2024: Jan Feb Mar Apr May Jun Jul Aug Sep Oct Nov Dec
2023: Jan Feb Mar Apr May Jun Jul Aug Sep Oct Nov Dec
2022: Jan Feb Mar Apr May Jun Jul Aug Sep Oct Nov Dec
2021: Jan Feb Mar Apr May Jun Jul Aug Sep Oct Nov Dec
2020: Jan Feb Mar Apr May Jun Jul Aug Sep Oct Nov Dec
2019: Jan Feb Mar Apr May Jun Jul Aug Sep Oct Nov Dec
2018: Jan Feb Mar Apr May Jun Jul Aug Sep Oct Nov Dec
2017: Jan Feb Mar Apr May Jun Jul Aug Sep Oct Nov Dec
2016: Jan Feb Mar Apr May Jun Jul Aug Sep Oct Nov Dec
2015: Jan Feb Mar Apr May Jun Jul Aug Sep Oct Nov Dec
2014: Jan Feb Mar Apr May Jun Jul Aug Sep Oct Nov Dec
2013: Jan Feb Mar Apr May Jun Jul Aug Sep Oct Nov Dec
2024: Jan Feb Mar Apr May Jun Jul Aug Sep Oct Nov Dec
2023: Jan Feb Mar Apr May Jun Jul Aug Sep Oct Nov Dec
2022: Jan Feb Mar Apr May Jun Jul Aug Sep Oct Nov Dec
2021: Jan Feb Mar Apr May Jun Jul Aug Sep Oct Nov Dec
2020: Jan Feb Mar Apr May Jun Jul Aug Sep Oct Nov Dec
2019: Jan Feb Mar Apr May Jun Jul Aug Sep Oct Nov Dec
2018: Jan Feb Mar Apr May Jun Jul Aug Sep Oct Nov Dec
2017: Jan Feb Mar Apr May Jun Jul Aug Sep Oct Nov Dec
2016: Jan Feb Mar Apr May Jun Jul Aug Sep Oct Nov Dec
2015: Jan Feb Mar Apr May Jun Jul Aug Sep Oct Nov Dec
2014: Jan Feb Mar Apr May Jun Jul Aug Sep Oct Nov Dec
2013: Jan Feb Mar Apr May Jun Jul Aug Sep Oct Nov Dec
Report for 2024 Mar
MONTHLY CLIMATOLOGICAL SUMMARY FOR 3/2024 HEAT COOL MEAN DEG DEG WIND SPEED DOM MEAN MEAN DAY TEMP HIGH TIME LOW TIME DAYS DAYS RAIN AVG HI TIME DIR BAROM HUM --------------------------------------------------------------------------------------- 1 36.6 40.5 10:55am 33.7 10:04pm 28 0 0.12 1 13 5:08am SE 29.48 95 2 36.8 42.5 12:31pm 33.0 11:56pm 28 0 0.16 1 15 9:53am SE 29.46 91 3 36.3 40.6 4:37pm 32.7 12:13am 29 0 0.07 2 13 2:46pm SE 29.69 92 4 36.4 43.6 12:47pm 33.9 4:07am 28 0 0.10 1 11 2:49am SE 29.91 91 5 33.7 41.2 1:45pm 27.9 11:53pm 31 0 0.00 0 7 1:18pm NW 30.04 87 6 33.3 41.3 1:08pm 27.2 3:06am 63 0 0.00 0 6 8:24am NW 30.13 85 7 36.3 44.6 2:31pm 30.2 7:05am 29 0 0.00 0 7 12:44pm ESE 30.24 80 8 45.1 54.9 2:41pm 35.1 12:00am 20 0 0.00 1 11 1:07pm SE 30.13 68 9 45.6 51.1 2:26pm 41.5 3:02am 19 0 0.03 2 17 10:36pm SE 29.79 72 10 44.1 46.3 10:23am 42.5 7:16pm 20 0 0.36 2 13 9:19pm SE 29.70 88 11 43.8 48.7 2:44pm 40.7 7:09am 21 0 0.30 2 14 8:07pm SE 29.76 90 12 42.5 47.7 1:31pm 38.3 11:49pm 22 0 0.37 2 16 2:32am SE 29.92 91 13 40.6 46.9 2:33pm 35.0 11:59pm 24 0 0.00 0 6 10:30am SE 30.42 89 14 41.1 52.4 4:09pm 30.1 7:16am 24 0 0.00 0 4 11:42am NW 30.49 83 15 45.3 57.3 3:33pm 33.5 7:52am 20 0 0.00 1 5 2:37pm NW 30.24 83 16 51.9 72.3 4:18pm 36.0 7:46am 14 1 0.00 0 7 1:51pm NW 30.07 75 17 53.6 67.5 2:59pm 40.2 7:55am 12 0 0.00 0 4 12:20pm SSE 30.20 72 18 50.3 62.3 2:27pm 38.8 7:25am 14 0 0.00 0 4 10:51am NNW 30.17 80 19 42.7 45.3 12:00am 40.5 3:58am 4 0 0.00 0 1 12:02am ENE 30.08 92 --------------------------------------------------------------------------------------- TOT 41.8 72.3 3/16/24 27.2 3/6/24 450 1 1.51 1 17 3/9/24 SE 29.99 84 HEAT BASE: 65.0 COOL BASE: 65.0