NOAA-Style Climate Reports


Report for 2024 Apr
                  MONTHLY CLIMATOLOGICAL SUMMARY FOR 4/2024
                                        HEAT  COOL        
     MEAN                               DEG   DEG       WIND SPEED       DOM MEAN  MEAN
DAY  TEMP  HIGH   TIME     LOW   TIME   DAYS  DAYS RAIN AVG  HI  TIME    DIR BAROM HUM
---------------------------------------------------------------------------------------
1    48.8  60.4   2:50pm  38.3   6:26am   16    0  0.01   0  10   1:00pm ESE 30.17   80
2    53.6  67.5   3:57pm  42.6  11:54pm   11    0  0.00   1  18   1:08pm ESE 30.18   74
3    42.7  48.6   3:39pm  38.2  11:57pm   22    0  0.01   1   8  11:04am  SE 30.14   88
4    38.9  42.6   4:25pm  34.0   3:10am   26    0  0.00   0   7   9:08pm  SE 29.86   94
5    41.0  43.9   3:04pm  38.7   5:47am   24    0  0.00   1   8   1:51pm  SE 29.84   96
6    44.6  49.4   1:49pm  41.5  12:00am   20    0  0.00   1  13   5:29am  SE 30.10   86
7    46.2  53.3   2:45pm  41.0  11:58pm   19    0  0.21   1  12  11:09am  SE 30.23   87
8    44.8  50.4   7:02pm  39.0   2:55am   20    0  0.10   2  17   9:28pm ESE 30.18   88
9    47.5  50.1   5:02pm  42.0  11:57pm   17    0  0.28   1  15   1:17am ESE 30.26   89
10   46.6  58.6   1:53pm  35.0   4:57am   18    0  0.00   0   7   1:52pm WNW 30.31   76
11   47.7  57.9  12:46pm  39.1   2:58am   17    0  0.00   0   9  12:41pm ESE 29.98   79
12   49.2  55.8   2:11pm  43.6  11:57pm   16    0  0.00   1   7   2:52pm WNW 29.87   84
13   49.1  58.9   4:50pm  39.5   3:00am   16    0  0.00   0   5  11:41am WNW 29.93   84
14   51.1  64.3  12:53pm  37.8   6:42am   14    0  0.00   1   7   2:27pm WNW 30.01   74
15   45.6  48.5  12:00am  41.7  11:59pm   19    0  0.19   0  11   4:26am ESE 30.25   85
16   41.1  47.9   2:41pm  35.0  11:43pm   24    0  0.15   1   8   1:30pm ESE 30.36   89
17   44.2  55.1   1:03pm  33.0   4:00am   21    0  0.00   1   8  12:55pm WNW 30.44   74
18   47.3  60.5   2:11pm  32.1   6:31am   18    0  0.00   1   8   4:18pm  NW 30.29   64
19   50.9  66.4   1:16pm  34.0   6:15am   14    0  0.00   1  13  11:46am ESE 30.17   52
20   52.9  73.0   1:16pm  38.3   6:01am   13    1  0.01   2  15   2:52pm ESE 30.05   55
21   49.2  58.0  12:56pm  43.7   7:09am   16    0  0.00   1  12   1:31am ESE 30.34   70
22   48.3  58.8   2:30pm  34.9   6:48am   17    0  0.00   1   6  10:43am  NW 30.17   73
23   40.9  44.7  12:00am  38.0   6:32am    7    0  0.00   0   0  12:00am   N 30.01   90
---------------------------------------------------------------------------------------
TOT  46.8  73.0  4/20/24  32.1  4/18/24  405    2  0.96   1  18   4/2/24 ESE 30.14   79

HEAT BASE: 65.0
COOL BASE: 65.0