NOAA-Style Climate Reports


Report for 2018 May
                  MONTHLY CLIMATOLOGICAL SUMMARY FOR 5/2018
                                        HEAT  COOL        
     MEAN                               DEG   DEG       WIND SPEED       DOM MEAN  MEAN
DAY  TEMP  HIGH   TIME     LOW   TIME   DAYS  DAYS RAIN AVG  HI  TIME    DIR BAROM HUM
---------------------------------------------------------------------------------------
1    51.6  57.8   3:50pm  45.3  11:57pm   13    0  0.00   0   5  12:29pm SSE 30.09   85
2    53.7  69.4   2:57pm  40.6   6:02am   12    0  0.00   0   6  10:19am  NW 30.10   76
3    59.1  77.6   2:11pm  44.6   5:58am    8    2  0.00   0   7   3:44pm  SE 30.10   71
4    55.1  65.2   2:15pm  49.2  11:58pm   10    0  0.00   0   7  12:36pm WNW 30.24   76
5    56.2  68.6   2:57pm  43.4   6:07am    9    0  0.00   0   6   1:51pm  NW 30.11   80
6    60.4  71.5   5:33pm  49.9   5:54am    6    1  0.00   0   6  11:47am  SE 29.99   80
7    58.6  68.8   3:02pm  53.1   6:12am    7    0  0.00   0   7   3:11pm  SE 30.17   82
8    60.6  80.0   2:44pm  46.9   5:51am    7    3  0.22   0   6   6:11pm  NW 29.99   81
9    57.3  66.8   2:49pm  51.6  11:32pm    8    0  0.03   0  10   2:20pm WNW 30.02   82
10   52.0  56.3   5:12pm  48.9   4:48am   13    0  0.13   0   6   4:59pm  NW 30.10   87
11   53.2  61.6   5:15pm  48.8   5:52am   11    0  0.00   0   7   1:39pm  SE 30.22   85
12   57.5  72.4   2:43pm  44.1   5:48am    9    1  0.00   0   6  10:08am  NW 30.08   79
13   63.5  82.1   2:47pm  48.1   5:38am    6    4  0.00   0   5   1:17pm  NW 29.92   74
14   68.0  87.2   2:19pm  52.9   5:54am    4    7  0.00   0   5  11:52am  NW 29.89   69
15   61.5  72.4   2:18pm  53.2   5:28am    5    1  0.00   0   7   3:27pm  NW 29.90   81
16   59.3  66.2   1:46pm  54.3   6:22am    6    0  0.00   0   5   1:19am  SE 30.01   80
17   57.3  61.5   4:03pm  53.8   5:45am    8    0  0.00   0   4  10:04am  SE 30.05   82
18   56.7  61.5   4:21pm  53.3   6:41am    8    0  0.00   0   2  11:12am SSE 30.03   89
19   55.1  56.7  11:36am  54.2   5:00am    5    0  0.01   0   1   7:04am SSE 30.00   89
20   56.2  62.4   1:37pm  51.5  11:59pm    9    0  0.01   0   4   1:37pm  SE 30.02   86
21   58.1  70.6   1:07pm  48.4   2:21am    7    1  0.00   0   6  12:30pm  NW 30.03   76
22   61.7  77.6   1:09pm  46.9   4:37am    6    3  0.00   0   5  12:00pm  NW 29.89   75
23   52.3  55.1  12:00am  50.2   3:55am    2    0  0.00   0   0  12:00am   N 29.80   90
---------------------------------------------------------------------------------------
TOT  58.1  87.2  5/14/18  40.6   5/2/18  179   26  0.40   0  10   5/9/18  NW 30.04   80

HEAT BASE: 65.0
COOL BASE: 65.0