NOAA-Style Climate Reports


Report for 2019 March
                  MONTHLY CLIMATOLOGICAL SUMMARY FOR 3/2019
                                        HEAT  COOL        
     MEAN                               DEG   DEG       WIND SPEED       DOM MEAN  MEAN
DAY  TEMP  HIGH   TIME     LOW   TIME   DAYS  DAYS RAIN AVG  HI  TIME    DIR BAROM HUM
---------------------------------------------------------------------------------------
1    36.9  49.3   1:14pm  28.1   6:56am   28    0  0.00   0   5   1:35pm WNW 30.14   77
2    35.8  50.4   1:09pm  27.3   6:57am   29    0  0.00   0   6  11:56am  NW 30.16   76
3    33.9  48.0  12:32pm  25.0   6:19am   30    0  0.00   0   8   1:23pm  SE 30.27   59
4    32.1  47.1   1:30pm  21.4   7:00am   32    0  0.00   0   6   1:00pm  SE 30.25   52
5    32.9  49.7   1:35pm  22.4   7:00am   32    0  0.00   0   6   3:05pm  NW 30.01   63
6    32.0  37.7  12:02pm  26.9   4:03am   33    0  0.09   0   5  12:13pm  NW 29.68   87
7    34.8  40.3  12:13pm  31.0   3:57am   29    0  0.38   0   7   2:56pm  SE 29.93   94
8    34.4  40.2   1:03pm  31.3  10:27pm   31    0  0.18   0   5  12:51pm WNW 29.98   94
9    34.2  46.5   1:54pm  26.3   7:12am   29    0  0.02   0   6  12:04pm WNW 30.05   86
10   36.8  52.8   2:34pm  25.8   7:30am   27    0  0.00   0   5  12:09pm WNW 30.21   77
11   38.4  48.7   4:27pm  29.2   7:01am   27    0  0.58   0   9  10:23am  SE 30.07   75
12   36.9  41.7   2:31pm  32.6   6:12am   28    0  0.93   0   5   3:07pm SSE 29.88   95
13   39.3  50.0   2:48pm  34.3  10:27pm   26    0  0.19   0   5  10:20am SSE 30.27   92
14   43.1  56.8   2:18pm  32.8   7:36am   22    0  0.00   0   9   2:13pm  SE 30.38   80
15   46.6  61.6   2:50pm  37.6   4:32am   18    0  0.00   0   5  12:31pm WNW 30.33   78
16   46.8  62.1   3:08pm  35.5   7:01am   17    0  0.00   0   4  11:28am WNW 30.26   79
17   47.3  64.1   2:00pm  34.3   7:03am   18    0  0.00   0   5   1:08pm  NW 30.28   79
18   51.1  75.3   2:07pm  34.0   7:33am   15    1  0.00   0   7   5:50pm WNW 30.17   67
19   56.7  80.5   2:28pm  38.2   7:31am   12    4  0.00   1  13   4:57pm  SE 30.02   48
20   58.3  78.8   2:00pm  41.1   7:37am   10    3  0.00   0   9   6:50pm  SE 29.88   45
21   51.0  65.1   2:37pm  40.2   7:19am   13    0  0.00   0   8  11:41am WNW 30.02   70
22   53.6  70.5   2:14pm  47.1   6:47am   11    0  0.00   1  12   1:58pm  SE 29.94   73
23   49.6  60.9  12:35pm  41.8   6:05am   15    0  0.01   0   6  10:03am SSE 30.15   79
24   47.3  53.6   4:10pm  41.6  11:58pm   18    0  0.01   0   6   3:27pm  SE 30.18   86
25   43.7  60.2   2:59pm  35.7   6:09am   13    0  0.00   0   4   9:42am  SE 29.99   85
---------------------------------------------------------------------------------------
TOT  42.1  80.5  3/19/19  21.4   3/4/19  563    8  2.39   0  13  3/19/19  SE 30.10   76

HEAT BASE: 65.0
COOL BASE: 65.0