NOAA-Style Climate Reports


Report for 2018 July
                  MONTHLY CLIMATOLOGICAL SUMMARY FOR 7/2018
                                        HEAT  COOL        
     MEAN                               DEG   DEG       WIND SPEED       DOM MEAN  MEAN
DAY  TEMP  HIGH   TIME     LOW   TIME   DAYS  DAYS RAIN AVG  HI  TIME    DIR BAROM HUM
---------------------------------------------------------------------------------------
1    57.6  64.6   3:32pm  54.3  11:58pm    7    0  0.02   0   4   8:08am WNW 30.19   88
2    55.8  66.1   2:46pm  48.9  11:55pm    9    0  0.35   0   4   2:43pm WNW 30.19   83
3    59.3  74.4   3:16pm  46.7   5:53am    7    2  0.00   0   5   1:06pm WNW 30.11   75
4    64.2  79.5   1:36pm  48.8   5:54am    5    4  0.00   0   4   1:37pm WNW 29.94   78
5    69.3  85.8   2:58pm  56.9   5:38am    2    6  0.00   0   6   3:17pm WNW 30.02   72
6    66.6  79.2   2:10pm  57.0  11:57pm    2    4  0.26   0   8   7:33pm WNW 30.10   77
7    62.2  72.0   3:10pm  56.4   2:02am    4    1  0.00   0   6  10:05am  SE 30.17   82
8    63.7  78.0   4:03pm  50.6   5:44am    5    3  0.00   0   6  11:20am WNW 30.06   75
9    61.7  73.8   1:00pm  53.6   5:49am    4    1  0.00   0   6   2:34pm WNW 30.11   86
10   61.6  71.2   1:57pm  56.1   5:42am    4    1  0.07   0   5  11:25am WNW 30.23   82
11   64.5  78.8   2:50pm  51.6   5:52am    4    4  0.00   0   6   3:05pm WNW 30.16   77
12   68.7  86.2   2:40pm  53.5   5:41am    3    7  0.00   0   6  12:58pm WNW 30.05   71
13   68.9  85.2   2:19pm  55.0   6:13am    2    6  0.00   0   5  12:46pm WNW 30.03   71
14   69.0  83.5   3:03pm  55.8   6:03am    2    6  0.00   0   6   2:23pm WNW 30.08   68
15   71.3  89.0   2:34pm  55.9   5:58am    2    9  0.00   0   5   3:27pm WNW 29.98   66
16   71.4  91.0   2:51pm  55.2   6:12am    2    9  0.00   0   5   1:15pm WNW 29.97   63
17   71.2  90.6   2:24pm  57.2   6:08am    2    8  0.00   0   5   9:41am WNW 29.99   65
18   65.4  76.6   3:53pm  58.0  11:57pm    2    2  0.00   0   5   9:59am  SE 30.13   75
19   57.0  58.0  12:59am  56.2   2:49am    3    0  0.00   0   1   7:27am  SE 30.14   86
---------------------------------------------------------------------------------------
TOT  65.0  91.0  7/16/18  46.7   7/3/18   73   73  0.70   0   8   7/6/18 WNW 30.08   75

HEAT BASE: 65.0
COOL BASE: 65.0