NOAA-Style Climate Reports


Report for 2018 December
                  MONTHLY CLIMATOLOGICAL SUMMARY FOR 12/2018
                                        HEAT  COOL        
     MEAN                               DEG   DEG       WIND SPEED       DOM MEAN  MEAN
DAY  TEMP  HIGH   TIME     LOW   TIME   DAYS  DAYS RAIN AVG  HI  TIME    DIR BAROM HUM
---------------------------------------------------------------------------------------
1    40.2  43.1   1:13pm  37.2   8:07am   25    0  0.07   0   0  12:00am   N 29.87   95
2    40.4  43.3  12:08pm  36.3  11:55pm   25    0  0.00   0   0  12:00am   N 30.14   95
3    33.5  38.6   1:46pm  29.5  11:52pm   31    0  0.01   0   0  12:00am   N 30.34   95
4    30.0  35.5   2:11pm  25.7   7:26am   35    0  0.00   0   0  12:00am   N 30.29   96
5    28.5  36.0  10:26am  23.4   7:54am   36    0  0.00   0   2  11:18pm  SE 30.18   94
6    28.1  36.3   1:48pm  22.3   7:56am   37    0  0.00   0   0  12:00am   N 30.15   92
7    31.4  41.2   1:28pm  23.8   4:28am   33    0  0.00   0   7   1:14pm  SE 30.15   84
8    39.0  43.2   2:47pm  32.8  12:00am   25    0  0.01   1  11   9:38pm  SE 30.30   79
9    41.8  45.8   6:24am  39.2   9:15pm   23    0  0.88   1  12   1:00am  SE 30.15   84
10   42.7  47.4   1:39pm  39.5  12:00am   22    0  0.01   0  10   1:13pm  SE 30.21   93
11   43.7  48.3   2:59pm  39.9  11:56pm   21    0  0.73   0   8   6:08am  SE 29.84   93
12   40.9  45.4   5:39pm  35.1   7:47am   24    0  0.12   0   9   5:23pm  SE 30.16   93
13   46.0  49.5   1:10pm  41.7  12:00am   19    0  0.06   0   9   6:39am  SE 30.02   91
14   49.8  56.0   3:27pm  42.4  11:56pm   15    0  0.00   1  21   6:59pm  SE 29.65   62
15   44.5  48.8   1:05pm  40.6   8:15am   20    0  0.09   0   8  12:25am  SE 29.96   75
16   45.9  49.6  12:13pm  41.7   1:33am   19    0  0.54   0  12   6:51am  SE 29.72   93
17   45.9  50.6  11:03am  43.3   8:52pm   19    0  0.31   0  15  10:07pm  SE 29.86   91
18   47.1  50.1   1:13pm  44.1   7:44pm   16    0  0.64   0  12   9:22am  SE 29.73   93
---------------------------------------------------------------------------------------
TOT  39.9  56.0 12/14/18  22.3  12/6/18  446    0  3.47   0  20 12/14/18  SE 30.04   89

HEAT BASE: 65.0
COOL BASE: 65.0