NOAA-Style Climate Reports


Report for 2018 November
                  MONTHLY CLIMATOLOGICAL SUMMARY FOR 11/2018
                                        HEAT  COOL        
     MEAN                               DEG   DEG       WIND SPEED       DOM MEAN  MEAN
DAY  TEMP  HIGH   TIME     LOW   TIME   DAYS  DAYS RAIN AVG  HI  TIME    DIR BAROM HUM
---------------------------------------------------------------------------------------
1    57.0  58.7   9:16pm  55.0  12:00am    8    0  0.64   1  18  11:15pm  SE 30.08   90
2    54.4  58.3  12:06pm  50.8  11:51pm   11    0  1.04   0  18  12:08am  SE 30.09   92
3    51.2  52.8  12:48pm  50.1  12:48am   14    0  0.41   0  12   7:46pm  SE 30.19   93
4    51.3  54.0   2:37pm  48.6   7:26pm   14    0  1.20   0  12  12:03am  SE 29.94   93
5    49.2  51.8   2:02pm  45.5   9:35pm   15    0  0.22   0   2   8:30am  SE 30.04   94
6    44.2  48.5  12:35pm  39.2   6:31pm   16    0  0.00   0   1  11:40am   N 30.37   93
7    42.4  48.5  12:35pm  34.5  11:50pm   22    0  0.00   0   1  11:40am   N 30.40   93
8    36.3  46.0  12:56pm  30.2   7:46am   27    0  0.00   0   2  12:22pm WNW 30.54   93
9    36.8  40.3   2:28pm  31.1   1:47am   28    0  0.12   0   6  11:39am  SE 30.33   95
10   39.8  45.5  11:23am  34.7   8:21pm   22    0  0.00   0   5   1:04pm WNW 30.40   94
11   37.0  44.6   1:07pm  32.0  11:55pm   26    0  0.00   0   2  12:10pm WNW 30.46   93
12   39.2  52.9   2:21pm  31.0   4:21am   23    0  0.00   0   7   4:21pm  SE 30.41   85
13   44.6  55.1   2:24pm  35.3   7:57am   20    0  0.00   0   7   4:33pm  SE 30.34   75
14   48.6  51.3   3:26pm  45.7  12:45am   16    0  0.06   0   7   9:18am  SE 30.30   88
15   50.6  53.8   1:10pm  48.5   6:42am   14    0  0.08   0   8   7:47pm  SE 30.29   91
16   49.0  52.4  11:38am  42.5  11:59pm   15    0  0.12   0   1   1:50am  SE 30.22   94
17   41.0  47.0   1:20pm  32.3  11:55pm   23    0  0.00   0   2   1:50pm WNW 30.28   93
18   36.5  47.1   1:41pm  29.8   7:02am   28    0  0.00   0   0  12:00am   N 30.19   91
19   38.1  53.6   2:21pm  30.2   6:57am   27    0  0.00   0   5  11:49am  SE 30.11   89
20   40.6  51.3  11:01am  31.4   7:15am   24    0  0.00   0   4  10:57am  SE 29.94   89
21   47.4  52.4  11:58am  40.4   1:16am   16    0  0.05   0   9  11:46am  SE 29.77   75
22   45.3  49.0  12:57pm  43.1   9:38pm   20    0  0.89   0  10   8:53pm  SE 29.61   94
23   42.3  45.7   2:00pm  37.8   9:03pm   23    0  0.67   0   8  12:00am  SE 29.72   95
24   41.7  46.3  10:23am  35.9  11:55pm   23    0  0.03   0   4  11:38am  SE 30.13   94
25   40.8  47.5   1:06pm  32.9   5:52am   24    0  0.00   0   5   5:44pm  SE 30.14   93
26   47.3  50.3   2:17pm  44.4  12:00am   18    0  1.19   1  11   8:02am  SE 29.87   92
27   50.4  55.2  11:44am  46.8  11:51pm   15    0  0.76   1  11   6:49am  SE 29.68   94
28   46.8  48.5  10:24am  45.4  11:45pm   18    0  0.16   0   7  12:04am  SE 29.73   94
29   44.6  46.6   2:58pm  43.1   6:46am   20    0  0.00   0   2   9:18am  SE 29.66   94
30   43.2  46.2   1:35pm  40.8  11:49pm   22    0  0.21   0   7  10:47am  SE 29.74   94
---------------------------------------------------------------------------------------
TOT  44.7  58.7  11/1/18  29.8 11/18/18  593    0  7.86   0  18  11/1/18  SE 30.09   91

HEAT BASE: 65.0
COOL BASE: 65.0