NOAA-Style Climate Reports


Report for 2018 August
                  MONTHLY CLIMATOLOGICAL SUMMARY FOR 8/2018
                                        HEAT  COOL        
     MEAN                               DEG   DEG       WIND SPEED       DOM MEAN  MEAN
DAY  TEMP  HIGH   TIME     LOW   TIME   DAYS  DAYS RAIN AVG  HI  TIME    DIR BAROM HUM
---------------------------------------------------------------------------------------
1    64.2  75.7   3:04pm  58.7  11:59pm    2    2  0.00   0   4   2:09pm   W 30.00   80
2    60.3  63.8   6:42pm  56.7   6:09am    5    0  0.02   0   4   3:12pm  SE 30.03   88
3    61.6  69.0   5:05pm  56.8   7:20am    4    1  0.08   0   4   4:06pm WNW 30.08   86
4    63.7  79.6   2:44pm  51.9   5:50am    5    3  0.00   0   6  11:30am WNW 30.01   77
5    67.6  86.1   2:10pm  53.4   6:11am    3    6  0.00   0   5  11:15am WNW 29.99   73
6    69.0  87.7   2:26pm  55.0   6:21am    3    7  0.00   0   5  11:22am WNW 30.06   70
7    70.4  89.7   2:49pm  55.4   6:14am    3    8  0.00   0   5  11:25am WNW 29.98   66
8    73.2  93.6   2:52pm  56.6   6:04am    2   10  0.00   0   5   9:26am  SE 29.88   67
9    73.3  92.7   1:37pm  60.5   6:17am    1    9  0.00   0   5  12:27pm WNW 29.93   67
10   71.7  86.7   2:21pm  59.5   6:17am    1    8  0.00   0   7   1:50pm ESE 29.91   69
11   65.1  70.3   5:08pm  62.3   2:03am    1    1  0.02   0   7   5:21am  SE 30.02   79
12   64.1  73.1   1:30pm  57.5  11:55pm    2    1  0.00   0   5  12:23pm WNW 30.13   79
13   63.2  76.5   2:54pm  51.9   6:17am    5    3  0.00   0   5  12:23pm WNW 30.04   82
14   67.6  84.8   2:26pm  54.7   6:25am    3    6  0.00   0   4  10:33am WNW 29.90   77
15   69.0  86.9   2:44pm  56.4   6:25am    3    7  0.00   0   4  11:54am WNW 29.88   76
16   62.3  71.0   3:02pm  55.3   6:31am    4    1  0.00   0   4  11:38am WNW 30.03   86
17   62.6  75.9   3:10pm  55.4   3:18am    4    2  0.00   0   6  11:45am  SE 30.19   79
18   63.5  79.2   1:55pm  50.9   6:18am    5    3  0.00   0   5   1:55pm WNW 30.16   76
19   64.9  78.5   2:44pm  54.3   6:24am    4    3  0.00   0   5   1:17pm WNW 30.04   80
20   65.2  78.5   2:03pm  54.4   6:19am    3    4  0.00   0   5   3:04pm WNW 30.01   81
21   70.0  88.4   2:35pm  57.4   6:31am    2    7  0.00   0   5   4:39pm WNW 30.01   69
22   69.5  87.7   2:07pm  56.2   6:48am    3    7  0.00   0   4  11:06am WNW 29.91   68
23   60.8  68.5   4:16pm  54.4   5:59am    5    1  0.00   0   6  12:00pm  SE 29.99   82
24   60.2  70.4   2:05pm  54.6   5:54am    5    0  0.00   0   6  10:13am  SE 30.05   78
25   55.8  60.9   2:07pm  50.1   5:23am    9    0  0.01   0   5   1:09pm ESE 30.05   88
26   58.2  62.4   4:37pm  55.7   5:04am    7    0  0.02   0   8  11:49am WNW 29.99   89
27   61.8  75.6   2:54pm  54.1   5:18am    5    2  0.00   0   6   1:03pm WNW 30.06   79
28   63.9  84.6   2:35pm  50.3   6:53am    6    4  0.00   0   5   1:03pm WNW 30.02   70
29   62.8  80.5   1:10pm  52.2   6:04am    5    3  0.00   0   6  11:28am WNW 29.89   73
30   63.8  74.5   3:10pm  56.4   7:01am    3    2  0.00   0   5  10:31am  SE 30.00   76
31   60.3  70.3   3:10pm  54.8   6:59am    5    0  0.12   0   6   3:11pm  SE 30.10   82
---------------------------------------------------------------------------------------
TOT  64.8  93.6   8/8/18  50.1  8/25/18  117  111  0.27   0   7  8/10/18 WNW 30.01   77

HEAT BASE: 65.0
COOL BASE: 65.0