NOAA-Style Climate Reports


Report for 2018 June
                  MONTHLY CLIMATOLOGICAL SUMMARY FOR 6/2018
                                        HEAT  COOL        
     MEAN                               DEG   DEG       WIND SPEED       DOM MEAN  MEAN
DAY  TEMP  HIGH   TIME     LOW   TIME   DAYS  DAYS RAIN AVG  HI  TIME    DIR BAROM HUM
---------------------------------------------------------------------------------------
1    54.3  62.5   5:15pm  46.7   5:35am   11    0  0.00   0   9  11:29am  SE 30.18   74
2    61.1  79.8   2:01pm  47.5   1:27am    7    3  0.00   0   5  10:37am  SE 30.19   68
3    53.9  62.9  12:22pm  50.0   5:04am   11    0  0.02   0   4   1:30pm  NW 30.04   86
4    53.6  65.9   3:18pm  47.8   4:30am   11    0  0.03   0   7   2:51pm SSE 30.07   82
5    56.1  69.1   1:27pm  44.7   4:48am    9    0  0.00   0  11  10:00am  SE 29.99   71
6    59.7  76.7   3:26pm  46.6   5:58am    7    2  0.00   0   6  10:04am  NW 29.92   71
7    57.6  65.9   2:26pm  49.7   4:51am    7    0  0.00   0   7   3:07pm  SE 29.98   78
8    56.3  61.1  10:47am  52.8  11:56pm    8    0  0.32   0   8  10:18am SSE 30.00   86
9    47.3  49.0  12:09am  46.5   5:20am    5    0  0.00   0   2   2:40am SSE 30.02   94
10   51.0  62.4   3:46pm  46.5   5:20am   14    0  0.20   0   9   2:15pm SSE 30.04   86
11   53.7  65.1   2:56pm  45.8   4:16am   11    0  0.00   0   5   1:07pm  NW 30.18   79
12   55.0  65.7  11:57am  41.8   5:05am   10    0  0.00   0   5  10:29am WNW 30.04   78
13   54.7  63.8  12:18pm  51.6   6:58am   10    0  0.62   0   9  12:04pm  SW 29.92   89
14   55.0  61.8   5:35pm  50.5   6:04am   10    0  0.30   0   4  10:33am   S 30.05   88
15   57.0  69.5   3:56pm  45.6   5:30am    8    0  0.00   0   5  12:18pm  NE 29.96   80
16   60.7  74.3   4:02pm  48.2   5:42am    6    2  0.00   0   6   1:03pm  NW 29.95   78
17   66.9  82.6   3:50pm  52.9   6:05am    4    6  0.00   0   5  10:14am  NW 29.90   72
18   70.3  87.6   3:09pm  54.8   5:38am    2    8  0.00   0   6  11:09am NNW 29.92   67
19   69.5  84.3   3:31pm  56.5   5:47am    2    6  0.00   0   6   4:49pm  NW 30.01   70
20   72.4  89.4   1:59pm  59.6   5:30am    1    8  0.00   0   4  12:00pm  NW 29.92   70
21   62.6  68.1   4:57pm  57.0  11:56pm    3    0  0.00   0   6  10:58am WNW 30.08   80
22   59.9  65.0   5:38pm  55.9  11:45pm    5    0  0.00   0   6  12:19pm  NW 30.14   82
23   59.3  68.6   3:11pm  53.9   5:49am    6    0  0.03   0   6   3:03pm SSE 30.15   86
24   61.9  78.2   2:26pm  50.3   5:57am    6    3  0.01   0   5   1:52pm WNW 29.96   78
25   56.7  63.7   2:52pm  53.1   9:50am    8    0  0.58   0   8  12:54am  SE 30.04   90
26   59.2  70.7   2:56pm  53.2   5:55am    6    1  0.04   0   6   4:00pm WNW 30.17   77
27   57.1  65.1   5:28pm  45.7   5:33am    8    0  0.00   0   4   8:08am WNW 30.05   80
28   57.1  62.1  12:35pm  52.2   2:50am    7    0  0.00   0   4  12:49pm  SE 30.08   81
29   59.8  64.7   6:27pm  54.7   4:41am    5    0  0.00   0   4  10:11am  SE 30.11   85
30   58.5  61.8   1:14pm  56.3   4:50am    6    0  0.03   0   6  11:30am  SE 30.17   91
---------------------------------------------------------------------------------------
TOT  58.8  89.4  6/20/18  41.8  6/12/18  218   40  2.50   0  10   6/5/18  NW 30.03   80

HEAT BASE: 65.0
COOL BASE: 65.0