NOAA-Style Climate Reports


Report for 2018 April
                  MONTHLY CLIMATOLOGICAL SUMMARY FOR 4/2018
                                        HEAT  COOL        
     MEAN                               DEG   DEG       WIND SPEED       DOM MEAN  MEAN
DAY  TEMP  HIGH   TIME     LOW   TIME   DAYS  DAYS RAIN AVG  HI  TIME    DIR BAROM HUM
---------------------------------------------------------------------------------------
1    40.0  44.6   2:56am  33.4  11:14pm   24    0  0.67   0  10   7:15am  SE 29.93   91
2    40.0  47.6   5:06pm  33.3   1:00am   25    0  0.02   0   8   8:12pm  SE 30.02   86
3    42.0  48.2   3:32pm  35.1   7:04am   23    0  0.00   0   6  10:41am  SE 30.07   77
4    42.4  45.7   4:30pm  39.1   5:58am   23    0  0.59   0   5   9:37am SSE 30.06   94
5    48.0  53.0   4:40pm  43.1   2:15am   17    0  0.36   0   7   9:06pm  SE 29.91   94
6    53.4  64.1   2:49pm  48.0  11:56pm   12    0  0.02   0   8   2:17am SSE 29.74   90
7    49.3  55.1  11:28am  45.2  11:55pm   16    0  1.40   1  11   5:34am  SE 29.44   95
8    46.5  49.7   5:36pm  44.4   2:23am   18    0  0.38   1  13   1:52pm  SE 29.91   94
9    51.3  62.2   2:40pm  42.7   5:44am   14    0  0.00   0   8  12:42am  SE 30.15   80
10   51.5  58.8   5:57am  45.0  11:58pm   13    0  0.25   1  11   5:49am  SE 29.85   80
11   47.4  53.8  11:41am  40.2  11:55pm   18    0  0.50   1  10  12:44pm  SE 29.75   83
12   41.7  46.6   5:43pm  38.0   3:56am   23    0  0.60   0   7   9:47am  SE 29.93   95
13   45.6  50.5   6:56pm  40.5   4:37am   19    0  0.28   2  16   4:33pm  SE 30.20   94
14   46.8  49.9   2:49pm  44.6  11:55pm   18    0  2.37   1  10  12:02am  SE 30.14   95
15   45.7  49.8   3:09pm  42.0   7:01am   19    0  0.24   0   5   4:23pm  NW 29.77   92
16   42.8  44.4   2:55pm  39.7   7:23am   22    0  0.94   1  14   4:30pm  SE 29.68   95
17   45.8  54.3   1:59pm  40.8   6:38am   19    0  0.15   1  11   1:15pm  SE 30.13   85
18   46.2  58.0   2:36pm  39.1   6:42am   19    0  0.27   0  14   6:39pm  NW 30.20   86
19   47.5  59.8   2:39pm  38.0   6:46am   17    0  0.01   0   5  12:11pm  NW 30.24   83
20   50.0  62.6  12:44pm  38.4   5:43am   15    0  0.00   0   8  12:45pm  SE 30.21   73
21   46.9  52.3  12:21pm  40.6  11:56pm   18    0  0.04   0  13   3:30am  SE 30.33   81
22   46.7  58.8   2:34pm  38.7   2:55am   17    0  0.00   0   6  10:52am  NW 30.37   80
23   51.2  69.8   2:21pm  35.1   6:38am   14    0  0.00   0   6  12:49pm  NW 30.30   70
24   57.1  79.4   1:11pm  39.2   6:23am   11    3  0.00   0   6   1:11pm  NW 30.14   61
25   57.6  73.6   1:45pm  42.2   6:38am    9    2  0.00   0   7   4:06pm  NW 30.07   65
26   61.3  82.6   2:16pm  43.7   6:08am    8    4  0.00   0   6   5:07pm  NW 29.96   64
27   52.4  56.7   4:17pm  46.9   5:41am   12    0  0.00   0  12   2:59pm  SE 29.91   84
28   48.8  51.6   3:44pm  46.7   8:06am   16    0  0.63   0   4   3:22am  SE 29.94   93
29   50.0  55.5   4:46pm  46.0   5:59am   15    0  0.07   0   6  11:57am SSE 30.00   91
30   50.2  55.4   3:14pm  46.6   6:21am   15    0  0.00   0   6   8:06am  SE 30.12   85
---------------------------------------------------------------------------------------
TOT  48.2  82.6  4/26/18  33.3   4/2/18  510    9  9.79   0  14  4/16/18  SE 30.02   85

HEAT BASE: 65.0
COOL BASE: 65.0