NOAA-Style Climate Reports

Select a Year or Month report
2018: Jan Feb Mar Apr May Jun Jul Aug Sep Oct Nov Dec
2017: Jan Feb Mar Apr May Jun Jul Aug Sep Oct Nov Dec
2016: Jan Feb Mar Apr May Jun Jul Aug Sep Oct Nov Dec
2015: Jan Feb Mar Apr May Jun Jul Aug Sep Oct Nov Dec
2014: Jan Feb Mar Apr May Jun Jul Aug Sep Oct Nov Dec
2013: Jan Feb Mar Apr May Jun Jul Aug Sep Oct Nov Dec

Report for 2018 February
                  MONTHLY CLIMATOLOGICAL SUMMARY FOR 2/2018
                                        HEAT  COOL        
     MEAN                               DEG   DEG       WIND SPEED       DOM MEAN  MEAN
DAY  TEMP  HIGH   TIME     LOW   TIME   DAYS  DAYS RAIN AVG  HI  TIME    DIR BAROM HUM
---------------------------------------------------------------------------------------
1    41.8  44.1  12:59pm  39.5  12:49am   23    0  0.86   0   7  10:48am SSE 30.17   95
2    47.6  49.7   1:48pm  42.8  12:00am   17    0  0.24   0   9   8:13am  SE 30.19   94
3    48.2  50.1   1:04pm  46.7  12:02am   17    0  1.09   1   9   2:05am  SE 30.26   95
4    49.4  52.1   2:06pm  47.1  11:56pm   15    0  0.21   1   9   8:27am  SE 30.11   94
5    45.7  48.9   2:33pm  44.4   8:36pm   19    0  0.34   0   7  12:37am ESE 30.16   95
6    44.6  46.0   2:08pm  43.5   7:33am   20    0  0.39   0   5  12:45pm  SE 30.32   95
7    47.6  50.9   1:26pm  44.7  12:00am   17    0  0.01   0   8  12:14pm  SE 30.34   95
8    47.4  50.9   3:48am  42.0  11:54pm   17    0  0.11   1  12   1:24am  SE 30.16   94
9    40.8  43.9  12:14pm  34.9  11:58pm   24    0  0.12   0   5  12:46pm SSE 30.27   96
10   34.0  40.1   1:48pm  29.4   7:47am   31    0  0.00   0   1  10:50am  NW 30.35   95
11   34.9  42.6  12:08pm  30.4   7:18am   30    0  0.00   0   7   2:07pm  NW 30.01   89
12   32.4  42.2  12:24pm  26.6   7:50am   32    0  0.00   0   5  11:24am  NW 30.29   84
13   34.7  44.4   2:53pm  26.0   6:07am   30    0  0.25   0   7  11:27am  SE 30.22   84
14   36.9  39.0  12:05pm  33.0   1:28am   28    0  0.34   0   8   5:23am  SE 30.08   95
15   38.6  43.0  12:38pm  34.9  12:37am   26    0  0.02   0   7   4:56pm  SE 30.39   94
16   40.5  44.0   5:19pm  37.0   6:07am   24    0  0.78   0   8   4:57am  SE 30.21   95
17   43.3  48.7   1:33pm  36.7  11:26pm   46    0  0.36   1  14   8:34am  SE 29.71   91
18   35.3  42.5  10:29am  29.4  11:54pm   30    0  0.00   1  10   1:12am  NW 29.74   80
19   29.7  35.9  12:02pm  25.8   9:39pm   34    0  0.00   1   7  12:32pm  NW 30.16   64
20   30.2  37.2  11:06am  25.0  11:58pm   33    0  0.00   0   6  10:06am  SE 30.21   76
21   27.9  34.8   1:43pm  20.3   5:35am   37    0  0.00   1   7   9:25am  SE 30.28   81
22   27.9  35.8   1:40pm  20.7   7:44am   37    0  0.01   0   6   2:25pm  SE 30.31   81
23   29.0  35.8  11:29pm  21.5   3:25am   36    0  0.00   1  12   4:24pm  SE 30.33   80
24   36.4  41.1   1:10pm  33.3   8:18am   18    0  0.08   1   9   1:29am  SE 30.01   92
---------------------------------------------------------------------------------------
TOT  38.6  52.1   2/4/18  20.3  2/21/18  641    0  5.21   0  14  2/17/18  SE 30.18   89

HEAT BASE: 65.0
COOL BASE: 65.0