NOAA-Style Climate Reports


Report for 2018 January
                  MONTHLY CLIMATOLOGICAL SUMMARY FOR 1/2018
                                        HEAT  COOL        
     MEAN                               DEG   DEG       WIND SPEED       DOM MEAN  MEAN
DAY  TEMP  HIGH   TIME     LOW   TIME   DAYS  DAYS RAIN AVG  HI  TIME    DIR BAROM HUM
---------------------------------------------------------------------------------------
1    30.5  35.6   2:19pm  26.7   7:08am   35    0  0.00   0   4  12:02pm  NW 30.39   96
2    33.1  38.9   2:36pm  28.5   2:25am   32    0  0.01   0   4   9:45pm WNW 30.33   95
3    33.5  41.9   1:58pm  28.9   7:59am   31    0  0.00   0   5  11:56am  NW 30.15   94
4    39.3  47.2   7:36pm  30.6  12:02am   25    0  0.08   0   8   7:18pm  SE 30.00   92
5    45.6  47.5   2:20pm  43.6  12:00am   19    0  0.35   1  13  12:13pm  SE 29.99   95
6    42.9  44.6  12:00am  40.9  11:50pm   22    0  0.86   0   7  11:12am  SE 30.21   95
7    41.3  42.3  11:53pm  39.9   8:45am   24    0  0.79   0   8   7:39am  SE 30.06   95
8    44.1  46.7   2:35pm  42.2  12:01am   21    0  0.20   0   6   9:52pm SSE 29.77   95
9    42.2  43.7  12:00am  36.8  11:00pm   23    0  1.48   0   6   4:53am  SE 29.66   95
10   39.9  42.6   2:26pm  36.9  12:00am   25    0  0.18   0   4  12:07am  SE 29.97   96
11   43.6  48.2  11:09pm  39.1  12:01am   21    0  1.20   1  11   1:48pm  SE 29.84   95
12   48.2  50.4  11:35am  46.6  11:58pm   17    0  0.23   1  12  11:27am  SE 30.25   95
13   46.1  50.8   1:53pm  39.2  11:45pm   19    0  0.00   0   5   8:13am  SE 30.37   95
14   42.1  54.0   4:21pm  34.3   8:18am   23    0  0.01   0   7   4:09pm  SE 30.16   95
15   50.0  60.0   3:07pm  39.1   4:44am   15    0  0.09   1  20   7:51pm  SE 29.98   77
16   47.3  52.5   2:26pm  40.3  11:47pm   18    0  0.18   1  11  11:04am  SE 30.15   88
17   47.6  54.1   2:09pm  40.1  12:39am   17    0  0.74   2  13  11:21am  SE 29.89   85
18   42.0  48.4  12:00am  36.9  11:24pm   22    0  0.82   1  11   6:40am  SE 29.80   94
19   40.6  44.2  12:11pm  35.9   3:58am   24    0  0.11   1  13  11:07pm  SE 29.88   93
20   41.3  45.0   9:20pm  38.7   8:22am   24    0  0.09   2  11   9:06pm  SE 30.01   92
21   43.3  47.8   1:28pm  38.9   6:44pm   21    0  0.36   2  16  10:30am  SE 29.88   86
22   40.7  45.6   1:15pm  35.7   8:47pm   24    0  0.21   1  11   4:17am  SE 30.20   93
23   40.5  42.9   8:38am  38.3   5:22am   24    0  0.91   2  13   4:09pm  SE 29.94   92
24   43.1  46.7   4:12am  38.9  11:59pm   22    0  0.58   1  11   7:25pm  SE 29.67   95
25   38.0  39.9   3:38pm  35.4   6:27am   27    0  0.15   1   9  10:36pm  SE 29.75   96
26   38.8  40.9   3:18pm  37.6   3:00am   26    0  0.14   2  11   1:14am  SE 30.07   94
27   42.4  45.2   9:24am  37.8  12:00am   22    0  0.62   1  13   5:15am  SE 30.07   94
28   46.0  49.7   4:50pm  41.5  12:00am   19    0  0.09   0   7   4:55am  SE 30.31   95
29   46.3  48.8   2:52am  41.9  11:54pm   19    0  0.87   1  14   5:19pm  SE 29.99   93
30   41.4  46.7  11:55am  37.5   7:03pm   24    0  0.14   0   9  11:27am  SE 30.11   93
31   40.4  42.6   8:57pm  38.8   1:56am   25    0  0.08   1   9   8:21pm  SE 30.21   92
---------------------------------------------------------------------------------------
TOT  42.0  60.0  1/15/18  26.7   1/1/18  708    0 11.57   1  15  1/15/18  SE 30.03   93

HEAT BASE: 65.0
COOL BASE: 65.0