NOAA-Style Climate Reports


Report for 2017 December
                  MONTHLY CLIMATOLOGICAL SUMMARY FOR 12/2017
                                        HEAT  COOL        
     MEAN                               DEG   DEG       WIND SPEED       DOM MEAN  MEAN
DAY  TEMP  HIGH   TIME     LOW   TIME   DAYS  DAYS RAIN AVG  HI  TIME    DIR BAROM HUM
---------------------------------------------------------------------------------------
1    42.4  45.3   1:12pm  40.6   7:39am   23    0  0.19   1   9   4:58am  SE 30.03   93
2    40.8  42.6  12:17pm  38.9  11:24pm   24    0  0.77   0   7   8:31am  SE 29.89   95
3    39.1  41.4   1:56pm  34.5  11:56pm   26    0  0.04   0   2   1:39am   S 30.17   95
4    35.1  39.8   1:53pm  30.9  10:56pm   30    0  0.00   0   5   1:52am SSW 30.55   95
5    32.8  37.5   2:01pm  29.6   7:55am   32    0  0.01   0   0  12:00am   N 30.63   95
6    33.3  41.9   2:09pm  28.6   5:52am   32    0  0.00   0   0  12:00am   N 30.62   96
7    34.6  46.4   1:41pm  28.9   7:54am   30    0  0.00   0   8   9:06pm  SE 30.52   94
8    33.9  45.1   1:29pm  28.4   7:27am   31    0  0.00   0   6   1:19pm  SE 30.49   90
9    33.7  45.4   2:28pm  28.3   8:07am   31    0  0.00   0   5  11:17am ESE 30.42   90
10   34.7  45.3  12:16pm  29.5   7:44am   30    0  0.00   0   4   2:11am SSE 30.40   90
11   34.2  47.5   2:37pm  27.6   8:04am   30    0  0.00   0   7   2:28pm SSE 30.36   85
12   34.8  42.5   2:25pm  29.7   4:22am   30    0  0.00   0   4  12:23am SSW 30.44   89
13   34.7  42.4   2:35pm  29.3   7:09am   28    0  0.00   0   5  12:20pm ESE 30.41   93
14   36.4  47.5   2:13pm  31.5   7:36am   28    0  0.00   0   5   1:59pm  SE 30.31   92
15   38.7  42.6   1:49pm  32.3  12:09am   26    0  0.23   0  10   7:35am  SE 30.21   94
16   39.8  42.4   1:21pm  37.2   7:57am   25    0  0.11   0   5  10:52pm  SE 30.29   94
17   44.7  49.4  10:34pm  40.3   1:31am   20    0  0.04   1  14   9:25pm  SE 30.07   92
18   44.1  49.0   2:42am  40.1  11:51pm   21    0  0.92   0  11   1:17am  SE 30.05   94
19   41.6  47.5  11:23am  37.8  11:46pm   23    0  1.30   1  15   9:58am  SE 29.64   94
20   34.1  38.1  12:29am  29.1  11:57pm   31    0  0.21   0   4   4:08am WNW 30.18   95
21   31.4  35.4   9:17pm  26.8   8:28am   33    0  0.00   0   5   8:24pm SSE 30.38   95
22   34.8  37.3   1:46pm  31.7   8:18pm   30    0  0.09   0   5   1:42am SSE 30.25   95
23   28.4  32.8   2:38pm  23.5  11:14pm   36    0  0.00   0   4  11:39am  NW 30.44   94
24   28.7  33.5   4:01pm  23.3   1:43am   36    0  0.00   0   6  10:12am  SE 30.26   93
25   31.2  32.9   2:39pm  30.3   7:27am   33    0  0.00   0   4   2:53am SSW 30.29   96
26   31.9  34.6  11:39am  30.3   6:55am   33    0  0.01   0   4  10:11am SSE 30.31   95
27   32.6  34.6   1:40pm  31.0   5:18am   31    0  0.07   0   2  11:03am  SE 30.27   95
28   41.4  45.9   4:24pm  33.9  12:00am   24    0  0.52   1  12   3:34pm  SE 30.07   94
29   45.1  53.4   7:44pm  41.5   4:36am   20    0  1.75   1  14   7:04pm  SE 29.83   93
30   41.7  44.8   1:04pm  37.2  11:55pm   23    0  0.03   0   7  12:47am  SE 30.17   94
31   33.2  37.2  12:00am  29.1  11:58pm   32    0  0.00   0   5   2:26pm  NW 30.27   96
---------------------------------------------------------------------------------------
TOT  36.3  53.4 12/29/17  23.3 12/24/17  882    0  6.29   0  15 12/19/17  SE 30.26   93

HEAT BASE: 65.0
COOL BASE: 65.0