NOAA-Style Climate Reports


Report for 2017 November
                  MONTHLY CLIMATOLOGICAL SUMMARY FOR 11/2017
                                        HEAT  COOL        
     MEAN                               DEG   DEG       WIND SPEED       DOM MEAN  MEAN
DAY  TEMP  HIGH   TIME     LOW   TIME   DAYS  DAYS RAIN AVG  HI  TIME    DIR BAROM HUM
---------------------------------------------------------------------------------------
1    47.2  50.5  11:41am  43.5  10:54pm   17    0  0.06   0   5   1:47pm  SE 29.79   93
2    44.5  46.9  12:21pm  39.7   7:40pm   20    0  0.22   2  11   1:56pm ESE 29.70   91
3    34.8  40.1   1:13am  32.4  11:56pm   30    0  0.29   0   4   2:07am WNW 29.94   94
4    34.3  37.2   4:10pm  30.9   2:24am   31    0  0.33   0   6   3:47pm  SE 29.97   94
5    34.2  36.4   4:41am  32.7   7:43am   31    0  0.58   0   4   4:29am  SE 29.89   94
6    35.2  41.6   1:16pm  32.0   7:44am   30    0  0.20   0   6   9:26pm  SE 30.26   93
7    38.2  43.8   2:37pm  31.1  12:38am   27    0  0.00   1  10  12:48pm  SE 30.15   82
8    44.6  53.3  11:19am  38.3   2:56am   47    0  0.06   1  13   4:59pm  SE 29.82   77
9    44.1  46.4   2:32am  40.8   4:56am   21    0  0.47   1  10   1:55pm ESE 29.74   92
10   40.9  47.3   2:21pm  34.7  11:52pm   24    0  0.00   0   4  12:10am SSE 29.90   94
11   43.3  50.4   2:30pm  34.8  12:00am   22    0  0.08   1  12   4:14pm  SE 29.98   90
12   46.9  50.1  12:55pm  45.3   5:00am   18    0  0.71   1   8  11:20am  SE 29.87   93
13   47.3  52.8  11:02am  43.7   5:57pm   17    0  0.01   3  22   5:29pm ESE 29.72   85
14   48.3  53.6  12:57pm  43.6   6:26am   17    0  0.01   2  16  12:36pm  SE 29.93   75
15   43.3  45.1  12:00am  41.2  11:53pm   21    0  0.58   1  11  10:23am  SE 29.63   94
16   41.6  42.9   2:02pm  41.0   8:31pm   23    0  0.20   1  10   9:49pm  SE 29.63   94
17   42.8  46.2   1:13pm  41.2   5:07am   22    0  0.00   0   8  12:00am  SE 30.07   90
18   45.3  52.0  11:44am  39.9   6:44pm   20    0  0.00   1   8   3:53am  SE 30.21   83
19   43.9  52.8   1:04pm  39.6   8:04pm   21    0  0.35   1  18  10:20am  SE 29.84   77
20   43.8  47.8   5:56am  35.5  11:44pm   21    0  0.56   0   4   7:04am  NW 29.77   93
21   44.9  52.2  11:59pm  33.7   2:28am   20    0  1.61   1  16   1:31pm  SE 29.93   93
22   57.1  62.1   8:06pm  52.0  12:48am    8    0  0.71   0  12   8:21pm  SE 29.92   91
23   51.1  58.1  12:00am  46.1   8:41pm   14    0  0.64   0   9  11:43pm  SE 29.84   94
24   46.4  50.0   9:56am  44.7   6:55pm   18    0  0.08   2  13  11:04am  SE 30.06   89
25   45.8  48.9   2:16pm  41.2   6:49am   19    0  0.21   1   9   9:07pm  SE 29.89   91
26   47.4  53.1  11:42am  40.9  11:57pm   18    0  1.12   1  12   3:40am  SE 29.61   92
27   42.5  45.4   2:35pm  40.6   1:03am   22    0  0.01   0   8   9:58pm  SE 30.05   94
28   42.3  44.6   5:39am  40.2   5:26pm   23    0  1.02   1   9  12:29am  SE 30.03   91
29   43.0  46.7   2:57pm  39.9   2:59am   22    0  0.05   0   6  10:26am  SE 30.34   94
30   42.0  44.3   8:54pm  40.4   9:51am   23    0  0.48   0   7   8:54am  SE 30.13   94
---------------------------------------------------------------------------------------
TOT  43.6  62.1 11/22/17  30.9  11/4/17  666    0 10.64   1  22 11/13/17  SE 29.92   90

HEAT BASE: 65.0
COOL BASE: 65.0