NOAA-Style Climate Reports


Report for 2017 July
                  MONTHLY CLIMATOLOGICAL SUMMARY FOR 7/2017
                                        HEAT  COOL        
     MEAN                               DEG   DEG       WIND SPEED       DOM MEAN  MEAN
DAY  TEMP  HIGH   TIME     LOW   TIME   DAYS  DAYS RAIN AVG  HI  TIME    DIR BAROM HUM
---------------------------------------------------------------------------------------
1    61.1  73.5   3:04pm  53.4   5:15am    5    1  0.00   0   7  11:59am WNW 30.04   78
2    61.4  76.0   3:43pm  50.7   5:58am    6    2  0.00   0   5  11:51am WNW 30.06   78
3    59.8  65.8   4:59pm  53.9  11:57pm    5    0  0.00   0   6   1:03am WNW 30.14   79
4    60.8  75.9   3:06pm  46.9   6:02am    6    2  0.00   0   5  10:27am WNW 30.03   71
5    65.7  84.0   3:06pm  48.3   5:35am    5    6  0.00   0   6  12:33pm WNW 29.98   68
6    66.6  83.3   2:48pm  51.2   5:53am    4    6  0.00   0   7   2:40pm WNW 30.08   64
7    62.8  75.9   1:17pm  51.3   5:30am    5    2  0.00   1   7   8:32am WNW 30.15   71
8    65.0  80.3   2:53pm  54.4   6:38am    4    4  0.00   0   6   1:48pm WNW 30.09   69
9    65.0  78.3  12:50pm  52.6   5:02am    4    4  0.00   0   6   1:07pm WNW 30.06   71
10   62.3  72.5   1:17pm  55.8  11:56pm    4    1  0.00   0   7  12:36pm WNW 30.02   75
11   61.5  75.0   3:12pm  54.2   6:33am    5    2  0.00   0   6  11:51am WNW 30.07   71
12   63.0  79.0   2:44pm  50.0   5:23am    5    3  0.00   0   5  11:26am WNW 30.01   71
13   61.4  74.1   1:43pm  53.1   3:12am    5    1  0.00   0   8   1:26pm WNW 30.09   75
14   62.6  79.5   2:55pm  47.4   5:58am    6    4  0.00   0   6  12:16pm WNW 30.11   69
15   62.4  78.3   2:34pm  49.8   6:16am    6    3  0.00   1   7   1:28pm WNW 30.16   68
16   61.2  72.6   3:14pm  53.3  11:59pm    5    1  0.00   0   6  10:11am WNW 30.21   68
17   60.7  76.6   3:00pm  46.0   5:59am    7    3  0.00   0   7  12:07pm WNW 30.07   69
18   64.2  82.0   2:31pm  49.5   5:51am    5    5  0.00   0   6  11:55am WNW 30.00   62
19   62.8  79.4   2:21pm  48.9   5:46am    6    4  0.00   0   7   2:32pm WNW 30.04   66
20   64.8  77.7   2:52pm  56.3  12:56am    3    3  0.00   1   9  11:35am ESE 30.08   70
21   63.2  77.7   4:10pm  51.1   5:49am    5    3  0.21   0   5   9:59am WNW 30.12   74
22   69.8  85.7   1:49pm  61.0   1:40am    1    6  0.00   0   7  11:53am WNW 30.12   71
23   65.0  75.8   2:34pm  57.6  11:56pm    3    2  0.00   0   6  10:07am WNW 30.04   77
24   64.9  80.3   2:54pm  50.9   5:52am    4    4  0.00   0   5  11:37am WNW 29.98   72
25   68.0  85.7   2:35pm  52.4   6:05am    4    7  0.00   0   6   4:58pm WNW 29.99   65
26   66.8  84.5   2:05pm  53.9   6:22am    3    5  0.00   0   6   3:50pm WNW 30.03   70
27   59.6  66.1   5:08pm  53.6   4:27am    5    0  0.00   0   5   3:04pm  SE 30.10   83
28   62.7  79.0   3:00pm  50.2   5:26am    6    3  0.00   0   5  10:29am ESE 30.08   74
29   65.1  82.0   2:45pm  50.4   6:31am    5    5  0.00   0   6  12:35pm ESE 30.12   69
30   64.5  79.8   2:46pm  54.8   5:31am    4    3  0.00   0   6  11:48am ESE 30.23   75
31   65.6  83.9   2:52pm  49.2   6:12am    5    5  0.00   0   5  10:22am WNW 30.21   69
---------------------------------------------------------------------------------------
TOT  63.6  85.7  7/22/17  46.0  7/17/17  144  100  0.21   0   9  7/20/17 WNW 30.08   71

HEAT BASE: 65.0
COOL BASE: 65.0