NOAA-Style Climate Reports


Report for 2017 January
                  MONTHLY CLIMATOLOGICAL SUMMARY FOR 1/2017
                                        HEAT  COOL        
     MEAN                               DEG   DEG       WIND SPEED       DOM MEAN  MEAN
DAY  TEMP  HIGH   TIME     LOW   TIME   DAYS  DAYS RAIN AVG  HI  TIME    DIR BAROM HUM
---------------------------------------------------------------------------------------
1    31.5  32.7  12:00am  30.2   9:31am   33    0  0.01   0   0  12:00am   N 29.72   98
2    28.5  32.1   1:11pm  21.3  11:56pm   36    0  0.00   0   4   9:50am   S 30.00   96
3    22.4  28.5   2:22pm  17.8  11:58pm   42    0  0.00   0   5   1:52pm WNW 30.27   91
4    23.6  30.5  12:07pm  16.9   1:23am   41    0  0.00   0   7   9:56am WNW 30.28   82
5    22.4  33.0   2:15pm  15.2   7:19am   43    0  0.00   0   4   9:47am   S 30.28   87
6    26.3  34.1  12:55pm  17.9   6:53am   39    0  0.00   0   6  12:41pm  SE 30.06   79
7    30.6  35.1   1:58pm  24.9  12:00am   34    0  0.00   1  11  12:47am ESE 29.90   59
8    35.0  38.9  10:42am  30.6   2:52am   30    0  0.15   1  11   3:37pm  SE 29.65   87
9    36.3  39.6   2:50am  30.9  10:15pm   29    0  0.12   0   9   4:42am ESE 29.64   97
10   32.1  36.2  12:52pm  27.2  11:50pm   33    0  0.05   0   4   1:37pm WNW 29.61   97
11   26.9  32.1   2:26pm  19.9  11:53pm   38    0  0.00   0   5   2:28am WNW 29.82   75
12   24.7  35.0   1:11pm  18.1   7:16am   40    0  0.00   0   4   9:44am  SE 30.23   84
13   26.6  34.4   1:07pm  19.4   8:24am   38    0  0.00   0   4  12:43pm  SE 30.42   87
14   28.8  38.9   1:12pm  20.6   7:35am   36    0  0.00   0   4  10:35am  SE 30.35   84
15   30.6  40.7   1:32pm  22.9   8:05am   34    0  0.00   0   4  12:08pm ESE 30.29   79
16   38.2  47.6   2:08pm  29.0   7:18am   27    0  0.00   1   8  11:45am  SE 30.11   65
17   40.4  43.5   9:40am  36.2   3:50am   25    0  1.34   1  12   8:14pm ESE 29.70   91
18   42.9  45.9  12:43pm  41.5   7:12am   22    0  1.06   2  16   7:38am ESE 29.35   97
19   42.7  47.6  12:36pm  38.7  11:59pm   22    0  0.16   1   9  11:19am ESE 29.48   96
20   37.5  44.9   2:56pm  31.2   4:38am   28    0  0.00   0   4   1:27pm SSE 29.19   98
21   41.1  49.5   2:22pm  34.5   7:52am   24    0  0.02   0   5  11:05am ESE 29.40   94
22   38.9  43.5  11:05am  32.5  11:57pm   26    0  0.04   1  12  11:15am ESE 29.53   94
23   34.1  42.6   1:06pm  29.4  11:53pm   31    0  0.00   0   6  12:20pm WNW 29.81   95
24   34.7  41.3   3:50pm  29.0   1:53am   30    0  0.00   0   0  12:00am   N 30.12   96
25   37.6  41.9   1:59pm  34.0   4:31am   27    0  0.02   0   4   1:04pm ESE 30.26   97
26   38.7  45.7   1:50pm  34.6  11:39pm   25    0  0.00   0   5  11:52am ESE 30.49   97
27   40.3  50.4   3:29pm  32.2   3:28am   25    0  0.00   1   7  12:46pm  SE 30.62   82
28   41.4  49.8   3:44pm  32.5   7:56am   23    0  0.00   0   7  11:42am  SE 30.55   73
29   42.9  48.2  12:40pm  36.9   4:18am   22    0  0.00   1  13   1:18pm ESE 30.41   80
30   40.5  43.7  12:00am  35.7   8:12am   24    0  0.01   0   5   1:27pm   W 30.33   94
31   36.0  41.0   1:36pm  27.7  11:21pm   29    0  0.01   0   4  12:37pm SSE 30.25   86
---------------------------------------------------------------------------------------
TOT  34.0  50.4  1/27/17  15.2   1/5/17  956    0  2.99   0  16  1/18/17  SE 30.00   88

HEAT BASE: 65.0
COOL BASE: 65.0