NOAA-Style Climate Reports


Report for 2016 December
                  MONTHLY CLIMATOLOGICAL SUMMARY FOR 12/2016
                                        HEAT  COOL        
     MEAN                               DEG   DEG       WIND SPEED       DOM MEAN  MEAN
DAY  TEMP  HIGH   TIME     LOW   TIME   DAYS  DAYS RAIN AVG  HI  TIME    DIR BAROM HUM
---------------------------------------------------------------------------------------
1    40.0  43.3   1:52pm  35.1   1:08am   24    0  0.02   0   6   9:49pm SSE 30.27   98
2    43.8  46.9   1:53pm  41.5  12:00am   21    0  0.51   1  11   1:49pm  SE 30.21   97
3    44.3  45.5   3:50pm  43.1   6:48am   20    0  0.19   1  11   5:42pm ESE 30.19   96
4    37.6  43.7  12:00am  33.5  11:21pm   26    0  0.34   0   8   9:00am WNW 30.05   97
5    34.1  36.8   3:09pm  31.0  11:54pm   31    0  0.19   0   7   7:25am  SE 30.06   97
6    30.5  34.0  12:33pm  27.3  11:55pm   34    0  0.00   0   2   4:55am ESE 30.18   97
7    25.9  30.6   1:19pm  21.4  11:58pm   39    0  0.00   0   0  12:00am   N 30.40   95
8    27.3  34.2   1:26pm  20.6   2:41am   38    0  0.00   0   6  10:51am  SE 30.07   88
9    31.4  32.7   9:18pm  29.6  12:01am   32    0  0.00   2  13   8:49am  SE 29.94   95
10   35.4  40.3  11:27pm  32.3  12:00am   29    0  0.58   1  14  10:54pm  SE 29.85   98
11   39.1  40.8   2:41am  36.9  11:56pm   26    0  0.13   1  11   1:37am  SE 29.92   95
12   37.3  39.5  12:29pm  34.9   9:30pm   28    0  0.08   0   6   9:22am  SE 30.15   97
13   33.8  36.2   1:37pm  28.3  11:46pm   31    0  0.00   0   5  11:44am WNW 30.27   96
14   28.4  32.7   1:50pm  24.0   8:22am   36    0  0.00   0   0  12:00am   N 30.05   93
15   31.1  34.5   1:26pm  29.0   7:34am   34    0  0.00   0   1   3:41pm   N 29.91   88
16   25.7  29.5   2:01pm  20.8  11:53pm   39    0  0.00   0   5   1:14pm WNW 30.11   86
17   26.1  30.4   3:33pm  20.2   2:28am   39    0  0.00   0   4   5:50am  SE 30.42   89
18   31.6  35.9  12:52pm  27.7  12:00am   33    0  0.00   0   6  11:26pm  SE 30.46   90
19   38.7  41.7   2:20am  35.9  12:32am   26    0  0.50   1  15   2:16am  SE 30.14   95
20   42.6  48.1   4:34am  33.3  11:59pm   22    0  0.08   1  11   4:37am  SE 30.18   92
21   37.3  44.8  12:34pm  32.4  12:50am   28    0  0.00   0   8  10:42pm  SE 30.34   91
22   37.9  43.9   3:22pm  32.2   6:00am   27    0  0.19   0   7  12:28pm  SE 29.87   86
23   34.4  38.1  12:01am  32.6   5:05pm   30    0  0.64   0   2   2:36am  SE 29.63   98
24   33.4  35.7  12:39pm  31.5  11:46pm   31    0  0.24   0   1  12:24am  SE 29.93   99
25   32.0  34.5   2:19pm  30.0   8:26am   33    0  0.00   0   4  10:25am  SE 30.12   99
26   35.2  39.4   3:56pm  31.8  12:00am   30    0  0.37   1  12   4:03pm ESE 30.15   95
27   39.1  41.6   2:26pm  36.7  12:00am   25    0  0.02   0  10   1:58pm ESE 30.03   97
28   39.2  44.7   1:58pm  36.0   9:45pm   25    0  0.00   0  10  11:20am ESE 30.39   88
29   40.4  43.7  12:29pm  37.3  12:37am   24    0  0.59   1  11   4:38am  SE 30.17   89
30   35.6  39.9  11:51am  29.8  11:12pm   28    0  0.07   0   4   1:19am  SE 30.27   98
31   32.0  34.5   2:05pm  29.3  12:59am   33    0  0.08   0   9   1:56pm  SE 30.02   97
---------------------------------------------------------------------------------------
TOT  34.9  48.1 12/20/16  20.2 12/17/16  924    0  4.82   0  15 12/19/16  SE 30.12   94

HEAT BASE: 65.0
COOL BASE: 65.0