NOAA-Style Climate Reports


Report for 2016 November
                  MONTHLY CLIMATOLOGICAL SUMMARY FOR 11/2016
                                        HEAT  COOL        
     MEAN                               DEG   DEG       WIND SPEED       DOM MEAN  MEAN
DAY  TEMP  HIGH   TIME     LOW   TIME   DAYS  DAYS RAIN AVG  HI  TIME    DIR BAROM HUM
---------------------------------------------------------------------------------------
1    50.0  53.2   2:04pm  47.1   1:24am   30    0  0.49   0   9   2:50pm  SE 29.91   77
2    50.6  53.6   5:10pm  48.5   7:01am   14    0  0.38   0   8   1:36pm  SE 30.02   78
3    51.1  60.5  12:22pm  44.1  11:57pm   14    0  0.05   0   6  12:59am SSE 30.21   79
4    50.3  63.8   2:02pm  40.3   7:20am   14    0  0.00   0   8   9:08pm  SE 30.01   80
5    53.0  55.4  12:00am  50.1  11:54pm   12    0  1.00   0   8   1:59pm  SE 29.87   77
6    50.7  57.1   1:06pm  47.5   5:02am   14    0  0.16   0   9   2:27pm  SE 29.99   79
7    55.4  62.9   2:35pm  49.3  12:54am   10    0  0.01   1   8  12:52pm  SE 30.08   77
8    56.6  67.6   1:23pm  48.6   6:05am    8    0  0.00   0   7   2:50pm  SE 30.04   79
9    53.8  59.9   2:44pm  46.9  11:56pm   11    0  0.27   0   5   2:42am  SE 30.13   74
10   52.1  61.1   1:14pm  43.7   7:06am   13    0  0.00   0   5   4:38am  SE 30.04   75
11   54.4  61.6   1:13pm  49.5   2:32am   11    0  0.00   0   4   4:36pm   W 29.91   77
12   53.8  58.4   5:34am  46.2  11:59pm   11    0  0.14   1  15   8:39am ESE 29.97   82
13   48.2  50.5   6:03pm  44.6   1:17am   17    0  0.24   1  10   3:30pm  SE 30.07   80
14   49.2  53.1   2:19pm  44.5  10:00pm   15    0  0.27   0   6  12:50am ESE 29.98   74
15   46.6  51.3  12:56pm  40.8  11:55pm   18    0  0.68   0   8   1:11pm ESE 29.80   74
16   42.2  46.1   1:59pm  38.4   3:03am   23    0  0.00   0   7  12:45am  SE 30.02   75
17   42.2  48.9   3:04pm  34.2  11:48pm   23    0  0.00   0   7  11:15am  SE 30.15   78
18   41.2  50.9   3:12pm  32.2   3:44am   23    0  0.00   1  13  11:51pm ESE 29.95   73
19   48.5  78.4  11:46am  43.9   5:35am   16    0  0.43   1  11   7:02pm  SE 29.69   79
20   48.0  56.1  11:00am  45.3  10:43pm   17    0  0.35   1  10  12:41am  SE 29.72   87
21   47.2  51.3   1:56pm  44.2  10:11pm   18    0  0.05   0   7   1:18pm ESE 29.95   91
22   46.6  52.2   1:46pm  44.2   1:29am   18    0  0.35   2  13   8:00am ESE 29.90   82
23   44.0  46.6  12:18pm  41.5   6:59am   21    0  0.19   1  11  10:35pm ESE 29.97   92
24   44.0  46.1  11:18pm  42.8  12:00am   21    0  1.63   1  18  11:12pm ESE 29.81   95
25   44.9  49.6   1:20pm  40.7   7:32am   20    0  0.04   0  12  12:36am  SE 29.86   93
26   46.3  49.1  12:40pm  42.0   9:12pm   19    0  0.64   1  12  12:48am  SE 29.52   97
27   42.6  44.4   2:08pm  41.6   7:07pm   22    0  0.31   0  12   7:02pm  SE 29.65   98
28   43.2  47.5   1:51pm  40.8   5:15am   22    0  0.25   0   4  12:14am WNW 29.89   98
29   43.1  46.9   2:31pm  38.7  10:39pm   22    0  0.08   0   6   1:53pm  SE 30.08   98
30   42.6  47.8   2:32pm  36.3  11:57pm   22    0  0.24   1  12   7:20am  SE 29.98   95
---------------------------------------------------------------------------------------
TOT  48.1  78.4 11/19/16  32.2 11/18/16  519    0 10.75   0  18 11/24/16  SE 29.94   83

HEAT BASE: 65.0
COOL BASE: 65.0