NOAA-Style Climate Reports


Report for 2016 September
                  MONTHLY CLIMATOLOGICAL SUMMARY FOR 9/2016
                                        HEAT  COOL        
     MEAN                               DEG   DEG       WIND SPEED       DOM MEAN  MEAN
DAY  TEMP  HIGH   TIME     LOW   TIME   DAYS  DAYS RAIN AVG  HI  TIME    DIR BAROM HUM
---------------------------------------------------------------------------------------
1    59.1  64.5   1:32pm  54.1  11:37pm    6    0  0.13   0   9   3:52am ESE 29.98   84
2    56.4  64.8   2:19pm  53.7   2:10am    9    0  1.07   0   5  11:06am  SE 29.95   90
3    55.7  62.8   3:07pm  50.6  11:56pm    9    0  0.37   0   2   9:32am ESE 29.99   90
4    54.6  68.6   1:58pm  46.4   3:41am   11    0  0.00   0   5   1:40pm   W 29.97   86
5    55.7  63.1   2:37pm  47.9   2:53am    9    0  0.01   0   5  12:00pm ESE 30.00   84
6    58.2  66.2   2:30pm  53.2   4:00am    7    0  0.11   0   2   2:02pm   W 29.96   88
7    58.2  61.1   2:47pm  56.2  11:53pm    6    0  0.19   0   5   9:30am ESE 30.12   90
8    58.8  68.5   2:02pm  50.5  11:58pm    6    0  0.00   0   5  12:37am WNW 30.22   83
9    57.2  75.0   2:03pm  44.2   6:46am    9    2  0.00   0   2   9:08am WNW 30.29   77
10   60.7  80.6   1:36pm  48.5   5:19am    7    3  0.00   0   5  11:07am WNW 30.10   76
11   57.8  70.9   2:45pm  49.9  11:55pm    8    1  0.00   0   6   3:34pm WNW 30.12   78
12   56.6  75.4   2:12pm  43.7   6:20am   10    2  0.00   0   6   5:04pm WNW 30.15   74
13   57.5  77.9   2:01pm  43.6   6:54am   10    2  0.00   0   5  11:42am   W 30.02   72
14   59.6  79.6   1:33pm  45.6   6:57am    8    3  0.00   0   5  10:33am  SE 30.02   71
15   57.6  73.5   2:03pm  47.4   6:38am    9    1  0.00   0   4   9:45am WNW 30.13   81
16   59.4  75.6   1:51pm  47.4   5:55am    7    2  0.00   0   7   4:11pm  SE 30.03   79
17   57.7  61.2   5:06pm  54.6   7:19am    7    0  0.43   0  10  10:33am ESE 29.91   89
18   58.8  72.9   1:20pm  51.7   7:38am    7    1  0.01   0   7   4:03pm ESE 30.03   80
19   56.2  69.0   2:51pm  48.8  11:51pm    9    0  0.46   0  10  12:49pm ESE 30.07   85
20   53.5  68.6   1:26pm  43.2   7:05am   12    0  0.00   0   1  12:03am  SE 30.11   83
21   52.9  68.0   1:56pm  42.9   7:16am   12    0  0.00   0   0  12:00am   N 30.03   83
22   54.5  70.3  12:57pm  43.7   7:00am   11    0  0.00   0   6   2:12pm   W 30.01   81
23   54.3  60.4   5:07pm  50.1   2:01am   10    0  0.03   0  12   4:57pm ESE 30.05   86
24   58.0  68.0  12:04pm  50.3   7:23am    7    0  0.00   0   6  12:01pm   W 30.32   80
25   62.4  79.1   1:43pm  56.0  11:56pm    5    2  0.45   0   5  11:50am   W 30.33   77
26   61.4  78.9   1:40pm  49.7   7:06am    6    3  0.00   0   5  11:26am   W 30.08   81
27   59.6  70.8  12:58pm  48.9  11:18pm    6    1  0.00   0   7  11:45am WNW 30.13   75
28   52.3  61.7   2:53pm  47.0  11:51pm   12    0  0.00   0   5   4:02pm  SE 30.08   87
29   51.2  64.4   2:01pm  42.3   7:12am   14    0  0.00   0   5  10:52am WNW 30.06   84
30   50.9  68.3   1:46pm  39.4   7:15am   14    0  0.00   0   4   1:07pm   W 30.00   80
---------------------------------------------------------------------------------------
TOT  56.9  80.6  9/10/16  39.4  9/30/16  263   22  3.26   0  10  9/17/16 WNW 30.08   82

HEAT BASE: 65.0
COOL BASE: 65.0