NOAA-Style Climate Reports


Report for 2016 April
                  MONTHLY CLIMATOLOGICAL SUMMARY FOR 4/2016
                                        HEAT  COOL        
     MEAN                               DEG   DEG       WIND SPEED       DOM MEAN  MEAN
DAY  TEMP  HIGH   TIME     LOW   TIME   DAYS  DAYS RAIN AVG  HI  TIME    DIR BAROM HUM
---------------------------------------------------------------------------------------
1    55.4  75.5   2:25pm  41.9   7:02am   11    1  0.00   0   6  11:07am WNW 30.14   78
2    51.3  65.6   2:18pm  41.6   6:09am   14    0  0.00   0   7   2:19pm WNW 30.12   80
3    54.9  73.2   2:24pm  41.0   5:51am   11    1  0.05   0   7   9:13am  SE 30.01   73
4    47.4  53.7   1:32pm  44.4  11:47pm   17    0  0.54   0   9  12:56am ESE 30.19   92
5    47.3  53.7   3:54pm  42.6   4:44am   18    0  0.00   0   9   3:41pm  SE 30.50   90
6    53.4  69.7   2:53pm  39.0   6:46am   12    0  0.00   0   6   1:31pm WNW 30.37   74
7    60.4  85.6   3:16pm  42.2   6:24am    9    5  0.00   0   6   2:33pm WNW 29.98   70
8    58.0  79.6   1:28pm  46.1   6:55am    9    2  0.00   0   9   6:42pm  NW 29.86   73
9    53.7  70.2   1:55pm  41.2   6:44am   12    0  0.00   0   6  12:42pm WNW 29.82   79
10   50.7  56.7   5:33pm  45.2   4:07am   14    0  0.00   0   8  12:44pm ESE 29.93   80
11   50.3  55.5   5:13pm  46.8  11:57pm   15    0  0.00   0   6   4:45am  SE 30.07   78
12   48.5  56.6   1:52pm  43.1  11:20pm   16    0  0.27   1  10  10:55am  SE 30.09   84
13   47.5  56.6   1:51pm  40.7   3:02am   17    0  0.00   0  11  11:22am  SE 29.97   82
14   47.9  58.1   2:44pm  41.1   6:35am   17    0  0.16   0   6   1:19am WNW 29.80   83
15   49.6  56.1   5:18pm  43.5  11:58pm   15    0  0.00   0   7  11:20am  SE 30.26   81
16   52.0  69.6   1:47pm  38.8   6:55am   13    0  0.00   0   5  11:33am  SE 30.31   71
17   59.3  84.2   2:18pm  40.8   6:29am   10    4  0.00   0   7   2:10pm WNW 30.18   69
18   67.4  93.1   2:22pm  47.3   6:36am    6    9  0.00   0   9   1:09pm  SE 30.04   55
19   65.1  88.1   2:12pm  48.4   6:30am    6    6  0.00   0   5   1:42pm  NW 29.93   64
20   64.9  84.2   2:56pm  48.7   6:34am    5    5  0.00   0   5  12:43pm WNW 29.79   69
21   62.5  77.1   2:23pm  53.0   7:01am    4    2  0.00   0   8  12:27pm WNW 29.74   67
22   54.5  60.2  12:32pm  51.4   4:35am   10    0  0.07   0   7   2:14pm  SE 29.71   87
23   54.9  63.3   2:51pm  51.1   1:59am   10    0  0.03   1   9   6:34am ESE 29.99   79
24   47.7  51.7  12:20am  42.4  11:59pm   17    0  0.56   0   6   4:59pm WNW 30.05   92
25   45.6  56.6   2:56pm  38.4   2:50am   19    0  0.14   0   6   5:21pm WNW 30.18   88
26   48.2  60.0   2:48pm  37.4   2:53am   17    0  0.00   0   5   9:37am  SE 30.09   79
27   49.7  55.4   1:27pm  42.7   5:33am   15    0  0.00   0   5  10:41am  SE 30.01   85
28   52.6  61.1   1:25pm  46.9   1:22am   12    0  0.00   0   6   5:09pm  SE 30.08   82
29   49.5  55.9   5:32pm  43.6  11:55pm   15    0  0.12   0   5   5:20pm  SE 30.12   90
30   52.2  67.7   2:09pm  39.8   6:19am   13    0  0.00   0   6  12:39pm WNW 30.31   79
---------------------------------------------------------------------------------------
TOT  53.4  93.1  4/18/16  37.4  4/26/16  382   36  1.94   0  10  4/13/16  SE 30.05   78

HEAT BASE: 65.0
COOL BASE: 65.0