NOAA-Style Climate Reports


Report for 2016 February
                  MONTHLY CLIMATOLOGICAL SUMMARY FOR 2/2016
                                        HEAT  COOL        
     MEAN                               DEG   DEG       WIND SPEED       DOM MEAN  MEAN
DAY  TEMP  HIGH   TIME     LOW   TIME   DAYS  DAYS RAIN AVG  HI  TIME    DIR BAROM HUM
---------------------------------------------------------------------------------------
1    38.7  42.7  12:56pm  36.2   6:33am   26    0  0.22   0   6  11:19am  SE 30.17   95
2    39.2  47.2   1:49pm  33.7   7:51am   26    0  0.01   0   4  12:00am ESE 30.18   91
3    40.3  46.7   1:13pm  35.7  12:00am   25    0  0.49   1  14   5:27pm  SE 30.09   91
4    43.2  45.2   1:02pm  40.9   3:30am   22    0  0.11   1  11   2:22am  SE 30.30   96
5    46.1  56.3   3:36pm  40.6   7:05am   19    0  0.15   1  16   6:39pm  SE 30.16   88
6    42.1  47.7   2:47pm  33.1  11:19pm   23    0  0.00   0   8  12:23am  SE 30.41   88
7    39.5  48.7   3:26pm  31.4   5:44am   25    0  0.00   0   4   1:44pm  NW 30.53   90
8    42.4  54.9   2:12pm  33.9   7:19am   23    0  0.00   0   4  11:17am  NW 30.41   91
9    46.5  65.0   1:42pm  34.0   6:54am   19    0  0.00   0   9  12:34pm  SE 30.16   84
10   47.4  52.7   3:17pm  42.3   2:08am   17    0  0.20   0   7   2:19pm  SE 30.19   90
11   47.3  54.0   2:05pm  40.8   1:35am   18    0  0.37   0  11  10:46pm  SE 30.15   96
12   49.5  53.4   1:49pm  44.9   8:35pm   16    0  0.88   1  14   1:37pm  SE 30.11   93
13   44.5  47.6  11:15am  42.0   2:34am   20    0  0.17   1  14  12:58am  SE 30.18   93
14   48.8  51.3   3:51pm  44.9  12:00am   16    0  0.33   1  13  10:11pm  SE 30.12   97
15   49.6  50.5  12:23am  47.9  10:59pm   15    0  0.51   1  15   1:42am  SE 30.04   97
16   48.9  53.1   2:14pm  45.6  11:54pm   16    0  0.17   0   8  12:00am ESE 29.95   97
17   48.8  59.7   1:25pm  43.8   6:55am   16    0  0.50   0  11   2:47pm  SE 29.38   93
18   45.2  49.5  12:34pm  42.1  11:37pm   20    0  0.15   1  10  11:30am  SE 29.42   92
19   43.1  45.7  11:49am  39.2  11:44pm   22    0  0.42   1  14   5:33pm  SE 29.76   95
20   40.9  49.9   1:52pm  32.1  11:58pm   24    0  0.00   1  13   1:26am  SE 30.30   87
21   39.8  49.8  11:56am  30.2   5:03am   25    0  0.05   1  12   2:29pm  SE 30.21   89
22   39.8  46.0   3:08pm  32.0  11:57pm   25    0  0.00   0   7  10:26am  SE 30.39   92
23   40.9  58.4   1:52pm  28.6   6:59am   24    0  0.01   0   6  12:23pm WNW 30.20   79
24   46.2  60.3   1:55pm  38.2   5:42am   19    0  0.00   0   5  12:11pm  NW 30.18   79
25   46.0  62.8   1:24pm  33.9   7:15am   19    0  0.00   0   5   9:55pm  NW 30.17   84
26   48.0  63.0  12:19pm  39.6   1:58am   17    0  0.29   0   6   3:17pm  SE 29.97   86
27   47.9  52.9   2:14pm  42.7  10:36pm   17    0  0.13   0   7   4:10pm  SE 30.06   95
28   44.7  52.1  11:52am  41.1  11:51pm   20    0  0.21   1  14  11:47am  SE 29.96   92
29   45.1  53.8   1:58pm  39.9   6:20am   20    0  0.10   0   8   2:59am  SE 30.15   85
---------------------------------------------------------------------------------------
TOT  44.5  65.0   2/9/16  28.6  2/23/16  593    0  5.47   0  16   2/5/16  SE 30.11   90

HEAT BASE: 65.0
COOL BASE: 65.0