NOAA-Style Climate Reports


Report for 2016 January
                  MONTHLY CLIMATOLOGICAL SUMMARY FOR 1/2016
                                        HEAT  COOL        
     MEAN                               DEG   DEG       WIND SPEED       DOM MEAN  MEAN
DAY  TEMP  HIGH   TIME     LOW   TIME   DAYS  DAYS RAIN AVG  HI  TIME    DIR BAROM HUM
---------------------------------------------------------------------------------------
1    27.1  36.5   2:14pm  21.1   7:44am   38    0  0.00   0   1  12:07am  SW 30.38   91
2    28.4  40.2   1:44pm  21.5   6:45am   37    0  0.00   0   8   1:31pm  SE 30.19   82
3    28.4  33.8  10:10pm  22.0   8:09am   37    0  0.00   0   6   9:37pm  SE 29.98   92
4    33.3  34.7   2:11pm  32.1   4:32am   32    0  0.01   0   2  11:21am ESE 29.74   98
5    35.6  38.0   3:29pm  33.2   2:32am   29    0  0.11   0   2  11:13am  SE 29.58   98
6    36.3  45.0   1:46pm  30.8  11:42pm   29    0  0.00   0   4   1:26am ESE 29.64   97
7    34.9  40.6   2:28pm  30.0   2:34am   30    0  0.00   0   0  12:00am   N 29.92   98
8    36.6  43.0   1:48pm  30.4  11:47pm   28    0  0.00   0   0  12:00am   N 30.03   97
9    34.7  46.1   1:19pm  28.6   7:58am   30    0  0.00   0   7  12:16pm SSE 30.11   93
10   37.1  47.7   2:16pm  28.7  11:39pm   28    0  0.00   0  10   6:00pm  SE 30.21   83
11   36.3  41.5   9:37pm  28.7  12:15am   29    0  0.18   0  11   3:21pm  SE 30.14   92
12   42.2  46.0  12:29pm  39.4   4:25am   23    0  0.72   2  14   6:32pm  SE 29.87   93
13   43.1  46.4   3:33am  39.6  11:58pm   22    0  0.61   0  12   3:32am  SE 29.77   95
14   37.8  44.1  11:47am  30.0  11:54pm   27    0  0.00   0   5   9:58am  SE 29.92   96
15   37.1  44.2   3:11pm  28.8   3:38am   28    0  0.05   0   6   7:07pm  SE 29.93   97
16   43.4  48.0   1:14pm  39.9   1:30am   22    0  0.66   1  14   6:31am  SE 29.79   96
17   42.7  44.4  10:51am  39.6   6:07am   22    0  0.34   1  14   9:30am  SE 29.80   96
18   44.9  51.0   1:46pm  41.5   4:34am   20    0  0.14   0  10   7:27pm  SE 29.94   92
19   41.3  44.0  12:31pm  38.5   8:30am   24    0  0.36   0   2  12:41am SSE 29.76   97
20   43.0  47.6   2:44pm  40.2   4:48am   22    0  0.17   0   7  12:09pm  SE 30.08   96
21   45.4  46.9   2:46pm  42.2  12:00am   20    0  1.36   1  13   5:23am  SE 29.84   98
22   46.8  51.6   2:30pm  40.6  11:59pm   18    0  0.35   1  12   9:55am  SE 29.80   94
23   41.5  43.7   2:49pm  39.1   2:13am   23    0  0.79   0   4   5:32pm  SE 29.79   98
24   41.6  46.7   1:57pm  34.7  11:59pm   23    0  0.12   0   5  11:55am  SE 30.10   95
25   41.0  50.2   2:13pm  30.8   4:20am   24    0  0.00   0   7   8:46pm  SE 30.23   91
26   48.3  52.5   3:27pm  44.8   7:36am   17    0  0.35   0  11   8:38am  SE 30.23   94
27   49.7  52.6   2:11pm  47.3  11:53pm   15    0  0.71   0  11  10:47pm  SE 30.12   97
28   46.9  52.7   5:13am  40.4   9:50pm   18    0  0.96   1  10   6:18am  SE 29.92   98
29   42.1  46.3   1:39pm  40.4   6:51am   23    0  0.19   1  12   1:22pm  SE 29.76   96
30   40.7  43.8   1:35pm  38.1   6:35am   24    0  0.01   1   8   5:24pm  SE 29.93   89
31   40.0  42.3   2:06pm  38.5   2:41am   25    0  0.08   0   7   4:29am  SE 30.04   90
---------------------------------------------------------------------------------------
TOT  39.6  52.7  1/28/16  21.1   1/1/16  784    0  8.27   0  14  1/12/16  SE 29.95   94

HEAT BASE: 65.0
COOL BASE: 65.0