NOAA-Style Climate Reports


Report for 2015 December
                  MONTHLY CLIMATOLOGICAL SUMMARY FOR 12/2015
                                        HEAT  COOL        
     MEAN                               DEG   DEG       WIND SPEED       DOM MEAN  MEAN
DAY  TEMP  HIGH   TIME     LOW   TIME   DAYS  DAYS RAIN AVG  HI  TIME    DIR BAROM HUM
---------------------------------------------------------------------------------------
1    41.4  48.2  11:49am  37.3   9:11pm   24    0  0.39   1  14  11:45pm  SE 30.09   81
2    42.5  47.8  10:57pm  37.6   4:56am   22    0  0.04   1  14  12:00am  SE 29.96   87
3    46.9  53.3   2:41pm  43.6   4:22am   18    0  0.79   3  16   2:20am  SE 29.54   90
4    45.6  48.4  12:24pm  42.3   8:03am   19    0  0.00   1  10   2:45pm  SE 29.96   91
5    44.0  48.9   6:59am  42.0   2:28pm   21    0  0.98   2  18   5:51pm  SE 29.92   88
6    46.1  51.8   1:50pm  43.1   3:26am   18    0  1.00   1  12   4:10pm  SE 29.84   95
7    45.3  49.8  11:56pm  44.4   6:43pm   20    0  0.93   0  10   4:42am  SE 29.75   97
8    52.3  56.9  12:24pm  47.9   8:06pm   13    0  1.85   1  19   9:22am  SE 29.66   98
9    47.3  52.8  12:25am  41.0  10:37pm   18    0  0.34   1  14   6:20am ESE 29.66   94
10   44.2  48.2   3:42am  40.4  12:29am   21    0  0.72   2  23  11:17am  SE 29.31   91
11   41.9  45.4  12:38pm  39.2   7:57am   23    0  0.01   0   4   2:08am ESE 29.62   97
12   42.3  45.6   7:31pm  40.8  11:54am   21    0  0.51   2  19   8:55pm  SE 29.61   96
13   42.5  45.2  12:05am  38.3  11:52pm   22    0  0.19   2  15   2:55am  SE 29.61   90
14   37.8  42.4  11:00am  34.7   6:11pm   27    0  0.01   0   1  12:06am  SE 30.13   97
15   37.3  40.7  11:45pm  33.5   2:12am   27    0  0.21   0   7   4:04pm  SE 30.27   98
16   36.4  40.8  12:11am  30.7   6:54pm   28    0  0.01   0   5   2:05am  NW 30.18   97
17   36.2  38.0   8:27pm  32.2  12:00am   29    0  1.38   1  13   5:10pm  SE 29.75   97
18   40.5  44.4  11:15am  37.2  12:00am   25    0  0.39   1  14   4:30am  SE 29.71   96
19   40.0  44.0   2:13pm  36.7   8:25am   25    0  0.01   1   8   8:53pm  SE 29.87   94
20   40.0  42.2  12:25am  37.6   8:16am   25    0  0.28   1  12   2:15am  SE 29.72   93
21   37.3  39.9  12:00am  34.8   9:20pm   28    0  0.83   0   9  10:14am  SE 29.41   98
22   37.9  41.1   2:06pm  35.2   7:45am   27    0  0.34   1  13   9:59pm  SE 29.50   97
23   37.5  38.5  11:37am  36.6   4:24pm   27    0  0.29   1  12   2:42pm  SE 29.50   97
24   36.7  39.7  12:32pm  34.1   5:53am   28    0  0.44   0   9   1:32am  SE 29.69   97
25   36.3  38.9  11:52am  34.1  10:50pm   29    0  0.04   0   0  12:00am   N 30.23   98
26   34.8  37.5   1:56pm  32.4   5:08am   30    0  0.00   0  11   9:50pm  SE 30.46   94
27   35.0  38.9  10:19am  32.4   9:07pm   30    0  0.41   1  11   3:38am  SE 30.08   90
28   34.9  37.9   2:20pm  32.8  12:00am   30    0  0.19   0   4  12:52am  SE 30.11   98
29   34.1  39.6   1:52pm  29.4  11:56pm   30    0  0.00   0   2  11:02am  SE 30.16   97
30   28.4  33.6  10:21am  24.3  11:51pm   36    0  0.00   0   0  12:00am   N 30.41   96
31   27.0  36.4   1:27pm  21.4   7:53am   38    0  0.00   0   7   1:05pm SSE 30.54   92
---------------------------------------------------------------------------------------
TOT  39.7  56.9  12/8/15  21.4 12/31/15  777    0 12.58   1  21 12/10/15  SE 29.88   94

HEAT BASE: 65.0
COOL BASE: 65.0