NOAA-Style Climate Reports


Report for 2015 November
                  MONTHLY CLIMATOLOGICAL SUMMARY FOR 11/2015
                                        HEAT  COOL        
     MEAN                               DEG   DEG       WIND SPEED       DOM MEAN  MEAN
DAY  TEMP  HIGH   TIME     LOW   TIME   DAYS  DAYS RAIN AVG  HI  TIME    DIR BAROM HUM
---------------------------------------------------------------------------------------
1    49.5  52.0  12:50am  46.1   6:38am   15    0  0.61   1  14  12:32pm ESE 29.74   95
2    46.2  50.5  11:55am  38.5  10:16pm   19    0  0.30   0   7  12:24am  SE 29.92   97
3    41.6  47.8  12:28pm  35.9  10:22pm   23    0  0.05   0   5  12:54pm WNW 30.06   96
4    41.8  49.6  12:09pm  34.8   2:29am   23    0  0.01   0   5   9:41am  SE 30.16   93
5    46.0  49.6   1:00pm  43.1   3:06am   19    0  0.19   0   2   6:58am ESE 30.17   97
6    47.3  55.2   2:03pm  42.6   5:16am   17    0  0.03   0   8   2:20pm  SE 30.25   96
7    50.1  52.1   8:20am  46.7  11:58pm   15    0  0.84   0   9   7:09am  SE 29.90   95
8    45.9  49.5  10:57am  42.9   9:22pm   19    0  0.38   0   6   3:07pm ESE 29.81   98
9    44.4  46.9  12:12pm  39.4  11:59pm   21    0  0.78   0   4   1:18am  SE 29.96   98
10   44.3  49.1  10:31pm  38.3   2:02am   21    0  0.04   1  12  10:27pm ESE 30.18   94
11   44.1  49.5  12:30pm  39.3  10:52pm   21    0  0.84   0   9  12:03am  SE 30.24   96
12   44.2  50.2  11:56pm  40.4  12:01am   21    0  0.08   1  13   1:55pm  SE 30.14   91
13   52.0  55.1  10:46am  47.0  11:54pm   13    0  0.94   1  16   7:10am ESE 29.83   97
14   44.0  47.1  12:00am  41.6  10:50pm   21    0  1.78   0   4   2:38am WNW 29.70   98
15   38.7  43.1   1:09pm  35.2   8:32am   26    0  0.69   0   8   8:11am WNW 29.75   98
16   38.5  43.7  11:48pm  31.7   5:47am   26    0  0.17   1  10   1:02pm  SE 30.03   97
17   40.0  40.8  12:00am  38.3   5:25am    6    0  0.00   0   4  12:00am  NW 30.10   96
18   42.1  47.5   1:05pm  34.3   7:40am   23    0  0.19   0   6  11:40am ESE 30.20   93
19   37.9  43.0  12:30pm  30.4  10:44pm   27    0  0.06   0   5   8:45am WNW 30.20   97
20   33.2  40.7   1:41pm  29.1  11:57pm   32    0  0.00   0   4   5:47am WNW 30.49   96
21   32.1  40.6   2:11pm  26.6   7:14am   32    0  0.01   0   4   3:03pm  NW 30.35   94
22   33.6  42.5   1:54pm  28.2   6:33am   31    0  0.00   0   0  12:00am  NW 30.09   93
23   35.7  40.6   1:45pm  29.4   3:39am   29    0  0.36   0   4   2:39pm  SE 29.84   96
24   37.5  41.2  12:14pm  29.9  11:50pm   27    0  0.18   0   0  12:00am   N 29.88   98
25   29.9  37.0   1:43pm  25.8   7:28am   35    0  0.00   0   4   9:09am  SE 30.28   96
26   29.5  37.9   2:35pm  23.6   7:24am   35    0  0.00   0   0  12:00am   N 30.44   94
27   29.7  38.2   1:50pm  24.0   7:58am   35    0  0.00   0   0  12:00am   N 30.39   94
28   28.9  38.0   1:52pm  23.1   7:24am   36    0  0.00   0   0  12:00am   N 30.28   93
29   27.6  35.7   1:10pm  22.7   7:40am   37    0  0.00   0   0  12:00am   N 30.20   95
30   31.6  42.9   1:22pm  21.5   7:35am   32    0  0.02   0   6  11:20am  SE 30.13   85
---------------------------------------------------------------------------------------
TOT  39.9  55.2  11/6/15  21.5 11/30/15  738    0  9.14   0  16 11/13/15  SE 30.08   95

HEAT BASE: 65.0
COOL BASE: 65.0