NOAA-Style Climate Reports


Report for 2015 August
                  MONTHLY CLIMATOLOGICAL SUMMARY FOR 8/2015
                                        HEAT  COOL        
     MEAN                               DEG   DEG       WIND SPEED       DOM MEAN  MEAN
DAY  TEMP  HIGH   TIME     LOW   TIME   DAYS  DAYS RAIN AVG  HI  TIME    DIR BAROM HUM
---------------------------------------------------------------------------------------
1    70.9  90.4   3:02pm  52.6   6:20am    3    9  0.00   0   6   1:40pm WNW 29.95   55
2    71.3  88.7   3:10pm  55.1   6:09am    2    9  0.00   0   5   9:07am WNW 29.89   63
3    70.3  85.8   2:33pm  62.1   6:26am    1    6  0.00   0   7   1:51pm WNW 29.88   59
4    65.5  79.7   1:14pm  55.4   6:09am    3    4  0.00   1   6  11:15am WNW 29.96   70
5    59.2  71.0   2:33pm  50.8   5:53am    6    0  0.27   0   8   5:48pm WNW 30.05   81
6    62.0  75.7   2:26pm  55.0  12:15am    5    2  0.02   0   5   1:21pm  SE 30.08   82
7    65.0  84.4   2:32pm  50.1   6:00am    5    5  0.00   0   6   2:19pm WNW 29.93   72
8    65.9  79.6   1:11pm  54.9   6:01am    3    4  0.00   0   7  10:37am ESE 29.87   78
9    67.7  85.0   2:45pm  54.8   6:21am    3    5  0.00   0   6  11:58am   S 29.94   69
10   69.3  85.8   2:42pm  58.2   6:28am    2    6  0.00   0   6  12:39pm WNW 29.90   66
11   69.2  84.8   2:44pm  55.9   5:58am    2    6  0.00   1   6  12:29pm WNW 29.91   68
12   67.4  76.0   6:25pm  57.9   5:31am    2    4  0.09   0   7   1:01pm WNW 29.93   81
13   70.2  86.5   2:47pm  58.3   6:23am    2    7  0.00   0   5   9:40am WNW 29.96   75
14   60.5  64.8  10:54am  57.2  11:44pm    5    0  0.79   0  11   7:24pm ESE 29.98   91
15   59.4  65.3   4:42pm  56.3  11:56pm    6    0  0.12   0   5   6:47am ESE 30.21   91
16   61.3  77.0   2:44pm  49.4   5:34am    6    2  0.00   0   6  11:45am WNW 30.20   80
17   63.8  82.3   2:02pm  50.0   6:20am    5    4  0.00   0   6   2:53pm WNW 30.09   77
18   66.8  84.2   2:49pm  53.0   6:26am    4    6  0.00   0   6   2:56pm WNW 29.99   76
19   68.2  91.4   1:53pm  55.9   6:25am    3    6  0.25   0   7   1:05pm WNW 29.86   78
20   61.6  71.1   3:14pm  56.1   4:55am    4    1  0.01   0   8   3:11pm   W 29.89   85
21   60.8  71.4   2:40pm  53.4  11:57pm    5    1  0.00   0   8   2:39pm ESE 29.96   76
22   61.8  80.9   2:47pm  48.0   6:18am    7    4  0.00   0   7   3:08pm WNW 30.04   72
23   64.3  83.0   2:40pm  50.3   7:01am    5    5  0.00   0   5   2:58pm WNW 29.94   70
24   61.4  79.9   2:47pm  48.5   6:35am    6    3  0.00   0   6   1:20pm WNW 30.01   68
25   61.3  79.1   2:22pm  46.4   6:30am    7    3  0.00   0   6  10:26am WNW 30.04   65
26   64.7  85.4   2:44pm  49.5   5:56am    5    5  0.00   0   6   1:27pm WNW 29.98   66
27   68.4  88.7   2:17pm  54.9   6:58am    3    6  0.00   0   6  12:02pm ESE 30.00   61
28   66.6  75.0   1:55pm  60.0   7:03am    1    3  0.01   0   9   7:23am ESE 29.89   71
29   56.6  56.7  12:05am  56.0   1:05am    0    0  0.24   0   5  12:25am  SE 29.74   96
30   59.4  66.7   1:21pm  54.2   8:07am    6    0  0.49   1  14   3:30pm  SE 29.88   86
31   59.0  60.5   4:20pm  57.4   3:28am    6    0  0.23   1  11   8:26am  SE 29.93   88
---------------------------------------------------------------------------------------
TOT  64.7  91.4  8/19/15  46.4  8/25/15  122  114  3.74   0  18  8/29/15 WNW 29.96   74

HEAT BASE: 65.0
COOL BASE: 65.0