NOAA-Style Climate Reports


Report for 2015 July
                  MONTHLY CLIMATOLOGICAL SUMMARY FOR 7/2015
                                        HEAT  COOL        
     MEAN                               DEG   DEG       WIND SPEED       DOM MEAN  MEAN
DAY  TEMP  HIGH   TIME     LOW   TIME   DAYS  DAYS RAIN AVG  HI  TIME    DIR BAROM HUM
---------------------------------------------------------------------------------------
1    69.5  87.9   3:48pm  54.8   5:39am    3    8  0.00   0   7   2:10pm WNW 29.99   74
2    74.4  92.8   4:09pm  58.4   5:35am    1   11  0.00   0   6   1:57pm WNW 29.95   64
3    74.4  94.3   3:18pm  58.1   5:43am    1   10  0.00   0   6   2:54pm WNW 29.89   62
4    69.9  91.0   3:04pm  56.8   5:38am    3    7  0.00   1   8   1:47pm  NW 29.81   66
5    71.4  91.4   3:38pm  54.8   5:47am    3    9  0.00   0   6   2:10pm  NW 29.81   66
6    72.1  89.8   2:38pm  59.1   5:03am    1    8  0.00   0   6  12:37pm  SE 29.94   62
7    66.8  81.5   2:10pm  55.3   5:54am    3    5  0.00   0   5  11:34am   W 29.96   73
8    70.0  88.0   2:59pm  55.5   5:51am    3    8  0.00   0   6  11:28am WNW 29.81   68
9    70.9  88.3   2:45pm  57.0   5:57am    2    8  0.00   0   5   1:43pm WNW 29.70   70
10   63.1  68.1   3:03pm  60.8   6:33am    2    0  0.03   0   5   2:10am   S 29.83   86
11   64.2  70.7   4:19pm  60.5   5:35am    2    1  0.01   0   5   8:49am ESE 29.89   77
12   67.1  81.0   4:02pm  60.0  11:57pm    2    4  0.00   0   6   5:01pm WNW 29.98   73
13   64.8  74.8   1:31pm  57.6   2:21am    3    2  0.00   0   5  11:58am WNW 30.04   78
14   65.2  81.6   2:38pm  51.0   5:48am    5    5  0.00   0   6   1:57pm WNW 30.01   67
15   65.0  81.0  12:50pm  53.6   5:39am    4    4  0.00   1   8   8:50pm WNW 30.03   69
16   64.4  75.4   1:08pm  57.3  11:57pm    3    2  0.21   0   6   1:33pm WNW 30.10   68
17   65.1  81.6   2:39pm  50.5   6:09am    5    5  0.00   0   6  12:53pm WNW 30.06   67
18   71.9  92.4   3:14pm  53.2   6:02am    3   10  0.00   0   5  11:11am WNW 29.96   61
19   77.2  97.5   2:12pm  59.4   6:03am    1   13  0.00   0   7   3:04pm WNW 29.93   55
20   68.6  81.6   2:32pm  61.1  10:54pm    1    5  0.00   1   9   3:22pm WNW 30.00   69
21   63.1  71.8   4:43pm  57.0  11:56pm    3    1  0.00   0   5   7:31am WNW 29.95   74
22   62.0  73.1  12:57pm  53.5   5:35am    5    1  0.00   0   6  11:34am WNW 29.90   73
23   63.1  80.4   2:49pm  52.2   3:58am    5    3  0.02   0   8   2:42pm WNW 29.95   73
24   61.7  71.6   4:08pm  51.4   6:08am    5    1  0.36   0  10   6:00pm ESE 30.04   81
25   58.5  63.9   2:48pm  55.4  11:40pm    7    0  0.18   0   5   2:00pm WNW 30.05   90
26   58.1  69.9   2:58pm  53.7  11:51pm    7    0  0.12   0   5  12:15pm WNW 30.06   91
27   60.1  72.1   4:14pm  53.4   5:30am    6    1  0.00   0   7   1:45pm  SE 30.17   83
28   64.8  81.3   2:41pm  51.6   6:37am    4    4  0.00   0   6  12:59pm WNW 30.22   73
29   69.5  89.1   2:27pm  52.4   6:16am    3    8  0.00   0   7   3:12pm WNW 30.13   64
30   71.6  93.1   2:08pm  53.6   6:14am    3   10  0.00   0   6   9:40am WNW 30.05   61
31   72.1  96.2   2:20pm  54.8   6:10am    3   10  0.01   0   5  11:41am WNW 30.02   57
---------------------------------------------------------------------------------------
TOT  67.1  97.5  7/19/15  50.5  7/17/15   99  164  0.94   0  10  7/24/15 WNW 29.98   71

HEAT BASE: 65.0
COOL BASE: 65.0