NOAA-Style Climate Reports

Select a Year or Month report
2018: Jan Feb Mar Apr May Jun Jul Aug Sep Oct Nov Dec
2017: Jan Feb Mar Apr May Jun Jul Aug Sep Oct Nov Dec
2016: Jan Feb Mar Apr May Jun Jul Aug Sep Oct Nov Dec
2015: Jan Feb Mar Apr May Jun Jul Aug Sep Oct Nov Dec
2014: Jan Feb Mar Apr May Jun Jul Aug Sep Oct Nov Dec
2013: Jan Feb Mar Apr May Jun Jul Aug Sep Oct Nov Dec

Report for 2015 May
                  MONTHLY CLIMATOLOGICAL SUMMARY FOR 5/2015
                                        HEAT  COOL        
     MEAN                               DEG   DEG       WIND SPEED       DOM MEAN  MEAN
DAY  TEMP  HIGH   TIME     LOW   TIME   DAYS  DAYS RAIN AVG  HI  TIME    DIR BAROM HUM
---------------------------------------------------------------------------------------
1    53.8  67.1   1:55pm  45.5   4:12am   11    0  0.00   1   8   2:30pm  NW 30.05   77
2    53.0  67.8   1:38pm  41.8   6:15am   12    0  0.00   1   6   9:39am  NW 30.03   71
3    52.5  71.6   2:06pm  37.2   5:50am   13    1  0.12   0   5   9:39am  NW 29.95   71
4    51.5  64.7   3:04pm  39.6   6:01am   13    0  0.00   1  14   2:29pm ESE 29.91   79
5    46.8  56.8   1:17pm  42.2  11:22pm   18    0  1.11   0  10   2:14am  SE 30.03   90
6    48.0  58.0   4:09pm  39.7   4:40am   17    0  0.00   0   5   1:33pm  NW 30.11   86
7    51.3  69.0   2:46pm  38.3   5:15am   14    0  0.00   0   6  12:43pm  NW 30.10   83
8    55.8  74.4   2:41pm  40.9   6:03am   11    1  0.00   0   6  11:30am WNW 30.02   75
9    59.4  82.4   2:44pm  44.2   5:44am    8    2  0.01   0   7  12:53pm WNW 30.05   73
10   57.8  72.3   1:46pm  47.1   6:02am    8    1  0.00   0   6   2:28pm  NW 30.02   76
11   53.9  59.0   4:55pm  51.0   5:59am   11    0  0.00   0   5   4:59pm WNW 29.97   85
12   53.6  58.8  12:16pm  50.8   5:47am   11    0  0.07   0   6  11:35pm ESE 29.83   91
13   50.5  52.0   5:23pm  47.6  11:56pm   26    0  0.42   0   6   8:30am ESE 29.88   97
14   52.1  58.2   5:26pm  47.5  12:05am   13    0  0.02   0   5  12:58pm WNW 29.88   93
15   53.0  55.8  12:52pm  51.7   5:45am    6    0  0.00   0   4   8:33am  SE 29.95   89
16   54.7  58.6   5:04pm  51.7   5:45am   10    0  0.00   0   6   4:35pm ESE 29.97   86
17   56.0  62.9   5:32pm  50.7   6:37am    9    0  0.01   0   5   3:26pm  SE 30.05   88
18   62.0  78.3   2:25pm  49.6   6:23am    6    3  0.00   0   5   9:45am WNW 30.03   76
19   61.6  72.8   2:30pm  52.9   6:11am    5    2  0.00   0   5  10:30am  NW 30.04   80
20   60.5  74.1   2:46pm  52.6   2:37am    6    2  0.00   0   5  11:37am WNW 29.94   84
21   65.3  81.6   1:58pm  51.1   5:48am    4    5  0.00   0   6   4:02pm  NW 29.84   75
22   57.6  62.1   4:31pm  54.6   7:31am    7    0  0.00   0   6  11:21am WNW 29.96   86
23   57.1  63.1   4:22pm  53.5   6:14am    8    0  0.00   0   5  12:06am WNW 30.13   84
24   57.3  63.0   5:31pm  52.8   7:07am    8    0  0.00   0   4  11:43am ESE 30.08   85
25   56.2  60.1   3:11pm  52.6   5:38am    9    0  0.00   0   5  11:12am  SE 30.00   84
26   59.1  67.0   1:21pm  53.4   4:06am    6    0  0.00   0   5   4:35pm WNW 30.02   83
27   61.7  75.7   3:10pm  50.6   4:22am    5    2  0.00   0   5  11:38am WNW 30.03   81
28   65.2  82.3   2:35pm  50.4   6:02am    5    5  0.00   0   6   1:09pm  NW 30.01   75
29   66.4  84.4   3:56pm  53.5   5:58am    4    5  0.00   0   5  12:48pm WNW 29.93   72
30   60.5  75.9   3:35pm  50.6   5:21am    7    2  0.00   0   6  12:00pm WNW 29.92   73
31   61.5  76.6   2:30pm  49.5   5:22am    6    3  0.00   0   5  12:16pm  NW 29.84   75
---------------------------------------------------------------------------------------
TOT  56.7  84.4  5/29/15  37.2   5/3/15  298   34  1.76   0  14   5/4/15 WNW 29.98   81

HEAT BASE: 65.0
COOL BASE: 65.0