NOAA-Style Climate Reports


Report for 2015 April
                  MONTHLY CLIMATOLOGICAL SUMMARY FOR 4/2015
                                        HEAT  COOL        
     MEAN                               DEG   DEG       WIND SPEED       DOM MEAN  MEAN
DAY  TEMP  HIGH   TIME     LOW   TIME   DAYS  DAYS RAIN AVG  HI  TIME    DIR BAROM HUM
---------------------------------------------------------------------------------------
1    44.2  55.7   2:08pm  38.5   1:29am   20    0  0.08   1   7  10:42am  SE 30.26   88
2    45.2  54.9   2:58pm  39.5   2:51am   20    0  0.14   0   7  11:36am  SE 30.36   87
3    44.3  52.7  11:15am  38.2   6:53am   21    0  0.06   0   8  12:16pm ESE 30.19   86
4    44.5  56.6   2:37pm  35.8   2:01am   20    0  0.00   0   7  10:01am  SE 30.07   78
5    45.4  63.3   1:32pm  31.1   6:40am   20    0  0.00   0   9   6:39pm  NW 29.75   70
6    44.7  52.5   3:51pm  38.7  11:57pm   20    0  0.00   1  10  11:55am  SE 29.80   82
7    45.2  54.9   5:20pm  36.7   2:56am   19    0  0.00   0   5   1:07pm  NW 29.85   86
8    50.2  62.7   2:15pm  41.7  11:58pm   15    0  0.01   0   6  11:59am WNW 30.05   77
9    49.9  66.8   1:35pm  36.7   6:31am   15    0  0.00   1   7   6:53pm WNW 30.07   77
10   48.4  57.6   2:31pm  41.4   5:02am   17    0  0.37   1  12   2:29pm  SE 29.86   83
11   44.0  55.3   2:42pm  39.0   9:47pm   21    0  0.20   1  12  12:18am  NW 29.93   91
12   46.0  54.5  12:12pm  40.5   2:23am   19    0  0.01   0   9  11:25am  SE 30.16   80
13   43.1  53.4  10:53am  38.3  11:09pm   22    0  0.61   0   7   4:04pm   W 29.93   90
14   42.1  50.3   1:33pm  37.5   4:25am   23    0  0.09   0   6  12:27pm  SE 30.25   92
15   43.8  60.3   2:34pm  33.5   4:31am   21    0  0.00   0   6  10:47am  SE 30.50   79
16   48.0  65.6   2:52pm  32.6   6:38am   17    0  0.00   0   6  11:50am  NW 30.34   75
17   52.1  69.9   2:58pm  38.3   6:04am   13    0  0.00   0   7  12:35pm  NW 30.24   76
18   52.4  69.9   2:21pm  38.4   6:31am   13    0  0.00   0   7   3:51pm  NW 30.30   76
19   53.3  71.2   2:39pm  38.4   6:27am   12    1  0.00   0   6   1:29pm  NW 30.12   76
20   56.7  76.6   1:39pm  40.4   6:29am   10    2  0.00   0   6   1:52pm  NW 29.90   70
21   50.5  62.9  12:16pm  42.1  11:40pm   15    0  0.12   1   8   4:44pm  NW 29.95   84
22   47.0  60.1   2:07pm  38.0   6:07am   18    0  0.00   0   6  12:12pm  SE 30.12   79
23   46.2  52.7  12:50pm  41.4   9:38pm   19    0  0.12   1  11   9:33am  SE 29.88   82
24   45.8  51.6  12:41pm  41.3   4:04am   19    0  0.17   2  18   3:13pm  SE 29.81   85
25   44.8  52.2  10:44am  38.7  11:24pm   20    0  0.07   0   6  10:36am  SE 29.98   87
26   48.2  60.5   3:17pm  35.6   6:30am   17    0  0.00   0   7   1:21pm  SE 30.19   79
27   60.6  80.0   2:45pm  49.2   5:27am    7    3  0.11   0   8   7:01am  SE 30.12   79
28   52.8  59.5   3:39am  47.1  11:34pm   12    0  0.08   0  14   6:48am  SE 30.06   88
29   52.1  62.8   2:02pm  44.9   5:31am   13    0  0.05   0   9   1:52pm ESE 30.22   79
30   54.4  66.4   2:45pm  46.9   4:52am   11    0  0.00   0   8   9:47am ESE 30.24   72
---------------------------------------------------------------------------------------
TOT  48.2  80.0  4/27/15  31.1   4/5/15  508    6  2.29   0  18  4/24/15  SE 30.08   81

HEAT BASE: 65.0
COOL BASE: 65.0