NOAA-Style Climate Reports


Report for 2015 March
                  MONTHLY CLIMATOLOGICAL SUMMARY FOR 3/2015
                                        HEAT  COOL        
     MEAN                               DEG   DEG       WIND SPEED       DOM MEAN  MEAN
DAY  TEMP  HIGH   TIME     LOW   TIME   DAYS  DAYS RAIN AVG  HI  TIME    DIR BAROM HUM
---------------------------------------------------------------------------------------
1    41.1  53.1   2:09pm  29.2   6:49am   24    0  0.00   0   7  10:34am  SE 30.13   78
2    42.5  52.7   1:14pm  31.8  11:57pm   22    0  0.00   1   7  11:31am  NW 30.03   80
3    36.8  51.6   1:31pm  28.6   5:36am   28    0  0.00   0   5  10:51am  NW 30.22   78
4    37.9  55.5   1:26pm  26.1   6:30am   27    0  0.00   0   5   1:41pm  NW 30.29   74
5    41.8  58.1   1:20pm  30.4   5:54am   23    0  0.00   0   6  11:09am WNW 30.35   75
6    43.4  60.7   2:08pm  33.0   4:08am   22    0  0.00   0   5  12:47pm  NW 30.38   81
7    45.0  62.1   1:19pm  32.7   6:45am   20    0  0.00   0   7   2:21pm  NW 30.30   83
8    46.4  65.4   2:22pm  32.9   7:45am   18    0  0.00   0   5  11:51am  NW 30.19   83
9    46.5  64.0   3:04pm  35.0   7:48am   18    0  0.00   0   7  11:36am WNW 30.09   82
10   47.4  58.8   1:52pm  38.3   7:33am   17    0  0.00   0   9  10:24pm  NW 29.89   84
11   50.9  55.1   2:53pm  45.8   4:45am   14    0  0.12   0   6  12:00am  SE 29.97   95
12   54.7  65.8   2:00pm  44.4  11:36pm   10    0  0.00   1  10  10:51am  SE 30.33   80
13   53.9  70.8   1:26pm  42.2   3:11am   12    1  0.03   0   8   3:07pm  SE 30.10   77
14   52.5  58.6   2:21pm  47.9  11:46pm   12    0  0.60   1  12  11:48am  SE 29.88   93
15   45.9  47.9  12:00am  42.3  11:58pm   19    0  2.07   0   5   6:16pm  NW 29.81   97
16   45.8  55.9   2:31pm  40.4   7:43am   19    0  0.07   0   6   3:07pm  NW 30.18   93
17   45.5  60.3   2:01pm  35.7   5:55am   19    0  0.03   0   9   2:19pm  SE 30.09   90
18   50.1  63.0   2:30pm  43.4   7:47am   15    0  0.03   0   9   9:41am  SE 30.25   83
19   50.5  60.0   2:51pm  45.3   3:11am   15    0  0.06   0   6  11:01am  SE 30.10   81
20   51.0  59.6  12:11pm  45.7   7:00am   14    0  0.12   0   5  12:59pm WNW 29.92   92
21   50.9  59.0   2:50pm  44.1   9:57pm   14    0  0.11   1  14  10:54am  SE 30.02   84
22   45.5  49.8   4:55pm  39.3   6:13am   19    0  0.28   0   8   3:18pm  SE 29.99   94
23   43.9  47.6   4:56pm  39.8   7:20am   21    0  0.27   0  12   5:04pm  SE 29.94   96
24   46.0  53.2   1:32pm  41.9   7:27am   19    0  0.11   1  10   6:32pm  SE 30.11   90
25   48.8  54.3   6:00pm  43.0   4:53am   16    0  0.59   1  10   8:32am  SE 30.23   97
26   57.9  73.7   1:46pm  47.3   7:33am    8    1  0.02   0   6  12:57pm  SE 30.22   84
27   54.9  70.3   1:11pm  43.8   6:31am   10    1  0.05   1  10  10:31pm ESE 30.00   84
28   52.7  60.6   3:16pm  48.5   7:20am   12    0  0.00   1  13   1:01am ESE 30.23   79
29   52.8  59.3   3:09pm  47.7   6:41am   12    0  0.02   1  12  12:31pm  SE 30.22   82
30   56.5  66.2   3:12pm  49.7   7:04am    8    0  0.01   0   9   3:55pm  SE 29.99   78
31   45.6  53.2  12:00am  38.9  11:10pm   19    0  0.67   0   9  10:23pm  SE 30.04   93
---------------------------------------------------------------------------------------
TOT  47.9  73.7  3/26/15  26.1   3/4/15  530    3  5.26   0  13  3/21/15  SE 30.11   85

HEAT BASE: 65.0
COOL BASE: 65.0