NOAA-Style Climate Reports


Report for 2015 February
                  MONTHLY CLIMATOLOGICAL SUMMARY FOR 2/2015
                                        HEAT  COOL        
     MEAN                               DEG   DEG       WIND SPEED       DOM MEAN  MEAN
DAY  TEMP  HIGH   TIME     LOW   TIME   DAYS  DAYS RAIN AVG  HI  TIME    DIR BAROM HUM
---------------------------------------------------------------------------------------
1    41.9  45.8  10:54pm  38.8   1:48am   23    0  0.11   0   7  12:13pm  SE 30.06   98
2    45.0  49.5   2:54pm  39.5   5:12am   20    0  0.27   0  11   4:48pm  SE 29.96   97
3    44.9  47.8  11:45am  41.5   5:37am   20    0  0.20   0   5   2:13am  SE 30.07   97
4    42.8  47.1   4:19pm  37.2   5:18am   22    0  0.28   0   8   4:54pm  SE 29.94   98
5    49.1  54.2   1:10pm  44.6  12:07am   16    0  0.98   2  12  10:23pm  SE 29.55   98
6    50.7  52.9   9:34am  45.6  11:25pm   14    0  1.21   2  11  12:04am  SE 29.40   98
7    49.2  52.4  11:40am  46.1  12:00am   16    0  0.97   1  11  11:19am  SE 29.57   98
8    49.7  53.7  11:11am  45.5   6:01am   15    0  0.19   0   7  12:00am  SE 29.83   96
9    49.2  54.0   2:43pm  45.1   6:29am   16    0  0.39   0   5   7:54pm  SE 29.74   99
10   48.7  52.0   1:55pm  42.7  10:42pm   16    0  0.31   0   9   1:22am  SE 30.22   97
11   46.4  53.5   2:38pm  39.1   5:15am   19    0  0.00   0   1   7:00pm   N 30.19   98
12   51.0  59.2   2:43pm  46.1   4:28am   14    0  0.01   0   6  12:38pm  SE 30.23   95
13   51.0  59.8   2:19pm  43.3   7:15am   14    0  0.00   0   7  10:23pm WNW 30.17   94
14   48.3  54.6   1:57pm  36.4  11:54pm   17    0  0.04   0   2   1:07pm WNW 30.35   95
15   40.9  51.5  12:45pm  33.1   6:01am   24    0  0.00   0   7   1:27pm  NW 30.40   93
16   43.4  53.6   1:25pm  35.6  11:58pm   21    0  0.00   0   5   7:38am  NW 30.30   88
17   41.6  56.8   1:06pm  30.8   7:12am   23    0  0.00   0   5  12:49pm  NW 30.17   83
18   44.1  55.6  10:53am  34.6   6:19am   21    0  0.00   0   8  10:56am  SE 30.21   86
19   46.1  50.3  10:59am  39.9  12:14am   19    0  0.08   0   6  10:50am  SE 30.25   96
20   46.0  49.5   1:59pm  40.4  11:26pm   19    0  0.10   0   0  12:00am   N 30.26   98
21   42.1  50.9   1:44pm  34.9  11:54pm   23    0  0.00   0   5   6:45am  NW 30.33   94
22   38.2  50.2  11:23am  30.1   6:56am   27    0  0.00   0   5  10:57am  SE 30.42   82
23   39.3  56.3  12:33pm  28.4   6:57am   25    0  0.00   0   5  11:34am  NW 30.40   78
24   40.4  52.9   2:10pm  30.6   7:34am   24    0  0.00   0   5  11:15am  NW 30.37   83
25   43.2  48.8   1:22pm  38.0  12:00am   22    0  0.15   0   5   1:08pm  SE 30.36   96
26   46.3  51.0  12:49pm  42.9   7:20am   19    0  0.21   0   5  11:03pm  SE 30.08   96
27   45.2  49.6   3:08pm  40.5  11:57pm   20    0  0.74   0   5  12:26pm  NW 29.78   97
28   39.9  53.3   1:53pm  30.6   6:49am   25    0  0.00   0   5  11:42am  NW 30.14   81
---------------------------------------------------------------------------------------
TOT  45.2  59.8  2/13/15  28.4  2/23/15  553    0  6.24   0  12   2/5/15  SE 30.10   93

HEAT BASE: 65.0
COOL BASE: 65.0