NOAA-Style Climate Reports


Report for 2015 January
                  MONTHLY CLIMATOLOGICAL SUMMARY FOR 1/2015
                                        HEAT  COOL        
     MEAN                               DEG   DEG       WIND SPEED       DOM MEAN  MEAN
DAY  TEMP  HIGH   TIME     LOW   TIME   DAYS  DAYS RAIN AVG  HI  TIME    DIR BAROM HUM
---------------------------------------------------------------------------------------
1    27.9  37.6   1:52pm  22.1   7:40am   37    0  0.00   0   5  12:53pm SSE 30.31   91
2    33.4  37.7  12:17pm  28.4  12:00am   32    0  0.08   0   9  12:15pm  SE 30.16   95
3    35.0  38.4   2:36pm  32.4   5:31am   30    0  0.01   0   2  11:22am SSE 30.25   98
4    40.4  49.8  11:48pm  34.3  12:00am   25    0  0.60   1  15  11:49pm  SE 30.14   98
5    51.7  52.8   2:49pm  49.7  12:00am   13    0  0.98   1  12  12:30am  SE 30.17   98
6    45.6  51.3   2:43pm  37.8  11:57pm   19    0  0.00   0   2   3:58am ESE 30.27   98
7    39.2  44.4   1:10pm  35.9   6:57am   26    0  0.01   0   4   3:03am  NW 30.27   99
8    36.7  39.4   3:42pm  31.4  11:44pm   28    0  0.00   0   2   9:26am  NW 30.17   99
9    37.4  44.7   2:13pm  31.6  12:00am   28    0  0.00   0   4  12:14pm  NW 30.07   99
10   42.4  44.7   3:33pm  39.7  12:00am   23    0  0.11   0   4   5:52am  SE 30.02   99
11   44.4  47.5   2:41pm  42.0  11:57pm   21    0  0.02   0   1   5:56am ESE 30.13   99
12   41.0  47.1   3:17pm  35.7   7:44am   24    0  0.01   0   4  11:45am  SE 30.33   98
13   37.0  43.0  12:07pm  30.9   7:15am   28    0  0.00   0   0  12:00am   N 30.42   98
14   35.4  44.1   3:06pm  29.6   7:21am   30    0  0.00   0   7   4:26pm  NW 30.23   96
15   37.7  43.7   4:57pm  29.8   1:23am   27    0  0.26   2  14   8:35pm  SE 30.03   93
16   43.8  49.4  12:42pm  37.2  11:59pm   21    0  0.01   0   8   4:33am  SE 30.09   93
17   42.4  49.3  10:35pm  35.7   1:07am   23    0  1.22   1  14  10:57pm  SE 29.90   94
18   47.3  53.4   1:11am  43.3  10:56am   18    0  0.60   2  19   6:53am  SE 29.99   95
19   44.3  49.0   1:23pm  38.1   8:55pm   21    0  0.03   0   8   3:38am  SE 30.38   93
20   37.4  44.5   2:12pm  30.3  11:57pm   28    0  0.00   0   4  11:24am  NW 30.40   96
21   36.0  43.9   2:35pm  29.0   6:52am   29    0  0.00   0   1   4:13am  NW 30.28   97
22   43.2  46.8  10:47pm  39.6  12:00am   22    0  0.10   0   5  11:29am  SE 30.32   98
23   50.2  54.7  10:20pm  46.1   3:56am   15    0  0.32   1  13   7:48pm  SE 30.32   99
24   54.8  57.9   4:28pm  52.9   6:36am   10    0  0.02   1   8   1:49am  SE 30.25   97
25   51.5  60.1   1:09pm  41.6  11:59pm   13    0  0.00   0   2  12:00am  SE 30.11   93
26   48.9  63.5  12:54pm  39.8   4:02am   16    0  0.00   0   9  12:55pm  SE 29.94   88
27   46.5  49.8  12:55pm  42.4   2:23am   19    0  0.12   0   5  11:31am  SE 30.08   98
28   43.8  50.9   1:38pm  35.9  11:59pm   21    0  0.01   0   2  11:10am  NW 30.35   97
29   38.7  48.3   2:31pm  33.1   4:26am   26    0  0.00   0   5  12:21pm  NW 30.33   94
30   38.2  49.7   1:53pm  30.6   6:59am   27    0  0.00   0   4  10:27am  SE 30.29   93
31   37.7  43.7   3:04pm  32.3   2:41am   27    0  0.00   0   4  10:49am  NW 30.20   97
---------------------------------------------------------------------------------------
TOT  41.6  63.5  1/26/15  22.1   1/1/15  724    0  4.51   0  19  1/18/15  SE 30.20   96

HEAT BASE: 65.0
COOL BASE: 65.0