NOAA-Style Climate Reports


Report for 2014 December
                  MONTHLY CLIMATOLOGICAL SUMMARY FOR 12/2014
                                        HEAT  COOL        
     MEAN                               DEG   DEG       WIND SPEED       DOM MEAN  MEAN
DAY  TEMP  HIGH   TIME     LOW   TIME   DAYS  DAYS RAIN AVG  HI  TIME    DIR BAROM HUM
---------------------------------------------------------------------------------------
1    25.4  33.3   2:28pm  19.5   7:30am   40    0  0.00   0   0  12:00am   N 30.16   93
2    26.4  33.6   2:03pm  19.9   7:36am   39    0  0.00   0   4  11:54am WNW 30.12   94
3    29.3  39.6   2:02pm  23.3   2:56am   36    0  0.01   0   4   1:51pm WNW 29.83   95
4    37.3  42.9   1:43pm  32.6  12:01am   28    0  0.18   0   2   9:12pm ESE 29.85   97
5    44.0  51.9  11:59pm  39.3  12:01am   21    0  0.24   1  10   8:37pm  SE 29.90   94
6    46.8  52.7  12:09am  42.9   7:56am   18    0  0.33   0  10   3:35am ESE 30.04   96
7    46.2  52.4   2:25pm  37.2   8:03am   19    0  0.01   1   9   6:30pm  SE 30.10   88
8    49.9  56.0  11:00am  46.2   9:18pm   15    0  0.53   1  12   6:52pm ESE 29.96   81
9    52.2  57.9   2:27pm  46.6  12:01am   13    0  0.63   2  14  10:14am ESE 29.81   93
10   53.3  61.3  11:24am  49.7  12:38am   11    0  0.70   3  20   9:01am ESE 29.46   87
11   48.3  55.4   8:27pm  43.6   5:52am   17    0  0.37   1  23   9:14pm ESE 29.31   90
12   47.8  51.3  12:04pm  42.7   6:14pm   17    0  0.03   1  16  12:12am  SE 29.80   87
13   41.5  47.2  12:38pm  33.6  11:59pm   23    0  0.01   0   4   8:22am  SE 30.18   96
14   34.5  44.2   1:40pm  29.4   7:17am   53    0  0.00   0   4   4:24pm  SE 30.11   96
15   38.9  51.3  12:47pm  29.8   1:47am   26    0  0.00   0   8  11:36pm  SE 29.91   84
16   43.4  46.7  10:47am  36.3  11:59pm   48    0  0.01   1  12  11:49am  SE 29.83   80
17   41.6  44.8   1:27pm  35.4  12:58am   23    0  0.12   0   8   4:06am  SE 29.85   96
18   43.5  47.0   3:38pm  41.6   7:18am   21    0  0.61   1  13  10:36pm  SE 29.85   96
19   44.8  49.6  12:18pm  42.7   7:45am   20    0  0.17   1  10  11:31am  SE 29.89   93
20   45.7  53.9   8:33pm  41.7   1:49am   39    0  0.48   2  14  10:39pm  SE 29.59   96
21   48.4  52.3  12:00am  45.4  11:55pm   16    0  0.12   0   6  12:03am  NW 29.89   97
22   42.5  48.0   1:54pm  36.3   7:58am   22    0  0.00   0   5  11:44am WNW 30.30   96
23   43.6  52.7   1:55pm  40.0  11:34pm   44    0  1.40   1  11   9:40am  SE 30.17   96
24   39.7  42.1   1:44pm  38.2  11:15pm   24    0  0.47   0   5  12:07am  SE 29.95   98
25   38.6  42.7   1:57pm  35.2   8:15pm   26    0  0.48   0   4  12:33am  SE 30.19   98
26   38.8  41.3   3:29pm  37.3  12:00am   26    0  0.00   0   2   6:03am  SE 30.34   98
27   41.0  44.9  10:41am  38.7  12:47am   24    0  0.56   0   8   9:14am  SE 30.12   99
28   37.7  40.1  12:00am  35.7   7:26am   27    0  0.54   0   2  12:00am  NW 30.16   99
29   33.4  36.6   3:47pm  27.4  11:47pm   32    0  0.00   0   2   3:50am WNW 30.44   97
30   26.3  31.7   1:17pm  22.2   8:14am   39    0  0.00   0   4   6:27am  NW 30.80   93
31   26.7  32.4   1:47pm  21.7   8:11am   38    0  0.00   0   4  12:42pm  NW 30.58   93
---------------------------------------------------------------------------------------
TOT  40.5  61.3 12/10/14  19.5  12/1/14  846    0  8.00   1  23 12/11/14  SE 30.02   93

HEAT BASE: 65.0
COOL BASE: 65.0