NOAA-Style Climate Reports


Report for 2014 September
                  MONTHLY CLIMATOLOGICAL SUMMARY FOR 9/2014
                                        HEAT  COOL        
     MEAN                               DEG   DEG       WIND SPEED       DOM MEAN  MEAN
DAY  TEMP  HIGH   TIME     LOW   TIME   DAYS  DAYS RAIN AVG  HI  TIME    DIR BAROM HUM
---------------------------------------------------------------------------------------
1    62.0  77.3   2:46pm  51.6   5:25am   11    3  0.00   0   7  11:59am  SE 30.03   79
2    59.5  66.3  12:31pm  54.4   9:38pm    6    0  0.34   0   9   4:53pm WNW 29.88   86
3    56.6  64.1   3:25pm  51.1  11:54pm    8    0  0.40   0   4  12:33am  NW 30.03   93
4    57.9  73.9   1:57pm  45.5   6:50am    8    1  0.00   0   6   1:19pm WNW 30.10   84
5    62.0  80.6   2:42pm  48.0   6:49am    6    3  0.00   0   6   1:49pm WNW 30.09   79
6    64.3  88.2   1:53pm  48.4   6:48am    6    5  0.00   0   4  10:45am WNW 29.95   72
7    65.2  87.2   1:29pm  51.6   6:59am    5    5  0.00   0   5   1:14pm WNW 29.84   72
8    60.0  67.9   2:40pm  54.3   6:32am    5    0  0.00   0   6  10:37am  SE 29.87   84
9    58.9  66.1   3:34pm  54.3  11:14pm    6    0  0.05   0   5  12:16pm  SE 30.06   88
10   57.4  72.0   2:22pm  47.5  11:57pm    8    1  0.00   0   5   2:06pm WNW 30.18   81
11   56.3  77.9   1:53pm  41.9   6:40am   11    2  0.00   0   6   1:15pm WNW 30.23   65
12   55.7  77.0   1:12pm  39.4   7:02am   11    2  0.00   0   6  12:14pm WNW 30.03   66
13   59.1  83.7   1:59pm  42.3   7:09am   10    4  0.00   0   5  12:34pm WNW 29.92   66
14   61.6  85.3   1:40pm  45.3   7:10am   18    8  0.00   0   5   3:24pm WNW 29.87   67
15   64.3  89.9   1:52pm  47.6   7:06am    7    6  0.00   0   5   1:28pm WNW 29.82   67
16   62.5  76.5   2:28pm  53.6   3:41am    5    2  0.00   0   6  11:54am ESE 29.85   79
17   62.3  74.2   1:49pm  56.9   7:45am    4    1  0.03   0   5  11:20am WNW 29.75   87
18   60.7  63.1   4:56pm  58.4   4:22am    4    0  0.09   0   6   8:13pm  SE 29.81   95
19   65.8  77.3   2:27pm  60.0  11:56pm    2    2  0.00   0   8   9:53am ESE 30.04   80
20   61.0  73.6   2:20pm  54.5   3:46am    5    1  0.00   0   5  12:29pm WNW 30.01   89
21   65.1  86.0   2:00pm  51.4   7:07am    5    5  0.00   0   4   9:01am ESE 29.85   78
22   62.6  72.1   2:58pm  58.4  11:57pm    3    1  0.02   0   7  12:44am ESE 29.94   85
23   60.3  65.8   1:24pm  56.3   1:26am    5    0  0.47   0   6   6:06pm  SE 29.81   94
24   59.7  62.1   4:38pm  56.3  11:54pm    5    0  1.06   0   8   2:12pm  SE 29.80   97
25   58.4  66.8   2:41pm  55.3  10:22pm    7    0  0.73   0   7   2:21pm  SE 29.85   95
26   57.8  63.7   4:18pm  54.8   8:02am    7    0  0.36   0   7  12:41pm  SE 29.98   96
27   57.0  66.2   1:43pm  52.3   4:29am    8    0  0.00   0   5   1:23pm WNW 30.10   94
28   54.8  60.0   3:30pm  49.5  11:56pm   10    0  0.00   0   0  12:00am   N 29.99   96
29   54.2  60.3   2:57pm  47.8   6:15am   11    0  0.62   0   8  11:23am ESE 29.90   96
30   54.2  58.4   2:20pm  51.3   5:41am   11    0  0.02   0   4  12:40am ESE 30.07   97
---------------------------------------------------------------------------------------
TOT  59.9  89.9  9/15/14  39.4  9/12/14  218   54  4.19   0   9   9/2/14 WNW 29.96   84

HEAT BASE: 65.0
COOL BASE: 65.0