NOAA-Style Climate Reports


Report for 2014 July
                  MONTHLY CLIMATOLOGICAL SUMMARY FOR 7/2014
                                        HEAT  COOL        
     MEAN                               DEG   DEG       WIND SPEED       DOM MEAN  MEAN
DAY  TEMP  HIGH   TIME     LOW   TIME   DAYS  DAYS RAIN AVG  HI  TIME    DIR BAROM HUM
---------------------------------------------------------------------------------------
1    70.6  91.9   2:26pm  52.7   4:51am    4    9  0.00   0   6   2:12pm  NW 29.86   68
2    67.0  82.1   2:37pm  56.1  11:55pm    2    4  0.00   0   6   9:41am  NW 29.90   73
3    60.8  68.3   3:51pm  56.0  12:03am    5    0  0.00   0   6  11:36am  NW 30.06   77
4    61.7  75.6   3:25pm  52.4   6:28am    5    2  0.00   0   5   9:55am  NW 30.03   71
5    63.2  78.6  12:16pm  53.2   4:23am    4    2  0.00   0   5   9:29am  NW 30.09   78
6    70.0  87.9   2:22pm  58.4   2:45am    2    7  0.00   0   6  11:45am  NW 30.12   72
7    65.8  79.9   3:55pm  58.7   4:13am    2    3  0.00   0   5   5:07pm  NW 30.08   86
8    68.7  86.4   2:26pm  54.7   5:35am    3    7  0.00   0   6   3:00pm  NW 30.01   73
9    67.3  85.1   2:41pm  54.0   5:04am    3    6  0.00   0   6   3:00pm  NW 29.96   69
10   66.8  84.2   2:38pm  52.7   5:26am    7   11  0.00   0   6  12:45pm  NW 29.91   69
11   69.6  89.5   2:46pm  52.2   5:25am    4    8  0.00   0   5  11:12am WNW 29.93   69
12   72.5  92.1   2:21pm  57.2   5:49am    2    9  0.00   0   5  11:51am  NW 30.04   67
13   71.6  86.4   4:03pm  56.7   6:06am    4   17  0.00   0   6  12:40pm  NW 30.05   69
14   71.7  86.5   4:06pm  60.4   6:14am    1    7  0.00   0   6   3:18pm  NW 30.07   71
15   71.4  91.5   1:52pm  57.2   6:04am    2    8  0.00   0   5  11:28am  NW 30.03   71
16   71.9  93.3   3:04pm  54.7   5:59am    2    9  0.00   0   6   4:05pm  SE 29.95   67
17   66.4  80.6   2:32pm  56.5   5:43am    3    4  0.00   0   8   3:13pm  SE 29.97   71
18   65.3  76.9   1:41pm  53.6   5:42am    3    4  0.00   0   6  11:47am  NW 30.05   72
19   65.6  75.7   2:33pm  58.5  11:59pm    2    2  0.00   0   9  10:12am  SE 29.98   81
20   57.9  63.1   1:26pm  54.8  11:57pm    7    0  0.10   0   6   1:14pm  SE 29.95   90
21   62.0  75.2   4:08pm  54.0  12:30am    5    2  0.01   0   5   1:51pm  NW 30.00   76
22   60.6  68.8   6:39pm  51.2   3:11am    5    1  0.00   0   4   9:44am SSE 30.02   84
23   58.7  61.4  12:00am  53.6  11:22pm    6    0  1.37   1   7  10:55am  SE 30.00   96
24   55.2  58.5   1:42pm  53.6   4:41am   10    0  0.38   0   6  12:49am  SE 30.15   97
25   60.9  74.2   4:13pm  53.8   5:31am    6    1  0.00   0   6  10:48am  NW 30.13   84
26   62.9  80.3   3:01pm  49.7   5:40am   11    5  0.00   0   6   4:44pm  NW 30.13   77
27   64.9  81.7   3:02pm  50.3   5:53am    5    5  0.00   0   6  12:27pm  NW 30.13   76
28   68.2  88.1   3:00pm  52.5   5:56am    4    7  0.00   0   5  10:56am WNW 30.08   69
29   67.6  85.2   2:38pm  53.4   6:16am    3    6  0.00   0   5  10:28am  NW 30.08   69
30   66.8  85.3   2:01pm  53.1   6:04am    7   11  0.00   0   6  11:58am  NW 30.10   69
31   67.4  86.6   2:42pm  51.6   6:12am    4    6  0.00   0   7  12:49pm  NW 30.06   65
---------------------------------------------------------------------------------------
TOT  65.8  93.3  7/16/14  49.7  7/26/14  132  166  1.86   0   9  7/19/14  NW 30.03   75

HEAT BASE: 65.0
COOL BASE: 65.0