NOAA-Style Climate Reports


Report for 2014 June
                  MONTHLY CLIMATOLOGICAL SUMMARY FOR 6/2014
                                        HEAT  COOL        
     MEAN                               DEG   DEG       WIND SPEED       DOM MEAN  MEAN
DAY  TEMP  HIGH   TIME     LOW   TIME   DAYS  DAYS RAIN AVG  HI  TIME    DIR BAROM HUM
---------------------------------------------------------------------------------------
1    59.2  74.6   3:22pm  48.4   4:39am    7    1  0.00   0   7  12:27pm  SE 30.04   77
2    62.1  78.8   3:41pm  48.0   5:33am    6    3  0.00   0   6  12:46pm  NW 29.91   73
3    56.9  62.9   3:43pm  49.8   5:31am    8    0  0.00   0   5  10:34am  SE 30.00   80
4    58.4  70.7   3:22pm  51.4   2:36am    7    0  0.00   0   6   3:58pm  NW 30.10   80
5    58.3  74.4   2:05pm  44.1   5:45am    8    2  0.00   0   6   1:29pm  NW 30.11   72
6    60.3  78.1   3:47pm  45.0   5:27am    8    3  0.00   0   7   7:47pm  NW 30.10   65
7    61.4  76.4   2:27pm  52.9   5:23am    5    2  0.00   0   6   1:27pm  NW 30.15   75
8    61.4  77.5   4:23pm  49.7   5:29am    6    2  0.01   0   6  11:27am  NW 30.15   79
9    58.8  71.0   4:02pm  51.4  11:55pm    7    1  0.02   0   6   4:24pm  NW 30.11   76
10   54.7  62.6   5:08pm  48.1   5:09am   10    0  0.00   0   5   7:53am  NW 30.10   81
11   59.6  76.9   2:46pm  43.7   5:31am    8    3  0.00   0   7   4:07pm  NW 29.96   71
12   58.3  68.3   3:29pm  51.6   5:46am    7    0  0.01   1   8   4:20pm  SE 29.82   79
13   52.8  55.0   2:57pm  50.8  11:04pm   12    0  0.69   0   7   7:11pm  SE 29.95   95
14   54.1  60.3   4:05pm  50.7  12:43am   11    0  0.01   0   7   2:40am SSE 30.07   87
15   52.0  59.2  12:41pm  48.0  10:16pm   13    0  0.23   0   7   1:52pm  NW 29.89   94
16   52.3  61.9   3:22pm  47.4   5:44am   13    0  0.09   0   5   9:37am  SE 29.89   90
17   54.1  61.4   3:31pm  49.4   6:31am   11    0  0.21   0   6   2:49pm SSE 30.08   91
18   56.8  67.2   2:34pm  51.0  11:56pm    8    0  0.00   0   5   8:24am  SE 30.08   81
19   62.5  79.4   2:46pm  50.1  12:46am    6    3  0.01   0   9  11:23pm  SE 29.98   74
20   55.4  67.5   2:55pm  49.2   5:32am   10    0  0.19   0   6   5:07pm  NW 30.12   82
21   57.9  73.4   3:44pm  43.4   6:01am    8    1  0.00   0   5   9:40am WNW 30.09   69
22   60.3  77.4   2:44pm  44.8   5:36am    7    3  0.00   0   6   3:13pm   W 30.05   70
23   63.6  82.2   1:59pm  51.5   4:12am    5    3  0.00   0   6   1:09pm  NW 30.00   69
24   62.7  76.4   3:20pm  55.9   4:53am    4    2  0.00   0   5  11:32am  SE 30.07   80
25   65.0  78.7   3:33pm  53.7   3:08am    4    4  0.00   0   5  11:09am WNW 29.89   78
26   62.8  69.7   3:59pm  58.4  11:38pm    3    1  0.05   0   8   9:25pm  SE 29.78   84
27   60.7  73.3   3:21pm  54.9   4:21am    5    1  0.10   1   9  11:33am SSE 29.78   83
28   60.8  69.3   1:56pm  54.9   5:41am    5    0  0.14   1   9   1:28pm  SE 29.94   84
29   59.6  64.7   5:14pm  52.6  11:57pm    5    0  0.00   0   7   1:29am SSE 30.15   81
30   62.1  78.0   2:59pm  48.6   5:02am    6    3  0.00   0   6   1:25pm  NW 30.15   78
---------------------------------------------------------------------------------------
TOT  58.8  82.2  6/23/14  43.4  6/21/14  224   38  1.76   0   9  6/19/14  NW 30.02   79

HEAT BASE: 65.0
COOL BASE: 65.0