NOAA-Style Climate Reports

Select a Year or Month report
2018: Jan Feb Mar Apr May Jun Jul Aug Sep Oct Nov Dec
2017: Jan Feb Mar Apr May Jun Jul Aug Sep Oct Nov Dec
2016: Jan Feb Mar Apr May Jun Jul Aug Sep Oct Nov Dec
2015: Jan Feb Mar Apr May Jun Jul Aug Sep Oct Nov Dec
2014: Jan Feb Mar Apr May Jun Jul Aug Sep Oct Nov Dec
2013: Jan Feb Mar Apr May Jun Jul Aug Sep Oct Nov Dec

Report for 2014 May
                  MONTHLY CLIMATOLOGICAL SUMMARY FOR 5/2014
                                        HEAT  COOL        
     MEAN                               DEG   DEG       WIND SPEED       DOM MEAN  MEAN
DAY  TEMP  HIGH   TIME     LOW   TIME   DAYS  DAYS RAIN AVG  HI  TIME    DIR BAROM HUM
---------------------------------------------------------------------------------------
1    65.6  89.7   2:22pm  45.5   6:17am    7    7  0.00   0   6   6:08pm  NW 30.02   58
2    60.6  72.3   1:32pm  52.2   4:36am    6    1  0.04   1   9   2:09pm  SE 29.97   71
3    52.1  61.1  12:28pm  48.9  11:22pm   12    0  0.96   1  12  12:31pm  SE 29.84   86
4    49.9  54.8   2:25pm  47.0   6:11am   15    0  0.55   1   8   1:12am  SE 29.77   96
5    50.0  54.5   3:44pm  46.7   6:41am   15    0  0.15   1   8   9:51am  SE 29.96   96
6    51.6  60.1   4:07pm  43.9  11:58pm   13    0  0.00   0   6   9:45am  SE 30.02   88
7    52.4  67.5   1:55pm  39.7   6:04am   13    0  0.00   0   8   2:24pm  NW 29.97   79
8    50.3  56.8  11:04am  45.1   2:48am   15    0  0.61   0  10   9:37pm  SE 29.75   92
9    50.0  58.0   1:06pm  45.2  11:41pm   15    0  0.19   1  11   4:22am  SE 29.88   86
10   47.9  53.8   5:15pm  43.8  11:51pm   17    0  0.24   0   4   1:33am SSE 30.15   95
11   52.3  66.7   3:06pm  40.6   5:25am   13    0  0.00   0   9   1:52pm  NW 30.30   83
12   60.3  82.1   2:51pm  43.5   5:33am   21    4  0.00   0   9   2:21pm  SE 30.31   62
13   62.6  80.8   2:28pm  48.3   6:38am    7    4  0.00   0   7  12:01pm  NW 30.32   61
14   64.7  81.7   2:30pm  49.4   6:21am    5    5  0.00   0   7   3:45pm  NW 30.23   68
15   66.4  84.2   1:58pm  51.8   5:42am    4    5  0.00   0   8  11:01pm  NW 30.01   68
16   59.5  68.0   3:16pm  52.3   6:03am    6    0  0.00   1   9   4:20pm  SE 30.07   69
17   58.2  66.1   2:54pm  52.3   6:04am    7    0  0.00   0   6   9:50am  SE 29.96   74
18   56.4  72.4   2:38pm  46.4   6:13am    9    1  0.18   0   9   6:58pm  SE 29.83   79
19   56.8  67.9   3:18pm  50.6   6:15am    8    0  0.00   0   6   8:17am  NW 29.98   82
20   56.9  73.7   2:36pm  44.8   5:39am    9    1  0.00   0   6   1:36pm  NW 30.10   78
21   56.4  67.4   2:59pm  48.1   4:34am    9    0  0.00   0   6   1:16pm  NW 30.15   78
22   62.6  78.7   2:57pm  49.7   5:19am    6    3  0.00   0   6   2:21pm  NW 30.06   75
23   58.4  65.7   2:34pm  53.6  11:54pm    7    0  0.19   0   8   1:12pm  SE 30.02   92
24   56.2  65.0   2:48pm  51.4  10:49pm    9    0  0.01   0   4  10:50am WNW 30.15   87
25   53.7  60.0   1:10pm  49.6   1:23am   11    0  0.19   0   6  12:37pm SSE 30.04   91
26   56.8  67.0   3:58pm  49.6  11:57pm    8    0  0.01   1  10  12:23pm  SE 30.09   79
27   54.9  68.1   3:40pm  44.9   6:03am   10    0  0.00   0   6   4:01pm  NW 30.12   75
28   53.5  65.0   2:13pm  46.1   3:03am   11    0  0.10   0   6   9:44am SSE 30.09   83
29   53.9  60.7   5:01pm  48.3  11:58pm   11    0  0.02   0   7   4:29am SSE 30.19   81
30   55.5  70.7   3:23pm  42.0   5:39am   10    1  0.00   1   7  11:31am  NW 30.07   77
31   60.0  78.0   2:04pm  45.1   5:25am    8    3  0.00   0   7   3:31pm  NW 30.04   71
---------------------------------------------------------------------------------------
TOT  56.3  89.7   5/1/14  39.7   5/7/14  317   36  3.44   0  12   5/3/14  SE 30.05   79

HEAT BASE: 65.0
COOL BASE: 65.0