NOAA-Style Climate Reports


Report for 2014 April
                  MONTHLY CLIMATOLOGICAL SUMMARY FOR 4/2014
                                        HEAT  COOL        
     MEAN                               DEG   DEG       WIND SPEED       DOM MEAN  MEAN
DAY  TEMP  HIGH   TIME     LOW   TIME   DAYS  DAYS RAIN AVG  HI  TIME    DIR BAROM HUM
---------------------------------------------------------------------------------------
1    47.4  61.4   1:28pm  38.8   6:34am   18    0  0.00   0   6  12:09pm  NW 29.80   76
2    45.7  57.1   2:47pm  36.8   4:28am   19    0  0.00   1  10  12:05pm  SE 29.97   80
3    45.8  58.2   1:27pm  38.4   5:45am   19    0  0.11   1   9   8:49pm  SE 29.93   85
4    48.0  57.5   3:12pm  42.5   6:56am   17    0  0.00   1   9  11:24am  SE 29.93   77
5    47.0  50.1   2:30pm  43.5   7:12am   18    0  0.41   1   8  10:08am  SE 30.00   94
6    49.3  55.1   4:21pm  44.6   6:39am   16    0  0.01   0   6  11:17pm  SE 30.23   90
7    58.6  74.9   2:07pm  48.5   6:59am    8    2  0.00   0   7   3:14pm  SE 30.19   73
8    53.5  62.6   1:38pm  43.9  11:53pm   11    0  0.34   1   9   4:57am  SE 30.11   84
9    46.3  57.7   2:31pm  38.3   6:52am   19    0  0.01   0   6   3:29pm  NW 30.23   84
10   46.9  58.7   1:51pm  36.2   7:04am   18    0  0.00   0   6  10:47am  NW 30.23   77
11   48.0  61.3   2:35pm  37.6   6:31am   17    0  0.00   0   7  11:36am  NW 30.12   81
12   48.2  61.1   2:00pm  38.5   5:20am   17    0  0.00   0   7   4:17pm  NW 30.10   81
13   51.1  71.8   2:28pm  35.2   6:55am   15    1  0.00   0   6  10:04am  NW 30.24   65
14   51.1  71.8   2:48pm  35.6   6:43am   15    1  0.00   1   8  10:25am  NW 30.10   65
15   50.5  60.2   3:02pm  42.7   6:49am   14    0  0.01   1  10   4:31pm  SE 30.14   68
16   48.2  51.8   1:29pm  46.3   2:31am   17    0  0.73   1  10   8:05am  SE 30.03   95
17   48.4  51.5  12:32pm  43.5  11:49pm   17    0  1.46   1   9   5:36pm  SE 29.83   98
18   45.9  54.7  12:55pm  40.2  11:59pm   19    0  0.21   1  11   2:00am  SE 30.04   85
19   44.3  54.1  11:10am  36.1   3:43am   21    0  0.29   1  12   6:19pm  SE 29.91   91
20   50.0  58.5   3:18pm  42.7  11:48pm   15    0  0.00   1   9   9:50am  SE 30.22   72
21   50.3  65.4   2:12pm  42.7   1:32am   15    0  0.13   0   6   1:58am  NW 29.97   79
22   45.1  55.4   2:20pm  39.3   7:15am   20    0  0.75   1  10   6:53pm  SE 29.87   86
23   46.4  55.6   1:22pm  41.1   6:11am   19    0  0.27   1  13  11:45pm  SE 29.84   88
24   49.5  57.0  11:07am  42.7  11:13pm   16    0  0.35   2  12   9:19am  SE 29.76   86
25   46.5  55.9  11:49am  39.1   6:13am   19    0  0.00   0   5   8:33am  NW 29.85   80
26   47.9  60.7   1:50pm  40.1  12:00am   17    0  0.15   1  12  12:25pm  SE 29.77   74
27   47.0  56.1   1:18pm  40.5  11:54pm   18    0  0.07   2  16  12:44pm  SE 29.84   81
28   48.1  58.5   5:15pm  40.4  12:15am   17    0  0.00   0   6   9:46am  SE 30.29   78
29   58.3  78.6   2:59pm  40.9   5:04am   10    3  0.00   1   9  10:04am  SE 30.43   58
30   62.2  87.7   2:34pm  42.5   6:16am    8    5  0.00   0   7   2:42pm  SE 30.29   58
---------------------------------------------------------------------------------------
TOT  49.2  87.7  4/30/14  35.2  4/13/14  484   11  5.30   1  13  4/23/14  SE 30.04   80

HEAT BASE: 65.0
COOL BASE: 65.0