NOAA-Style Climate Reports


Report for 2014 March
                  MONTHLY CLIMATOLOGICAL SUMMARY FOR 3/2014
                                        HEAT  COOL        
     MEAN                               DEG   DEG       WIND SPEED       DOM MEAN  MEAN
DAY  TEMP  HIGH   TIME     LOW   TIME   DAYS  DAYS RAIN AVG  HI  TIME    DIR BAROM HUM
---------------------------------------------------------------------------------------
1    35.7  39.6   9:18am  32.1   1:07am   29    0  0.09   1  12  12:38pm  SE 29.64   85
2    35.9  44.8  10:59pm  32.4   3:19am   29    0  0.94   1  12  12:16pm  SE 29.65   95
3    47.0  51.4   1:17pm  43.6   9:31am   18    0  0.40   1  15   6:24pm  SE 29.75   94
4    46.1  49.9   4:10pm  40.1   7:18am   19    0  0.74   0   9   1:26pm  SE 29.91   98
5    50.9  58.4   1:08pm  47.0   3:53am   14    0  1.35   1  15  11:36pm  SE 29.61   97
6    49.0  52.2  10:43am  47.3   4:04pm   16    0  0.38   2  12  12:08am  SE 29.69   93
7    48.5  55.7   2:43pm  41.5  11:56pm   16    0  0.00   1  10   1:02am  SE 30.19   86
8    46.6  52.6  10:48pm  38.4   2:32am   18    0  0.96   0   8  10:05pm SSE 29.91   92
9    50.8  55.6   3:08pm  46.7  11:44pm   14    0  0.40   0  10  12:38am  SE 29.94   96
10   44.9  48.0   3:53pm  41.8  11:28pm   20    0  0.60   0   4   6:25am  NW 30.14   98
11   43.9  55.7   3:03pm  35.5   6:30am   21    0  0.00   0   5  10:38am  NW 30.52   88
12   44.3  62.9   3:05pm  31.2   7:43am   21    0  0.00   0   7   2:44pm  NW 30.29   80
13   45.1  59.6   2:57pm  33.7   7:22am   20    0  0.02   0   7   4:03pm  SE 30.10   82
14   47.4  53.8   1:18pm  40.3  11:58pm   18    0  0.38   1  12   1:29am  SE 30.08   96
15   47.5  58.7   4:50pm  39.4   1:44am   18    0  0.22   1  11   4:28pm  SE 30.25   88
16   44.8  50.4  12:00am  37.1  11:49pm   20    0  2.00   0   8  12:23am  SE 30.11   98
17   40.2  47.1  12:31pm  35.8   8:38am   25    0  0.05   0   5  10:38am  NW 30.22   92
18   42.5  49.0   4:49pm  36.2   2:23am   23    0  0.00   0   7   1:41pm  SE 30.29   89
19   41.2  48.3   2:13pm  33.7  11:54pm   24    0  0.80   1  11  10:33am  SE 30.09   96
20   37.7  49.0   3:28pm  31.1   5:42am   27    0  0.01   0   5  12:20am  SE 30.31   91
21   38.4  52.1   2:33pm  28.8   7:25am   27    0  0.00   0   7   3:01pm  NW 30.33   83
22   39.6  53.6   2:55pm  28.6   6:55am   25    0  0.00   0   6   2:15pm  SE 30.28   79
23   44.3  56.9   2:12pm  36.7   5:40am   21    0  0.00   0   7   1:27pm  NW 30.29   79
24   52.4  70.8   2:11pm  35.9   7:02am   14    1  0.00   1   9   5:21pm  SE 30.05   61
25   48.8  53.4   3:25pm  45.5  11:57pm   16    0  0.29   1  13   8:26pm  SE 29.66   82
26   45.7  53.4   2:58pm  39.2   6:59am   19    0  0.09   0   7   9:55am  SE 29.57   87
27   46.6  52.6   4:36pm  43.1   6:15am   18    0  0.03   1   7   2:20pm  SE 29.72   89
28   45.1  49.0   7:02pm  42.6   7:18am   20    0  0.64   1  12  12:07pm  SE 29.75   95
29   44.9  48.2   3:49pm  43.7   8:48pm   20    0  0.62   1  11  12:09pm  SE 29.75   97
30   45.0  53.7   1:57pm  38.4  11:51pm   20    0  0.01   1  11   8:18am  SE 29.92   85
31   45.6  63.7   2:02pm  30.8   6:42am   19    0  0.00   0   7   1:50pm  NW 29.83   78
---------------------------------------------------------------------------------------
TOT  44.7  70.8  3/24/14  28.6  3/22/14  628    1 11.02   1  15   3/3/14  SE 30.00   89

HEAT BASE: 65.0
COOL BASE: 65.0