NOAA-Style Climate Reports


Report for 2014 January
                  MONTHLY CLIMATOLOGICAL SUMMARY FOR 1/2014
                                        HEAT  COOL        
     MEAN                               DEG   DEG       WIND SPEED       DOM MEAN  MEAN
DAY  TEMP  HIGH   TIME     LOW   TIME   DAYS  DAYS RAIN AVG  HI  TIME    DIR BAROM HUM
---------------------------------------------------------------------------------------
1    37.5  43.1  12:22pm  31.1   8:08am   28    0  0.00   0   4  12:30pm SSE 30.35   98
2    42.3  45.9   4:38pm  38.3  12:00am   23    0  0.74   0  10   2:11pm  SE 30.07   98
3    36.6  41.8  12:00am  31.3  11:57pm   28    0  0.03   0   5  11:46am  SE 30.20   98
4    33.0  39.7  10:24am  27.8  11:47pm   32    0  0.00   0   2   2:41am WNW 30.44   98
5    29.9  36.3   3:08pm  24.1   8:09am   35    0  0.01   0   4   2:17pm  NW 30.45   97
6    31.6  36.9   9:38pm  27.1   7:20am   33    0  0.00   0   5   7:36pm  SE 30.21   97
7    40.6  44.3   2:14pm  34.6  12:00am   24    0  0.62   0   5  10:48pm SSE 30.05   98
8    44.8  46.1   5:44pm  42.9  12:00am   20    0  0.64   1  13   5:58pm  SE 29.84   98
9    41.8  45.0   8:57pm  39.0   5:58am   23    0  0.11   1  10  10:38am  SE 29.87   98
10   45.1  49.1  11:32pm  43.9   7:05pm   20    0  0.28   2  15   5:22am  SE 29.91   95
11   44.3  50.8   3:42am  40.0  12:41pm   20    0  1.07   2  18   4:19am  SE 29.48   98
12   43.0  47.5  11:44pm  38.7   9:48am   22    0  0.46   1  11  11:44pm  SE 30.07   98
13   48.0  50.7   3:15pm  46.6   7:36am   17    0  0.00   1  10   4:21am  SE 30.47   96
14   46.9  50.5  12:19pm  43.3   6:59pm   18    0  0.00   0   4   2:08am  SE 30.63   96
15   41.8  46.7  12:29pm  36.5   7:14am   23    0  0.00   0   4  11:51pm WNW 30.56   96
16   38.0  40.3   2:01pm  35.8  10:43pm   27    0  0.00   0   2  12:00am  NW 30.45   98
17   35.8  38.3  12:58pm  34.0  10:28pm   29    0  0.00   0   4   9:52pm WNW 30.27   98
18   35.5  41.1  12:52pm  31.0   6:04am   30    0  0.01   0   5  10:13am   W 30.23   98
19   36.2  39.2   1:36pm  31.7  12:33am   29    0  0.00   0   5   1:52pm  SE 30.24   98
20   35.6  40.6   2:25pm  30.4  11:55pm   29    0  0.00   0   0  12:00am   N 30.31   98
21   36.0  44.4   3:32pm  29.8   4:19am   29    0  0.00   0   5   5:06pm WNW 30.29   97
22   41.1  44.0   1:52pm  36.3  12:00am   24    0  0.02   0   4   5:15pm  NW 30.40   98
23   37.6  41.3   3:08pm  31.8  11:57pm   27    0  0.00   0   5  12:36pm  NW 30.43   98
24   36.0  47.7   2:09pm  29.1   7:45am   29    0  0.00   0   0  12:00am   N 30.37   95
25   36.7  51.0   1:05pm  29.2   7:10am   28    0  0.00   0   0  12:00am   N 30.33   90
26   34.1  43.6   2:04pm  28.0   7:41am   31    0  0.00   0   0  12:00am   N 30.18   93
27   33.9  41.1   3:02pm  28.1   7:41am   31    0  0.00   0   0  12:00am   N 30.18   97
28   42.0  46.6   3:11pm  37.6  12:00am   23    0  0.38   0   4   7:15am   W 30.14   96
29   43.8  48.4  12:19pm  41.7   5:23am   21    0  0.94   0   6   4:07am  NW 29.75   97
30   41.1  42.8   1:41pm  39.0  10:26pm   24    0  0.13   1   8   2:26am  SE 29.85   97
31   38.5  40.5   3:48pm  34.1   9:07pm   26    0  0.22   0   8  12:11am  SE 30.06   98
---------------------------------------------------------------------------------------
TOT  39.0  51.0  1/25/14  24.1   1/5/14  805    0  5.66   0  18  1/11/14  SE 30.20   97

HEAT BASE: 65.0
COOL BASE: 65.0