NOAA-Style Climate Reports


Report for 2013 December
                  MONTHLY CLIMATOLOGICAL SUMMARY FOR 12/2013
                                        HEAT  COOL        
     MEAN                               DEG   DEG       WIND SPEED       DOM MEAN  MEAN
DAY  TEMP  HIGH   TIME     LOW   TIME   DAYS  DAYS RAIN AVG  HI  TIME    DIR BAROM HUM
---------------------------------------------------------------------------------------
1    48.4  51.2   7:15am  38.7  11:57pm   17    0  1.02   1  10   4:07am  SE 29.86   96
2    36.0  39.9  11:03am  33.5   2:25am   29    0  0.25   0   6   2:11am  NW 29.91   96
3    30.9  35.2  12:00am  25.0  11:44pm   34    0  0.00   0   5   2:09pm  NW 30.23   93
4    26.5  33.3   1:30pm  21.3   7:33am   37    0  0.00   0   4  11:22am  SE 30.33   92
5    24.2  30.2   2:56pm  20.1   5:25am   41    0  0.00   0   4  12:12pm SSE 30.26   90
6    21.4  29.7  12:31pm  14.3  11:53pm   44    0  0.00   0   9  12:19pm  SE 30.20   79
7    17.4  25.3  10:18am  11.1   8:00am   48    0  0.00   0   4  10:39am  NW 30.35   77
8    20.8  29.0  10:33am  12.4  12:39am   44    0  0.00   0   5  11:45am  SE 30.51   79
9    24.8  30.3   1:27pm  15.6   2:25am   40    0  0.00   0   5   5:16am  SE 30.55   84
10   31.6  36.3   2:31pm  28.4  12:00am   33    0  0.00   0   0  12:00am   N 30.47   90
11   31.1  40.2   1:00pm  25.7   7:25am   34    0  0.00   0   6  10:33am  SE 30.30   92
12   34.4  40.2  12:13pm  27.9   6:10am   31    0  0.20   0   9   3:54pm  SE 30.10   94
13   41.5  44.9   2:36pm  36.9  12:02am   23    0  0.17   0   6   8:26pm  SE 30.32   96
14   42.5  44.9   3:12pm  38.7   8:05am   23    0  0.00   0   7   4:28am SSE 30.38   97
15   45.4  47.7   1:14pm  43.2  11:57pm   20    0  0.19   0   5   2:02am  SE 30.37   96
16   40.9  44.0   2:07pm  36.8  11:54pm   24    0  0.00   0   5   7:38pm SSE 30.41   97
17   37.6  41.2  11:59pm  34.7   6:15am   27    0  0.02   0   5  11:58am SSE 30.17   97
18   37.6  41.2  12:23am  28.7  11:51pm   27    0  0.04   0   4   9:50am  NW 30.09   97
19   29.6  33.3   2:28pm  25.0   6:13am   35    0  0.00   0   5  12:19pm SSE 30.27   97
20   32.6  37.2  10:13pm  29.0  12:00am   32    0  0.68   1   9   9:24am  SE 29.92   97
21   37.0  40.1   3:12pm  34.3   2:35am   28    0  0.71   0   4   1:53pm SSE 30.07   97
22   44.3  47.8   8:58pm  39.6  12:00am   21    0  0.77   0   8  11:16pm  SE 30.24   98
23   44.9  48.9  12:28pm  39.0   6:42pm   20    0  0.26   1  13   4:48am  SE 30.26   97
24   38.3  43.3  12:44pm  32.3   9:39pm   27    0  0.02   0   2  12:19pm   W 30.57   98
25   32.1  35.6   2:06pm  29.4   5:40am   32    0  0.00   0   2  10:53am   W 30.45   98
26   34.7  41.5   1:33pm  31.1  11:36pm   30    0  0.00   0   2   2:43am   W 30.31   98
27   36.8  42.4   1:48pm  31.0  12:31am   28    0  0.11   0   7  11:41am  SE 30.21   98
28   40.0  44.8  12:57pm  34.1   7:45pm   25    0  0.05   0   2   9:20am WSW 30.48   98
29   37.4  40.1   2:48pm  35.1   4:57am   28    0  0.02   0   4  12:24am SSE 30.40   98
30   37.7  40.9   2:44pm  33.6   4:58am   27    0  0.01   0   8  10:02am WNW 30.20   98
31   41.4  44.6   1:57pm  36.1  11:37pm   24    0  0.02   0   5  12:47am  SE 30.28   98
---------------------------------------------------------------------------------------
TOT  34.8  51.2  12/1/13  11.1  12/7/13  933    0  4.54   0  13 12/23/13  SE 30.27   94

HEAT BASE: 65.0
COOL BASE: 65.0