NOAA-Style Climate Reports


Report for 2013 September
                  MONTHLY CLIMATOLOGICAL SUMMARY FOR 9/2013
                                        HEAT  COOL        
     MEAN                               DEG   DEG       WIND SPEED       DOM MEAN  MEAN
DAY  TEMP  HIGH   TIME     LOW   TIME   DAYS  DAYS RAIN AVG  HI  TIME    DIR BAROM HUM
---------------------------------------------------------------------------------------
1    66.6  84.1   2:52pm  54.6   6:32am    3    5  0.00   0   6   9:13am  NW 29.84   76
2    67.9  85.4   2:07pm  57.0   4:55am    2    5  0.00   0   7   2:37pm  SE 29.87   74
3    62.1  67.5   2:21pm  57.0  11:53pm    3    0  0.34   0   4   3:37am  SE 29.97   92
4    60.8  66.5   5:24pm  55.9   1:37am    4    0  0.00   0   4   9:36am  NW 30.02   92
5    61.6  70.8   2:49pm  56.6   3:28am    4    1  0.71   0   5   4:04am  NW 29.98   91
6    61.6  66.9   1:42pm  59.0   2:34am    3    0  1.12   0   5   1:14pm  SE 30.02   94
7    62.7  73.0   3:07pm  57.7  11:58pm    3    1  0.03   0   5   3:22pm  NW 30.06   91
8    63.9  79.5   1:49pm  55.4   2:56am    4    3  0.00   0   5   2:15pm  NW 30.06   86
9    63.1  79.2   1:47pm  55.5   3:57am    4    2  0.00   0   5   2:28pm  NW 30.02   87
10   63.0  76.7   2:27pm  56.0   2:24am    4    2  0.00   0   6  12:29pm  NW 29.95   88
11   68.7  91.0   1:49pm  53.5   7:00am    7    9  0.00   0   4   2:05pm  NW 29.90   77
12   66.9  86.1   1:07pm  56.6   6:55am    3    5  0.00   0   5  10:53am  NW 29.93   82
13   61.3  65.0   5:04pm  56.0   3:41am    4    0  0.00   0   0  12:00am   N 29.92   92
14   62.3  66.7   5:22pm  57.4  11:48pm    3    0  0.00   0   2   2:15pm SSE 29.81   92
15   61.0  64.4  12:33pm  57.4  12:00am    4    0  0.36   0   5   6:06pm SSE 29.75   94
16   59.6  66.4   3:48pm  54.3  11:57pm    5    0  0.08   0   8   3:37pm  SE 29.89   92
17   56.1  59.0  12:51pm  53.6   5:11am    9    0  0.00   0   0  12:00am   N 29.89   92
18   56.6  68.1  12:23pm  49.6  11:58pm    9    0  0.00   0   6  10:28am SSE 30.03   86
19   59.9  83.7   2:53pm  43.2   7:05am    9    4  0.00   0   9   5:35pm  SE 29.90   71
20   60.0  78.7   1:51pm  47.6   6:56am    7    2  0.04   0   7   1:07pm  NW 29.66   78
21   60.3  72.5   1:43pm  55.3   9:32pm    5    1  0.00   0   9  10:59am  NW 29.68   83
22   56.2  58.8  11:07am  53.0   7:38am    9    0  0.35   1  12  11:09am  SE 29.65   88
23   54.1  59.2   2:45pm  49.3  11:45pm   11    0  0.58   1  12  10:56am  SE 29.87   91
24   51.9  61.7   1:42pm  47.5   2:12am   13    0  0.09   0   6   1:15pm  NW 29.89   92
25   50.1  55.4   3:20pm  43.2  11:52pm   15    0  0.03   0   4   1:44pm  NW 29.94   93
26   49.3  63.4   2:46pm  41.5   5:09am   16    0  0.00   0   5  12:44pm  NW 30.09   90
27   51.6  54.7  10:21pm  48.3  12:00am   13    0  0.10   1   7  11:38am  SE 29.99   92
28   53.8  58.7   4:25pm  49.5  11:50pm   11    0  1.56   2  16   4:37pm  SE 29.55   94
29   50.9  53.4  10:15am  49.3  11:56pm   14    0  0.75   2  15   2:05pm  SE 29.46   93
30   50.1  55.2   2:39pm  46.7   3:11am   15    0  0.11   2  15   2:17pm  SE 29.69   92
---------------------------------------------------------------------------------------
TOT  59.1  91.0  9/11/13  41.5  9/26/13  218   41  6.25   0  16  9/28/13  SE 29.88   88

HEAT BASE: 65.0
COOL BASE: 65.0