NOAA-Style Climate Reports


Report for 2013 August
                  MONTHLY CLIMATOLOGICAL SUMMARY FOR 8/2013
                                        HEAT  COOL        
     MEAN                               DEG   DEG       WIND SPEED       DOM MEAN  MEAN
DAY  TEMP  HIGH   TIME     LOW   TIME   DAYS  DAYS RAIN AVG  HI  TIME    DIR BAROM HUM
---------------------------------------------------------------------------------------
1    59.7  63.4   5:08pm  55.6   6:36am    5    0  0.00   0   6   1:05pm  SE 30.04   89
2    58.2  59.8  12:00am  56.5   8:17am    7    0  0.46   0   6   1:53am  SE 30.10   91
3    62.1  70.2   5:24pm  57.8   5:20am   10    1  0.00   0   5  11:35am  SE 30.09   90
4    65.9  80.6   2:46pm  56.0   5:37am    3    4  0.00   0   6  12:35pm  NW 30.01   81
5    68.3  87.9   2:47pm  54.4   6:05am    3    6  0.00   0   6  10:03am  NW 29.96   74
6    67.4  87.1   1:34pm  51.4   6:11am    4    6  0.00   0   6   1:50pm  NW 29.95   69
7    67.7  89.6   2:42pm  52.4   6:00am    4    7  0.00   0   6   1:36pm WSW 29.96   70
8    66.8  85.4   2:31pm  55.3   5:04am    3    5  0.00   0   6  11:04am  NW 29.98   74
9    67.6  85.2   1:45pm  53.2   5:27am    4    6  0.00   0   5  10:08am  NW 29.89   72
10   67.7  81.2   2:34pm  60.9   7:19am    1    4  0.15   0   8   6:27pm WNW 29.95   82
11   65.3  79.3   2:08pm  57.0   6:02am    3    3  0.05   0   7  12:51pm WNW 30.02   79
12   65.3  80.5   1:53pm  55.0   2:43am    4    4  0.00   0   7   3:13pm  NW 30.03   75
13   66.7  84.3   1:52pm  55.3   6:04am    3    5  0.00   0   6  10:52am  NW 30.03   72
14   65.9  83.7   2:28pm  54.2   5:32am    3    4  0.02   0   5  11:42am WNW 29.93   79
15   65.0  68.1  11:50am  62.1   2:44am    1    1  0.13   0   5   3:55pm SSE 29.95   93
16   70.1  86.4   3:02pm  62.4  12:38am    1    6  0.00   0   7   1:17pm  SE 29.97   75
17   66.1  76.5   2:58pm  58.9   3:18am    2    3  0.00   0   7   8:39am  SE 30.03   78
18   66.1  82.7   2:32pm  57.0   7:06am    3    4  0.00   1   9  11:28am  NW 30.08   74
19   65.2  80.7   2:07pm  57.2   6:11am    3    3  0.00   1   7   1:03pm  NW 30.08   72
20   64.2  79.4   2:20pm  54.3   6:46am    4    3  0.00   1   7   2:20pm  NW 30.11   69
21   63.4  82.1   2:25pm  48.5   6:29am    6    4  0.00   0   7   3:10pm  NW 30.02   72
22   66.7  87.5   2:35pm  52.0   6:20am    4    6  0.00   0   5  10:33am  NW 29.87   73
23   64.5  73.4   3:28pm  59.9   6:39am    2    1  0.00   0  11   3:52pm  SE 29.86   78
24   63.9  75.1   2:57pm  56.3  11:56pm    3    2  0.00   0   5  12:47pm WNW 29.88   78
25   61.2  75.2  12:14pm  50.8   5:48am    5    2  0.00   0   5   9:49am  NW 29.90   82
26   64.0  77.7   2:00pm  57.5   6:52am    3    2  0.06   0   8   4:04pm  SE 29.89   80
27   67.2  84.5   3:06pm  58.8  12:31am    2    5  0.01   0   6  12:09pm SSE 29.87   77
28   66.8  80.8   2:45pm  58.5   1:55am    2    4  0.23   0   4   5:31am SSE 29.85   83
29   64.9  69.6   2:37pm  62.3   9:22am    1    1  1.00   0   8   9:22am SSE 29.91   92
30   65.0  77.6   3:11pm  57.0  11:58pm    2    2  0.00   0   8   9:09am  SE 30.09   82
31   63.7  80.9   2:24pm  51.6   4:47am    5    4  0.00   0   5   9:35am  NW 29.95   79
---------------------------------------------------------------------------------------
TOT  65.3  89.6   8/7/13  48.5  8/21/13  108  109  2.11   0  11  8/23/13  NW 29.98   79

HEAT BASE: 65.0
COOL BASE: 65.0