NOAA-Style Climate Reports


Report for 2013 July
                  MONTHLY CLIMATOLOGICAL SUMMARY FOR 7/2013
                                        HEAT  COOL        
     MEAN                               DEG   DEG       WIND SPEED       DOM MEAN  MEAN
DAY  TEMP  HIGH   TIME     LOW   TIME   DAYS  DAYS RAIN AVG  HI  TIME    DIR BAROM HUM
---------------------------------------------------------------------------------------
1    72.8  90.1   2:05pm  61.4   5:51am    1    8  0.00   0   6   2:01pm  NW 29.93   71
2    67.7  82.5   2:52pm  57.9   5:49am    2    5  0.00   1   7   4:46pm  NW 30.06   71
3    65.3  79.3   2:34pm  56.8   4:56am    3    4  0.00   1   6  12:59pm  NW 30.10   62
4    60.8  73.9   4:06pm  53.1   3:32am    5    1  0.00   0   6   1:54pm  NW 30.07   77
5    61.6  73.5   3:47pm  53.6   5:43am    5    1  0.00   0   5   8:29am  SE 30.00   79
6    64.4  80.4   4:04pm  51.2   5:44am    5    4  0.00   0   6   1:39pm  NW 29.93   75
7    65.1  79.0   4:15pm  53.5   5:51am    3    4  0.00   0   6  12:33pm  NW 29.91   76
8    65.8  83.2   4:03pm  56.2   5:24am    3    4  0.00   0   6  10:30am  NW 30.03   75
9    67.8  86.8   2:32pm  54.1   5:38am    4    6  0.00   0   6   1:09pm  NW 30.05   70
10   61.8  74.5   3:58pm  54.0   5:31am    5    1  0.00   0   6  11:16am  NW 30.01   76
11   59.5  73.5   2:51pm  52.5  11:57pm    6    1  0.00   0   7   2:31pm  NW 30.03   71
12   56.9  67.5   1:44pm  47.1   3:27am    8    0  0.00   0   6   1:45pm  NW 30.04   80
13   60.9  78.1   2:03pm  45.2   5:47am    7    3  0.00   1   7   3:56pm  NW 30.14   71
14   63.8  84.5   2:46pm  47.2   5:41am    6    5  0.00   1   6   1:34pm  NW 30.07   64
15   64.3  81.3   2:32pm  48.5   5:44am    5    5  0.00   1   8   2:07pm  NW 29.98   67
16   68.0  87.0   3:25pm  51.1   5:55am    9   11  0.00   0   6  12:32pm  NW 29.86   68
17   64.1  69.0   2:56pm  58.2  11:57pm    2    1  0.03   0   8   1:07pm  NW 30.08   81
18   64.3  80.2   4:09pm  55.3   1:44am    4    3  0.00   0   5  12:16pm  SE 30.17   78
19   63.9  81.7   2:57pm  52.3   6:13am    5    4  0.00   0   6  12:38pm  NW 30.11   80
20   62.1  78.4   3:49pm  53.4   4:15am    5    2  0.00   0   5   9:28am SSE 30.03   84
21   62.3  78.2   3:40pm  53.0   3:27am    5    2  0.00   0   5   2:26pm SSE 29.94   84
22   64.2  80.7   2:53pm  56.8   2:02am    4    3  0.00   0   5  11:20am  SE 30.01   82
23   67.2  85.7   4:04pm  53.1   6:04am    4    6  0.00   0   6   2:34pm  NW 30.02   72
24   67.4  86.9   3:18pm  52.4   6:01am    4    6  0.00   0   6   2:18pm  NW 30.02   67
25   66.8  86.9   2:31pm  51.0   6:00am    4    6  0.00   0   6  10:06am  NW 30.06   66
26   66.6  88.7   2:36pm  51.0   6:02am    5    6  0.00   0   6   4:50pm  NW 30.10   62
27   63.9  82.0   2:30pm  49.3   6:01am    5    4  0.00   0   7   2:39pm  NW 30.08   68
28   60.3  75.2   2:42pm  50.1   5:56am    6    2  0.00   0   9   4:40pm WNW 29.99   78
29   62.3  75.6   3:15pm  55.1   2:48am    4    2  0.00   0   7   3:15pm SSE 29.98   77
30   65.0  80.8   2:57pm  53.7   5:49am    4    4  0.00   0   5   9:52am WNW 30.08   75
31   60.7  71.0   2:19pm  53.9   5:25am    5    1  0.03   0   6   5:44pm  NW 30.06   88
---------------------------------------------------------------------------------------
TOT  64.1  90.1   7/1/13  45.2  7/13/13  143  116  0.06   0   9  7/28/13  NW 30.03   74

HEAT BASE: 65.0
COOL BASE: 65.0