NOAA-Style Climate Reports


Report for 2013 June
                  MONTHLY CLIMATOLOGICAL SUMMARY FOR 6/2013
                                        HEAT  COOL        
     MEAN                               DEG   DEG       WIND SPEED       DOM MEAN  MEAN
DAY  TEMP  HIGH   TIME     LOW   TIME   DAYS  DAYS RAIN AVG  HI  TIME    DIR BAROM HUM
---------------------------------------------------------------------------------------
1    58.5  75.0   3:26pm  46.3  12:51am    8    1  0.00   0   6  12:11pm WNW 30.15   72
2    57.3  70.2   4:26pm  50.5  11:57pm    8    0  0.15   0   0  12:00am   N 30.07   80
3    58.9  75.6   3:04pm  46.2   5:47am    8    2  0.00   0   5  11:48am WNW 30.08   77
4    62.7  80.9   4:22pm  46.6   5:24am    6    4  0.00   0   5  10:46am WNW 30.08   71
5    63.0  79.1   3:07pm  49.1   4:59am    5    4  0.00   0   6  11:03am WNW 30.05   73
6    63.0  82.8   3:00pm  48.7   5:49am    6    4  0.00   0   0  12:00am   N 30.03   70
7    58.3  65.1   4:44pm  51.6   4:30am    7    0  0.00   0  10  11:02am WNW 30.08   69
8    57.6  71.3   3:29pm  51.0   1:43am    8    0  0.00   0   6   8:27am WNW 30.15   74
9    56.4  68.8   1:26pm  48.6   5:38am    9    0  0.00   0   0  12:00am   N 30.08   73
10   56.7  70.0   3:54pm  45.4   6:11am    9    0  0.00   0   0  12:00am   N 29.96   72
11   55.2  63.4   4:08pm  50.4  11:48pm   10    0  0.12   0   0  12:00am   N 30.01   76
12   56.7  68.1   2:34pm  49.5   1:24am    8    0  0.00   0   4   9:09pm  SE 30.12   72
13   55.8  64.6   4:41pm  49.7  11:57pm    9    0  0.01   0   5  10:50am  SE 30.17   81
14   56.3  67.6   4:02pm  49.5  12:12am    9    0  0.00   0   0  12:00am   N 30.18   77
15   60.7  78.3   3:12pm  44.2   5:47am    8    3  0.00   0   0  12:00am   N 29.97   73
16   62.1  78.3   3:16pm  51.0   5:41am    5    2  0.04   0   6  10:37am ESE 30.04   78
17   62.8  80.9   2:21pm  49.7   5:27am    6    3  0.11   0   0  12:00am   N 30.00   73
18   60.9  73.3   2:48pm  53.6   4:45am    5    1  0.00   0   0  12:00am   N 29.94   74
19   56.6  62.6   2:28pm  53.0   5:24am    8    0  0.20   0   0  12:00am   N 29.95   86
20   53.5  56.6   2:09pm  51.5  11:54pm   11    0  1.41   0   0  12:00am   N 30.01   94
21   56.1  64.5   1:32pm  51.2   2:56am    9    0  0.00   0   0  12:00am   N 30.14   90
22   62.6  79.8   1:23pm  48.2   4:45am    6    4  0.01   0   6   5:26pm   E 30.00   73
23   62.8  69.1  11:24am  57.1   5:18am    3    1  0.22   0   5   8:52am  SE 29.73   87
24   59.9  64.6   4:54pm  55.7   9:24am    5    0  0.10   1   9  11:34am  SE 29.64   88
25   60.0  72.4   4:07pm  54.6   5:39am    6    1  0.91   0   9   5:54pm  SE 29.74   88
26   60.5  68.7   2:37pm  53.7   1:45am    5    0  0.16   0   6   9:59am  SE 29.95   92
27   62.8  68.8   1:50pm  57.8   5:43am    3    1  0.08   0   5  10:18am SSE 30.12   92
28   71.6  90.9   3:06pm  59.0   5:27am    2    8  0.00   0   7   4:14pm  NW 30.10   76
29   71.5  86.4   2:30pm  61.8   5:48am    1    7  0.00   0   5   9:32am  NW 30.04   74
30   73.5  91.9   1:58pm  57.5   5:50am    2   10  0.00   0   5   8:46am  NW 29.93   72
---------------------------------------------------------------------------------------
TOT  60.5  91.9  6/30/13  44.2  6/15/13  194   58  3.52   0  10   6/7/13 WNW 30.02   78

HEAT BASE: 65.0
COOL BASE: 65.0