NOAA-Style Climate Reports

Select a Year or Month report
2018: Jan Feb Mar Apr May Jun Jul Aug Sep Oct Nov Dec
2017: Jan Feb Mar Apr May Jun Jul Aug Sep Oct Nov Dec
2016: Jan Feb Mar Apr May Jun Jul Aug Sep Oct Nov Dec
2015: Jan Feb Mar Apr May Jun Jul Aug Sep Oct Nov Dec
2014: Jan Feb Mar Apr May Jun Jul Aug Sep Oct Nov Dec
2013: Jan Feb Mar Apr May Jun Jul Aug Sep Oct Nov Dec

Report for 2013 May
                  MONTHLY CLIMATOLOGICAL SUMMARY FOR 5/2013
                                        HEAT  COOL        
     MEAN                               DEG   DEG       WIND SPEED       DOM MEAN  MEAN
DAY  TEMP  HIGH   TIME     LOW   TIME   DAYS  DAYS RAIN AVG  HI  TIME    DIR BAROM HUM
---------------------------------------------------------------------------------------
1    47.0  66.0   1:33pm  30.1   5:08am   18    0  0.00   1   8  12:12pm WNW 30.54   67
2    52.7  71.0   1:25pm  37.3   6:02am   13    1  0.00   1   6   3:36pm WNW 30.44   67
3    53.9  70.2   2:06pm  39.1   5:58am   12    1  0.00   1   6   9:48am WNW 30.33   73
4    58.8  79.2   2:34pm  41.2   6:14am    9    3  0.00   1   8   5:03pm WNW 30.14   67
5    62.6  84.7   2:04pm  44.2   5:48am    8    5  0.00   1   7   4:17pm WNW 29.89   63
6    65.9  88.7   1:45pm  46.6   6:17am    6    7  0.00   0   5  12:51pm WNW 29.80   60
7    59.4  73.8   5:18pm  49.8   3:59am    7    1  0.00   1   7  12:40pm WNW 29.92   76
8    54.5  64.1   5:06pm  49.0   4:18am   10    0  0.00   0   5   4:02pm  NW 30.10   88
9    56.8  74.6   2:49pm  46.3   3:19am    9    1  0.00   0   5   1:34pm   W 30.17   85
10   61.9  82.7   2:39pm  44.6   6:03am    7    4  0.00   0   6  12:01pm WNW 30.16   74
11   65.5  84.8   2:57pm  52.5   3:10am    5    5  0.00   1   8   3:47pm ESE 30.09   66
12   61.8  71.0   2:21pm  56.5  11:40pm    4    1  0.21   1   8  11:24am ESE 30.04   84
13   55.2  65.8  12:15pm  46.5  11:55pm   10    0  0.18   1  14   4:44pm ESE 30.03   88
14   52.8  65.1   3:54pm  43.3   5:16am   12    0  0.00   1   6   1:32am ESE 30.18   72
15   50.5  50.6  12:00am  50.4   1:30am    3    0  0.01   0   6  12:50am ESE 30.00   97
16   58.1  70.5   2:25pm  50.4   1:30am    7    1  0.01   0   6  12:50am WNW 29.95   82
17   55.0  59.2   6:16pm  51.6   4:19am   10    0  0.03   1   8  12:59pm ESE 29.99   84
18   54.0  60.0   2:23pm  49.9   2:13am   11    0  0.00   0   6   8:45am ESE 30.15   80
19   54.0  61.7   3:10pm  47.6  11:56pm   11    0  0.00   0   7   4:09pm WNW 30.36   85
20   54.8  72.6   2:46pm  42.4   5:36am   11    1  0.00   1   7   4:25pm WNW 30.16   78
21   48.8  54.3   3:32pm  45.4   6:30am   16    0  0.33   1   6   9:58pm WNW 29.83   90
22   45.4  50.8   5:19pm  41.6   7:07am   20    0  0.28   1   8   6:44am ESE 29.89   93
23   47.6  58.1  11:47am  41.7   1:50am   37    0  0.28   0   7  11:41am ESE 29.98   91
24   51.6  64.3   4:00pm  43.2   2:59am   13    0  0.00   0   7   3:46pm ESE 30.01   83
25   54.5  63.8   3:46pm  48.2   5:36am   24    0  0.00   0   0  12:00am   N 30.02   77
26   54.5  63.9   3:45pm  48.7   2:34am   10    0  0.14   0   7   5:50pm ESE 29.97   87
27   53.6  57.6   1:01pm  48.7   5:34am   11    0  0.36   0   7   9:55pm ESE 29.80   93
28   54.5  63.3   3:18pm  50.3   4:04am   11    0  0.02   0   8   2:36pm ESE 29.84   87
29   51.4  56.5   3:16pm  48.8  10:49pm   14    0  0.29   0   0  12:00am   N 29.79   92
30   53.4  63.3   3:59pm  46.0   5:37am   12    0  0.01   1   8   3:30am ESE 30.11   80
31   54.9  67.0   4:19pm  47.8  11:58pm   10    0  0.00   0   3  12:00am ESE 30.29   78
---------------------------------------------------------------------------------------
TOT  55.1  88.7   5/6/13  30.1   5/1/13  361   31  2.23   0  14  5/13/13 WNW 30.07   80

HEAT BASE: 65.0
COOL BASE: 65.0