NOAA-Style Climate Reports


Report for 2013 April
                  MONTHLY CLIMATOLOGICAL SUMMARY FOR 4/2013
                                        HEAT  COOL        
     MEAN                               DEG   DEG       WIND SPEED       DOM MEAN  MEAN
DAY  TEMP  HIGH   TIME     LOW   TIME   DAYS  DAYS RAIN AVG  HI  TIME    DIR BAROM HUM
---------------------------------------------------------------------------------------
1    50.4  63.5   2:52pm  41.7   6:01am   15    0  0.00   1   9  12:29pm  SE 30.07   86
2    49.9  53.2   3:36pm  47.0   7:13am   15    0  0.00   1   7   4:51pm  SE 30.18   90
3    52.5  66.2   2:10pm  44.1   7:08am   12    0  0.00   0   6   1:18pm ESE 30.10   80
4    50.9  54.4   3:36pm  46.9   5:51am   14    0  0.41   1   9   6:48pm  SE 29.76   94
5    50.9  55.5   3:10pm  46.4   9:34pm   14    0  0.44   1  12   1:25am  SE 29.81   93
6    45.9  50.8  11:21am  42.3  11:54pm   19    0  0.53   2  12   3:09am  SE 29.85   95
7    41.6  43.8   4:22pm  38.6   7:48am   23    0  1.11   1   7  12:25pm  SE 29.71   99
8    43.9  49.4   4:05pm  40.5   2:54am   21    0  0.20   0   6   3:42pm  SE 30.11   99
9    46.7  52.5   5:02pm  40.8   1:32am   18    0  0.00   1   8   4:09pm  SE 30.30   91
10   48.2  51.9  12:45pm  44.6  11:46pm   17    0  0.42   1  12   9:49am  SE 30.11   94
11   45.2  50.2   1:52pm  40.4  11:23pm   20    0  0.23   0   6   2:09am WNW 30.26   88
12   41.2  46.4  12:20pm  37.1   6:17am   24    0  0.36   1  12   5:24pm  SE 29.95   93
13   38.9  46.1   4:00pm  33.6   4:10am   26    0  0.40   1  10  11:26am  SE 29.90   97
14   43.0  53.4  12:27pm  36.9   7:06am   22    0  0.02   1   7  12:29pm  SE 29.98   85
15   43.2  55.7   2:21pm  34.9  11:59pm   22    0  0.10   1   7  12:28pm  NW 30.04   86
16   42.9  56.8  12:57pm  31.6   5:08am   22    0  0.00   1   6  11:51am  NW 30.31   82
17   47.2  62.6   2:10pm  34.1   6:45am   18    0  0.00   1   8  12:07pm  NW 30.43   73
18   45.7  48.7   2:03pm  42.4   4:57am   19    0  0.23   1   8  11:04am  SE 30.39   88
19   49.1  52.5   1:34pm  46.8  11:51pm   16    0  0.73   1  12   2:44am  SE 30.12   98
20   47.4  53.6   1:41pm  45.0   6:28am   18    0  0.75   0   7   1:48pm  SE 30.24   96
21   44.3  48.8   3:20pm  37.5  11:58pm   21    0  0.47   0   5   4:14pm  NW 30.27   97
22   44.5  59.9   2:33pm  32.4   5:59am   21    0  0.00   1   7   4:16pm  NW 30.46   78
23   46.6  64.2   2:55pm  32.0   6:24am   18    0  0.00   1   7   2:18pm  NW 30.32   72
24   51.4  70.3   1:23pm  34.8   6:28am   14    1  0.00   1   8   1:28pm  NW 30.22   65
25   54.3  73.9   2:54pm  37.3   6:12am   12    1  0.00   1   7   1:18pm WNW 30.07   66
26   54.7  70.9   1:59pm  41.6   6:26am   11    0  0.00   1   9   2:31pm WNW 30.21   75
27   50.9  53.8  10:22am  48.6   1:27pm   14    0  0.12   1  13   2:54pm  SE 30.19   82
28   49.0  55.8   2:38pm  45.0   7:41am   16    0  0.46   1   8   5:33pm  SE 30.15   89
29   46.5  56.5   1:04pm  41.5  11:58pm   18    0  0.13   1   8  12:24am WNW 30.06   78
30   42.9  54.5   2:28pm  35.5  11:00pm   22    0  0.06   1   6   1:35am  SE 30.31   78
---------------------------------------------------------------------------------------
TOT  47.0  73.9  4/25/13  31.6  4/16/13  542    2  7.17   1  12   4/5/13  SE 30.13   86

HEAT BASE: 65.0
COOL BASE: 65.0