NOAA-Style Climate Reports


Report for 2013 March
                  MONTHLY CLIMATOLOGICAL SUMMARY FOR 3/2013
                                        HEAT  COOL        
     MEAN                               DEG   DEG       WIND SPEED       DOM MEAN  MEAN
DAY  TEMP  HIGH   TIME     LOW   TIME   DAYS  DAYS RAIN AVG  HI  TIME    DIR BAROM HUM
---------------------------------------------------------------------------------------
1    52.3  55.3   3:02pm  49.9  12:12am   13    0  0.07   0  10   4:00pm   E 30.32   91
2    47.0  55.5  11:21am  36.4  11:57pm   18    0  0.48   1  13  11:33am ESE 30.17   90
3    37.7  49.2   1:27pm  29.4  11:56pm   27    0  0.00   0   6   1:38pm  SE 30.26   91
4    37.9  53.9   2:04pm  26.8   6:27am   27    0  0.00   0   6   3:50pm  SE 30.14   78
5    42.6  51.9   1:42pm  35.6   3:23am   22    0  0.00   0   8   1:43pm WNW 29.82   75
6    39.5  41.8   1:24pm  36.5   1:27am   25    0  0.55   1   7  10:11pm WNW 29.70   96
7    40.1  48.0   2:46pm  32.5  11:58pm   25    0  0.38   1   7   2:36am  SE 30.03   97
8    38.7  52.6   1:39pm  30.9   4:19am   26    0  0.00   0   5  12:36pm  NW 30.13   91
9    39.9  56.4   1:53pm  29.3   6:31am   25    0  0.00   0   7   1:42pm  NW 30.41   85
10   39.8  45.3   1:34pm  32.5   1:55am   24    0  0.00   0   7   1:47pm  SE 30.46   93
11   44.4  51.3   3:28pm  36.9   7:16am   21    0  0.04   1   8   2:22pm  SE 30.35   90
12   50.7  53.5   1:13pm  45.4  12:00am   14    0  0.11   3  15   9:07pm  SE 30.10   89
13   50.0  51.9   9:36am  48.2  11:57pm   15    0  0.30   1  14   3:55am  SE 30.13   96
14   48.7  51.9   2:53pm  46.5  11:49pm   16    0  0.02   1  10   4:29pm  SE 30.08   96
15   51.0  58.4   3:31pm  46.6  12:00am   14    0  0.00   1   7   2:13am  SE 30.17   90
16   44.0  48.2  12:00am  34.1   7:32pm   35    0  0.23   1  12   2:48pm  SE 29.99   91
17   38.8  48.8   2:11pm  33.9   3:46am   26    0  0.27   1  10   2:55pm  NW 30.14   91
18   40.6  50.2  12:46pm  32.9  11:57pm   24    0  0.09   1  10   5:51am  SE 30.19   88
19   40.4  55.6   1:18pm  30.6   7:04am   24    0  0.35   1  13   2:58pm  SE 29.98   81
20   43.7  52.2  12:23pm  32.7  10:35pm   21    0  0.85   2  16   2:04pm   E 29.63   90
21   36.6  47.2   1:08pm  32.4  11:59pm   28    0  0.33   0   9   1:05pm  SE 30.14   95
22   34.8  43.0  12:28pm  29.2  11:04pm   30    0  0.49   0   4   4:10am WNW 30.30   94
23   36.3  50.2  12:50pm  29.0  12:19am   28    0  0.00   0   5   9:58am  SE 30.37   81
24   39.5  57.6   2:56pm  27.9   7:17am   26    0  0.00   0   7   2:28pm  SE 30.23   72
25   44.2  63.0   1:44pm  28.9   7:07am   21    0  0.00   0   9   2:54pm  SE 30.03   67
26   42.3  42.8  12:50am  40.8   5:35am    5    0  0.00   0   1  12:10am   N 29.96   90
27   46.7  58.7   3:04pm  40.2   6:50am   18    0  0.02   0   5   2:27pm  SE 29.96   86
28   49.2  63.5   3:02pm  38.9   1:45am   16    0  0.01   0   8   7:16pm  SE 30.07   82
29   50.0  67.1   1:51pm  38.3   4:26am   15    0  0.00   1   6   3:28pm  NW 30.21   80
30   49.9  66.5   2:02pm  35.3   7:16am   15    0  0.00   1   7  12:27pm  NW 30.19   78
31   52.4  72.0   2:42pm  37.0   7:15am   28    1  0.00   0   5  10:56am  NW 29.99   73
---------------------------------------------------------------------------------------
TOT  43.6  72.0  3/31/13  26.8   3/4/13  674    1  4.59   1  16  3/20/13  SE 30.12   86

HEAT BASE: 65.0
COOL BASE: 65.0