NOAA-Style Climate Reports


Report for 2013 February
                  MONTHLY CLIMATOLOGICAL SUMMARY FOR 2/2013
                                        HEAT  COOL        
     MEAN                               DEG   DEG       WIND SPEED       DOM MEAN  MEAN
DAY  TEMP  HIGH   TIME     LOW   TIME   DAYS  DAYS RAIN AVG  HI  TIME    DIR BAROM HUM
---------------------------------------------------------------------------------------
1    43.8  48.5  12:36pm  39.2   9:03pm   21    0  0.01   0   1  10:43am ESE 30.38   99
2    38.0  41.0  12:00am  35.5   8:20am   26    0  0.00   0   2   4:00pm ESE 30.31  100
3    40.7  45.4   3:31pm  34.8   1:19am   24    0  0.13   0   2  12:20am  SE 30.27  100
4    43.4  47.1   2:22pm  41.4   7:03am   22    0  0.00   0   1   1:37am  SE 30.09   98
5    43.2  49.5  11:34am  40.7   1:47am   21    0  0.34   0  16   9:33pm ESE 29.89   96
6    43.4  46.9   2:38pm  41.5   8:14pm   21    0  0.06   0  16   1:03am  SE 29.96   91
7    40.4  46.5  12:16pm  30.6  11:55pm   24    0  0.17   0  16   4:00am   E 30.01   88
8    35.5  41.9   2:40pm  29.6   7:33am   30    0  0.00   0   2   9:30am  SE 30.27   95
9    38.8  40.9   2:51pm  36.9   7:33am   26    0  0.10   0   2   5:43am  SE 30.29   99
10   37.1  42.2   1:05pm  33.0   8:22am   28    0  0.00   0   4   9:41am ESE 30.35   98
11   39.7  43.3   2:52pm  36.4   5:00am   25    0  0.04   0   2   9:27am  SE 30.35   97
12   43.7  46.8   8:37pm  39.8  12:26am   21    0  0.08   0  14   9:46pm   E 30.35   98
13   42.7  46.6  12:12am  40.8   7:38pm   22    0  0.41   0  10   1:00am  SE 30.42   99
14   43.1  46.1   1:41pm  40.7   6:35am   22    0  0.08   0   6   9:02am  SE 30.54   99
15   42.1  50.8   1:14pm  35.9   7:51am   22    0  0.00   0   4  11:56am WNW 30.38   96
16   40.9  48.2   1:16pm  35.0   2:09am   24    0  0.47   0  14  11:46am WNW 30.16   98
17   38.7  42.5   3:08pm  36.2  11:58pm   26    0  0.04   0   2  12:00am ESE 30.20   98
18   37.8  43.2   2:10pm  32.2   6:10am   27    0  0.00   0   6   2:08pm  SE 29.93   94
19   38.8  48.6  12:56pm  31.3  10:29pm   26    0  0.00   0   6  12:58pm WNW 29.84   88
20   37.5  42.5  12:55pm  31.6  12:00am   28    0  0.06   0  10   1:17pm ESE 30.03   95
21   39.2  41.3  11:24pm  36.8  12:22am   26    0  0.15   0  12  11:47am  SE 30.04   97
22   40.7  44.1   4:17pm  38.0  10:43pm   24    0  0.20   1  18   2:32am   E 29.85   93
23   40.0  45.7   1:57pm  36.6   6:15am   25    0  0.02   0   8   1:23am ESE 30.17   90
24   41.5  44.9  10:37pm  37.7   1:32am   24    0  0.00   0  16   8:46am  SE 30.25   85
25   40.6  50.3   1:46pm  32.5  11:56pm   24    0  0.25   0  11  12:14am   E 30.07   92
26   39.2  45.8   2:00pm  30.7   4:35am   26    0  0.03   0   6   1:16pm  SE 30.29   81
27   42.2  48.1  10:58am  37.3   7:11am   23    0  0.39   0   5  10:12am  SE 30.27   92
28   44.0  50.8  11:20pm  40.3   6:26am   44    0  0.49   0   7   1:24pm  SE 30.25   99
---------------------------------------------------------------------------------------
TOT  40.4  50.8  2/15/13  29.6   2/8/13  703    0  3.52   0  18  2/22/13  SE 30.18   94

HEAT BASE: 65.0
COOL BASE: 65.0