NOAA-Style Climate Reports


Report for 2024 Mar
                  MONTHLY CLIMATOLOGICAL SUMMARY FOR 3/2024
                                        HEAT  COOL        
     MEAN                               DEG   DEG       WIND SPEED       DOM MEAN  MEAN
DAY  TEMP  HIGH   TIME     LOW   TIME   DAYS  DAYS RAIN AVG  HI  TIME    DIR BAROM HUM
---------------------------------------------------------------------------------------
1    36.6  40.5  10:55am  33.7  10:04pm   28    0  0.12   1  13   5:08am  SE 29.48   95
2    36.8  42.5  12:31pm  33.0  11:56pm   28    0  0.16   1  15   9:53am  SE 29.46   91
3    36.3  40.6   4:37pm  32.7  12:13am   29    0  0.07   2  13   2:46pm  SE 29.69   92
4    36.4  43.6  12:47pm  33.9   4:07am   28    0  0.10   1  11   2:49am  SE 29.91   91
5    33.7  41.2   1:45pm  27.9  11:53pm   31    0  0.00   0   7   1:18pm  NW 30.04   87
6    33.3  41.3   1:08pm  27.2   3:06am   63    0  0.00   0   6   8:24am  NW 30.13   85
7    36.3  44.6   2:31pm  30.2   7:05am   29    0  0.00   0   7  12:44pm ESE 30.24   80
8    45.1  54.9   2:41pm  35.1  12:00am   20    0  0.00   1  11   1:07pm  SE 30.13   68
9    45.6  51.1   2:26pm  41.5   3:02am   19    0  0.03   2  17  10:36pm  SE 29.79   72
10   44.1  46.3  10:23am  42.5   7:16pm   20    0  0.36   2  13   9:19pm  SE 29.70   88
11   43.8  48.7   2:44pm  40.7   7:09am   21    0  0.30   2  14   8:07pm  SE 29.76   90
12   42.5  47.7   1:31pm  38.3  11:49pm   22    0  0.37   2  16   2:32am  SE 29.92   91
13   40.6  46.9   2:33pm  35.0  11:59pm   24    0  0.00   0   6  10:30am  SE 30.42   89
14   41.1  52.4   4:09pm  30.1   7:16am   24    0  0.00   0   4  11:42am  NW 30.49   83
15   45.3  57.3   3:33pm  33.5   7:52am   20    0  0.00   1   5   2:37pm  NW 30.24   83
16   51.9  72.3   4:18pm  36.0   7:46am   14    1  0.00   0   7   1:51pm  NW 30.07   75
17   53.6  67.5   2:59pm  40.2   7:55am   12    0  0.00   0   4  12:20pm SSE 30.20   72
18   50.3  62.3   2:27pm  38.8   7:25am   14    0  0.00   0   4  10:51am NNW 30.17   80
19   50.8  64.2   2:57pm  38.3   7:48am   14    0  0.00   1   8   1:19pm  SE 30.02   79
20   47.1  50.5   2:17pm  44.8   5:06am   18    0  0.04   1   9   1:56pm  SE 30.01   83
21   48.8  55.1   3:10pm  44.5   3:40am   16    0  0.10   1   8  11:17am  SE 30.07   88
22   48.5  51.6   4:18pm  44.8   7:50am   16    0  0.13   0   7  12:22am  SE 29.87   96
23   46.8  49.6  12:00am  44.4  11:51pm   18    0  0.48   0   7   2:23am  SE 29.60   97
24   47.1  52.6   5:09pm  43.7  10:49pm   18    0  0.02   0   6  11:37pm  NW 29.79   91
25   46.3  49.9   2:08pm  44.2  10:43pm   19    0  0.04   1  12  12:17pm  SE 29.88   85
26   44.1  48.7   5:14pm  41.5   7:31am   21    0  0.36   0   7  11:32pm  SE 29.99   95
27   43.4  47.6   3:10pm  40.4  11:57pm   22    0  0.12   2  17   1:21pm  SE 29.76   95
28   43.5  49.3   4:53pm  39.4   7:06am   21    0  0.09   1  14   2:38pm ESE 29.75   94
29   46.5  54.7   2:01pm  40.5  12:02am   18    0  0.05   1   5   4:30am  NW 29.91   82
30   44.8  55.0   2:08pm  33.8   6:46am   20    0  0.02   0   5   9:08am  NW 29.95   82
31   45.4  56.9   3:08pm  33.3   7:18am   20    0  0.01   0   5   9:16am  NW 29.99   80
---------------------------------------------------------------------------------------
TOT  43.7  72.3  3/16/24  27.2   3/6/24  687    1  2.97   1  17   3/9/24  SE 29.95   86

HEAT BASE: 65.0
COOL BASE: 65.0