NOAA-Style Climate Reports


Report for 2017 June
                  MONTHLY CLIMATOLOGICAL SUMMARY FOR 6/2017
                                        HEAT  COOL        
     MEAN                               DEG   DEG       WIND SPEED       DOM MEAN  MEAN
DAY  TEMP  HIGH   TIME     LOW   TIME   DAYS  DAYS RAIN AVG  HI  TIME    DIR BAROM HUM
---------------------------------------------------------------------------------------
1    59.7  66.2   3:20pm  56.8   1:41am    5    0  0.12   0   8   1:57pm ESE 29.90   78
2    62.2  74.3   3:29pm  55.3   4:53am    5    2  0.00   1   8   7:10am ESE 30.03   69
3    56.3  61.6   4:32pm  51.0  10:50pm    9    0  0.00   0   5   4:21pm WNW 30.02   80
4    54.8  63.7   3:44pm  48.3  11:59pm   10    0  0.00   0   6   2:05pm   W 30.10   74
5    56.7  72.1   2:39pm  40.9   5:53am   10    1  0.00   0   6  11:16am WNW 30.12   67
6    65.1  83.2   2:07pm  49.1   5:00am    5    5  0.00   0   6   3:01pm WNW 29.93   62
7    66.3  81.2   2:55pm  52.2   4:44am    4    5  0.00   0   6   5:56pm ESE 29.75   61
8    56.8  63.2  12:00am  52.8  11:58pm    8    0  0.42   0  10   3:07pm ESE 29.75   79
9    54.3  64.0   2:55pm  47.9   5:55am   11    0  0.00   1   8   8:47am  SE 29.87   77
10   53.4  62.8   1:06pm  45.8   6:22am   12    0  0.01   0   6   8:53am ESE 29.86   78
11   57.3  69.0   2:54pm  48.6  12:07am    8    0  0.00   0   6   2:55pm WNW 29.99   75
12   54.5  62.3   5:01pm  48.0   4:41am   11    0  0.00   0   5   2:24pm ESE 30.01   84
13   53.6  60.3   3:50pm  50.0   5:54am   11    0  0.08   0   5   1:29am SSE 30.09   84
14   54.9  64.8   1:32pm  48.5   4:32am   10    0  0.00   0   7   1:07pm   S 30.07   75
15   54.8  58.3   6:43pm  49.6  12:00am   10    0  0.80   1   9   2:17pm   S 29.89   85
16   57.4  66.9   2:45pm  49.6  11:58pm    8    0  0.00   0   8   2:35am ESE 30.02   80
17   55.9  66.9   1:32pm  47.6   4:02am    9    0  0.04   0   8   1:01pm ESE 30.14   80
18   59.0  67.0   5:23pm  54.0   1:26am    6    0  0.05   0   7  11:47am  SE 30.14   86
19   61.7  70.2   2:12pm  56.2   5:50am    4    1  0.00   0   5   1:10pm WNW 30.01   84
20   59.0  62.6   1:43pm  51.2  11:59pm    6    0  0.00   0   6  11:10pm WNW 30.10   87
21   56.0  67.1   3:32pm  47.0   5:24am    9    0  0.00   1   7   1:54pm WNW 30.27   76
22   58.7  74.9   3:02pm  43.9   5:32am    8    2  0.00   0   6  11:29am WNW 30.26   71
23   63.5  80.3   3:25pm  48.0   5:51am    6    4  0.00   0   6  12:20pm WNW 30.18   70
24   68.7  86.9   3:05pm  50.7   5:33am   10   12  0.00   0   6  11:06am WNW 30.07   67
25   73.5  95.2   2:19pm  55.4   5:41am    2   11  0.00   0   6   3:17pm NNW 29.87   62
26   66.0  77.0   2:49pm  58.6   6:33am    2    3  0.00   1   7   1:06pm WNW 29.92   75
27   61.1  72.1   3:11pm  54.3   5:40am    5    1  0.00   0   6  12:54pm WNW 29.99   75
28   59.2  64.5   5:27pm  52.9   3:47am    6    0  0.00   0   6   9:12am ESE 30.01   81
29   64.4  78.2   3:02pm  55.5   5:49am    4    3  0.00   0   6   1:38pm WNW 30.10   75
30   67.1  83.7   2:55pm  53.5   5:45am    4    6  0.00   0   6   1:35pm WNW 30.00   70
---------------------------------------------------------------------------------------
TOT  59.7  95.2  6/25/17  40.9   6/5/17  215   56  1.52   0  10   6/8/17 WNW 30.02   76

HEAT BASE: 65.0
COOL BASE: 65.0