NOAA-Style Climate Reports

Select a Year or Month report
2018: Jan Feb Mar Apr May Jun Jul Aug Sep Oct Nov Dec
2017: Jan Feb Mar Apr May Jun Jul Aug Sep Oct Nov Dec
2016: Jan Feb Mar Apr May Jun Jul Aug Sep Oct Nov Dec
2015: Jan Feb Mar Apr May Jun Jul Aug Sep Oct Nov Dec
2014: Jan Feb Mar Apr May Jun Jul Aug Sep Oct Nov Dec
2013: Jan Feb Mar Apr May Jun Jul Aug Sep Oct Nov Dec

Report for 2017 May
                  MONTHLY CLIMATOLOGICAL SUMMARY FOR 5/2017
                                        HEAT  COOL        
     MEAN                               DEG   DEG       WIND SPEED       DOM MEAN  MEAN
DAY  TEMP  HIGH   TIME     LOW   TIME   DAYS  DAYS RAIN AVG  HI  TIME    DIR BAROM HUM
---------------------------------------------------------------------------------------
1    45.2  48.1   3:40pm  43.2   2:35am   20    0  0.13   0   7   5:41pm  SE 30.24   96
2    51.0  63.0   2:28pm  37.2   5:42am   14    0  0.02   0   7  10:12am WNW 30.18   86
3    59.7  71.0   3:01pm  53.3   5:06am    6    1  0.37   0   8  10:17am  SE 30.11   91
4    61.6  80.2   1:40pm  51.6   5:50am    6    3  0.57   1   6  12:49pm  NW 29.85   89
5    54.2  60.5   1:08am  45.1  11:58pm   11    0  0.77   1  10   1:10pm ESE 29.87   88
6    48.1  57.6   2:54pm  42.2   6:59am   17    0  0.00   1   6  10:53am WNW 30.12   78
7    50.0  62.4   2:46pm  41.4   2:03am   15    0  0.00   0   7   2:25pm  NW 30.21   76
8    51.0  64.6   2:54pm  40.9   4:58am   14    0  0.00   0   5   1:05pm WNW 30.16   74
9    54.6  70.2   2:44pm  40.5   5:45am   11    1  0.00   1   6   4:58pm WNW 30.02   74
10   58.5  72.8   2:38pm  46.7   5:37am    8    1  0.00   1   7   2:03pm WNW 29.88   74
11   52.5  63.4  10:56am  44.5   9:46pm   13    0  0.21   1  11   1:40pm  SE 29.90   87
12   47.4  57.5  11:16am  41.3   6:11am   17    0  0.06   1   9  11:36am ESE 29.97   85
13   49.1  58.5   2:37pm  44.1   5:50am   16    0  0.51   0   8   8:57am ESE 29.94   82
14   48.9  56.7   2:16pm  44.8   4:09am   16    0  0.02   1   9   2:28pm ESE 29.99   88
15   48.0  52.8   1:06pm  44.7  11:49pm   17    0  0.50   1   7   8:15am ESE 29.92   88
16   45.0  53.1   2:24pm  40.3   8:59am   20    0  1.10   0   7   1:48pm  SE 29.70   94
17   49.1  55.4   3:46pm  42.8   3:37am   16    0  0.00   0   6  12:42pm  SE 30.10   91
18   54.8  63.6   3:04pm  48.5  11:59pm   10    0  0.00   0   7   3:50pm ESE 30.15   82
19   57.9  72.6   1:02pm  44.2   3:58am    8    1  0.00   0   6  12:49pm WNW 30.10   75
20   60.6  72.9   2:17pm  51.2   6:20am    6    1  0.00   1   6  11:15am WNW 30.15   73
21   61.6  76.3   2:26pm  47.4   5:49am    6    3  0.00   1   6  11:35am WNW 30.19   75
22   64.6  82.0   2:33pm  49.9   5:16am    5    5  0.00   0   6  12:59pm WNW 30.10   73
23   52.5  61.3   1:32pm  43.7   5:36am   12    0  0.00   0   7   5:31pm  SE 30.00   71
24   52.3  61.3   1:32pm  43.7   5:36am   13    0  0.00   0   7   5:31pm  SE 30.00   72
25   55.3  70.8   3:07pm  41.7   5:14am   10    1  0.00   0   6   4:36pm WNW 29.88   74
26   62.2  80.1   2:43pm  46.3   5:52am    7    4  0.00   0   6   2:57pm WNW 29.94   67
27   65.7  83.8   2:21pm  49.0   5:16am    5    6  0.00   0   6  12:50pm WNW 30.04   63
28   67.9  84.6   1:46pm  52.3   5:52am    4    6  0.00   0   6   2:17pm WNW 30.04   64
29   63.1  78.6   3:10pm  51.0   5:44am    5    3  0.00   0   6   2:12pm WNW 29.97   74
30   55.1  56.8  12:00am  53.4   7:41am   10    0  0.02   0   4   4:38pm ESE 29.95   86
31   60.7  74.6   3:06pm  52.7   5:13am    6    1  0.09   0   7   1:04pm ESE 29.88   74
---------------------------------------------------------------------------------------
TOT  55.4  84.6  5/28/17  37.2   5/2/17  342   38  4.37   0  11  5/11/17 WNW 30.02   80

HEAT BASE: 65.0
COOL BASE: 65.0