NOAA-Style Climate Reports


Report for 2017 April
                  MONTHLY CLIMATOLOGICAL SUMMARY FOR 4/2017
                                        HEAT  COOL        
     MEAN                               DEG   DEG       WIND SPEED       DOM MEAN  MEAN
DAY  TEMP  HIGH   TIME     LOW   TIME   DAYS  DAYS RAIN AVG  HI  TIME    DIR BAROM HUM
---------------------------------------------------------------------------------------
1    47.9  52.5   3:00pm  45.6  11:38pm   17    0  0.25   0   5   2:30am  SE 30.21   93
2    43.4  51.6   2:49pm  38.1   5:33am   22    0  0.15   0   6  11:12am  SE 30.29   91
3    44.7  55.7   2:17pm  39.0   6:37am   20    0  0.00   0   8   3:02pm WNW 30.21   81
4    49.6  62.6   2:57pm  38.6   2:56am   15    0  0.03   1  11   2:16pm  SE 29.97   67
5    48.3  51.0   6:15pm  45.8  11:58pm   17    0  0.53   0  13   1:20am ESE 29.91   95
6    48.4  53.9   1:45pm  44.8   2:55am   17    0  0.34   0   7   6:26am   S 29.66   96
7    48.9  56.0  12:42pm  44.4  11:23pm   16    0  0.45   2  19   2:37pm ESE 29.34   84
8    44.8  50.8   2:34pm  40.8   5:27am   20    0  0.05   1  10  10:41am  SE 29.88   81
9    45.7  57.0   2:53pm  35.2   5:22am   19    0  0.00   1   9   9:39am  SE 30.04   71
10   45.3  51.7   2:16pm  40.6   5:10am   20    0  0.37   1  12   1:28am ESE 30.04   84
11   46.3  59.4   2:51pm  33.2   5:46am   19    0  0.00   1   7   3:20pm WNW 29.96   77
12   49.3  58.4   2:07pm  45.0   6:26am   16    0  1.03   0   8  10:54am  SE 29.69   94
13   45.8  53.4   3:05pm  41.8   6:49am   19    0  0.33   1  13   3:00pm  SE 29.81   91
14   45.3  55.7   1:12pm  38.8   5:23am   20    0  0.00   1  11  12:32pm ESE 30.12   81
15   46.0  58.6   2:23pm  37.3   5:41am   19    0  0.00   0   7  10:38am  SE 30.22   76
16   49.8  66.0   2:53pm  32.9   6:37am   15    0  0.00   0   6   1:21pm  SE 29.89   67
17   53.0  59.8   1:20pm  49.0  11:11pm   12    0  0.06   1  10  10:45am  SE 29.82   77
18   49.8  60.1   2:07pm  45.4  11:58pm   15    0  0.44   1  10  11:31am  SE 29.96   92
19   47.5  52.8   4:40pm  42.3   5:55am   18    0  0.65   0  10   8:58am  SE 30.04   95
20   49.4  58.7   1:31pm  42.6   6:21am   16    0  0.11   1  10  10:56am ESE 30.21   87
21   52.9  67.0   2:49pm  38.3   6:23am   12    0  0.00   1   7   7:03pm  SE 30.26   72
22   53.4  63.0  10:32am  46.7   2:06am   11    0  0.09   1  10  10:10am  SE 29.86   74
23   47.7  52.7  11:09am  44.0   5:43am   17    0  0.57   1   8   3:52pm  SE 29.87   93
24   48.3  55.3   2:12pm  43.4   6:48am   17    0  0.02   0   6   2:12pm WNW 29.76   87
25   49.8  53.7  12:31pm  47.8   5:41am    8    0  0.02   1  13   3:04am ESE 29.78   86
26   47.5  53.7  12:31pm  41.7  11:36pm   17    0  0.89   1  13   3:04am  SE 29.84   91
27   45.8  55.8   1:13pm  40.5   4:38am   19    0  0.01   0   6  10:32am  NW 30.07   86
28   47.3  57.0  12:58pm  42.4  11:55pm   17    0  0.04   0   6  12:29pm SSE 30.30   87
29   46.4  54.9   2:32pm  37.7   4:33am   19    0  0.20   0   8   5:29pm  SE 30.21   88
30   47.5  52.6   1:27pm  44.2  11:37pm   17    0  0.22   0   9  12:41am  SE 30.24   96
---------------------------------------------------------------------------------------
TOT  47.9  67.0  4/21/17  32.9  4/16/17  505    0  6.83   1  16   4/7/17  SE 29.99   85

HEAT BASE: 65.0
COOL BASE: 65.0