NOAA-Style Climate Reports


Report for 2017 February
                  MONTHLY CLIMATOLOGICAL SUMMARY FOR 2/2017
                                        HEAT  COOL        
     MEAN                               DEG   DEG       WIND SPEED       DOM MEAN  MEAN
DAY  TEMP  HIGH   TIME     LOW   TIME   DAYS  DAYS RAIN AVG  HI  TIME    DIR BAROM HUM
---------------------------------------------------------------------------------------
1    31.7  42.1   1:36pm  25.4   8:30am   33    0  0.00   1   9   2:49pm  SE 30.30   65
2    31.2  42.0   1:31pm  22.6   7:30am   34    0  0.00   0  13  10:21pm ESE 30.13   56
3    33.8  36.6   1:07pm  31.3  12:38am   31    0  0.68   1  10   4:50pm  SE 29.57   94
4    39.6  42.9   1:24pm  35.2  12:00am   56    0  0.83   1  15   8:11pm ESE 29.62   98
5    35.3  39.8  12:00am  32.4  10:25pm   30    0  0.28   1  10   2:19am ESE 29.53   97
6    32.6  34.6   4:11pm  30.2   5:00am   32    0  0.11   0   9   5:54pm ESE 29.51   97
7    32.2  35.8   2:31pm  28.4   7:01am   33    0  0.08   0   4  10:56am SSW 29.76   97
8    34.2  38.6  11:38pm  31.7   4:50am   31    0  0.95   0  11   8:34pm ESE 29.81   99
9    46.3  52.2   1:56pm  38.6  12:00am   19    0  1.97   1  15   1:34pm ESE 29.38   98
10   42.5  46.0   9:27am  39.3  11:20pm   22    0  0.12   1  20   1:20pm ESE 29.83   89
11   36.7  46.0   3:03pm  30.8   3:35am   20    0  0.00   0   5   2:12pm WNW 30.45   90
12   36.3  46.0   3:03pm  30.7  11:34pm   28    0  0.00   0   5   2:12pm WNW 30.43   91
13   37.8  51.2   1:47pm  28.4   6:53am   27    0  0.00   0   5  10:26am WNW 30.23   88
14   45.3  61.2   1:16pm  31.1   6:21am   20    0  0.11   1  11   2:42pm  SE 30.00   67
15   47.0  48.4   2:34pm  43.6  12:44am   18    0  1.95   2  14   5:10pm ESE 29.64   98
16   48.4  52.2   1:01pm  46.1  10:04pm   17    0  0.84   1  10  12:00am ESE 29.50   92
17   45.3  54.0   1:42pm  39.3   7:35am   20    0  0.00   0   9   1:24am WNW 29.64   85
18   41.8  43.7   1:41pm  39.9   7:40am   22    0  0.19   0   6   3:20pm ESE 29.43   97
19   41.4  46.1  11:28am  37.6   6:25am   45    0  0.15   1  14   1:12pm ESE 29.48   96
20   41.1  43.4  12:50pm  39.0   7:20am   24    0  0.33   0   6   5:28pm ESE 29.60   98
21   39.8  45.1   1:40pm  37.0   1:47am   25    0  0.08   0   5   9:47am WNW 29.90   97
22   36.8  43.8  12:58pm  31.5   9:08pm   28    0  0.05   0   7  12:33pm  SE 30.18   96
23   35.0  40.3   4:16pm  32.2   8:03pm   30    0  0.01   0   5   2:29pm  SE 30.22   94
24   35.4  43.4   2:17pm  29.3  10:35pm   30    0  0.02   0   9  11:54am  SE 30.18   85
25   35.8  43.1   1:59pm  28.3   5:22am   29    0  0.09   0   8  10:32pm ESE 30.14   85
26   35.5  40.1   3:17pm  32.5   6:06am   30    0  0.68   0   7   4:23am  SE 29.73   98
27   33.5  38.5   2:54pm  32.3   8:17am   32    0  0.18   0   7   3:41pm  SE 29.73   98
28   36.2  41.3  11:21pm  31.7   5:43am   29    0  0.27   1  12  11:55pm  SE 30.04   95
---------------------------------------------------------------------------------------
TOT  38.3  61.2  2/14/17  22.6   2/2/17  792    0  9.97   0  20  2/10/17 ESE 29.86   91

HEAT BASE: 65.0
COOL BASE: 65.0